{"id":6182,"date":"2021-05-20T08:31:07","date_gmt":"2021-05-20T08:31:07","guid":{"rendered":"https:\/\/www.inmobiliariacoll.com\/property\/apartamento-con-espectaculares-vistas-a-la-bahia-y-al-mar-abierto\/"},"modified":"2024-09-17T10:26:57","modified_gmt":"2024-09-17T10:26:57","slug":"apartamento-con-espectaculares-vistas-a-la-bahia-y-al-mar-abierto","status":"publish","type":"property","link":"https:\/\/www.inmobiliariacoll.com\/en\/property\/apartamento-con-espectaculares-vistas-a-la-bahia-y-al-mar-abierto\/","title":{"rendered":"Apartment with spectacular views of the bay and the open sea"},"content":{"rendered":"\n<p>Apartamento totalmente renovado con materiales de alta calidad en una ubicaci\u00f3n extraordinaria del Puerto de S\u00f3ller. Se distribuye en un amplio y luminoso sal\u00f3n-comedor con moderna cocina abierta, 2 dormitorios dobles con sus respectivos ba\u00f1os en suite y acceso directo a las terrazas que rodean la propiedad y una amplia coladur\u00eda. Cabe la posibilidad de hacer una tercera habitaci\u00f3n. El equipamiento incluye calefacci\u00f3n central, preinstalaci\u00f3n de aire acondicionado, ventanas de PVC con doble acristalamiento. La propiedad dispone tambi\u00e9n de una plaza de parking y una piscina comunitaria con solarium. Sin duda, una propiedad de ensue\u00f1o donde disfrutar de unas increibles vistas al mar, al puerto y de magn\u00edficas puestas de sol.<\/p>\n","protected":false},"excerpt":{"rendered":"<p>Apartamento totalmente renovado con materiales de alta calidad en una ubicaci\u00f3n extraordinaria del Puerto de S\u00f3ller. Se distribuye en un amplio y luminoso sal\u00f3n-comedor con moderna cocina abierta, 2 dormitorios dobles con sus respectivos ba\u00f1os en suite y acceso directo a las terrazas que rodean la propiedad y una amplia coladur\u00eda. Cabe la posibilidad de [&hellip;]<\/p>\n","protected":false},"author":3,"featured_media":6148,"parent":0,"menu_order":0,"template":"","property_type":[23],"property_status":[26],"property_feature":[],"property_label":[209,179],"property_country":[15],"property_state":[14],"property_city":[35],"property_area":[],"class_list":["post-6182","property","type-property","status-publish","has-post-thumbnail","hentry","property_type-flat","property_status-sales","property_label-reserved","property_label-sold","property_country-spain","property_state-majorca","property_city-puerto-de-soller"],"property_meta":{"fave_property_price":["1700000"],"fave_property_size":["120"],"fave_property_land":["184"],"fave_property_bedrooms":["2"],"fave_property_bathrooms":["2"],"fave_property_id":["62024"],"fave_property_map":["1"],"fave_property_location":["25.68654,-80.431345,15"],"houzez_geolocation_lat":["25.68654"],"houzez_geolocation_long":["-80.431345"],"fave_property_map_street_view":["hide"],"fave_featured":["0"],"fave_loggedintoview":["0"],"fave_agent_display_option":["author_info"],"fave_agents":["-1"],"fave_property_agency":["-1"],"fave_prop_homeslider":["no"],"fave_single_top_area":["global"],"fave_single_content_area":["global"],"additional_features":["a:1:{i:0;a:1:{s:29:\"fave_additional_feature_title\";s:30:\"plaza de parking exterior, s\u00ed\";}}"],"rs_page_bg_color":[""],"houzez_manual_expire":["0"],"_houzez_expiration_date_status":["saved"],"_wpml_media_duplicate":["1"],"_wpml_media_featured":["1"],"_edit_lock":["1625657312:3"],"_last_translation_edit_mode":["translation-editor"],"_edit_last":["3"],"fave_property_images":["6148","6168","6140","6160","6164","6176","6144","6152","6156","6172"],"houzez_total_property_views":["215"],"houzez_views_by_date":["a:61:{s:10:\"08-03-2024\";i:1;s:10:\"08-06-2024\";i:1;s:10:\"09-05-2024\";i:1;s:10:\"09-13-2024\";i:1;s:10:\"09-17-2024\";i:1;s:10:\"09-19-2024\";i:1;s:10:\"11-01-2024\";i:1;s:10:\"11-10-2024\";i:1;s:10:\"11-19-2024\";i:1;s:10:\"12-25-2024\";i:1;s:10:\"01-01-2025\";i:1;s:10:\"01-08-2025\";i:1;s:10:\"01-11-2025\";i:1;s:10:\"01-14-2025\";i:1;s:10:\"01-18-2025\";i:1;s:10:\"01-21-2025\";i:1;s:10:\"01-30-2025\";i:1;s:10:\"02-02-2025\";i:1;s:10:\"02-10-2025\";i:1;s:10:\"02-11-2025\";i:2;s:10:\"03-06-2025\";i:1;s:10:\"03-26-2025\";i:1;s:10:\"04-04-2025\";i:1;s:10:\"04-17-2025\";i:1;s:10:\"04-26-2025\";i:1;s:10:\"04-30-2025\";i:1;s:10:\"05-02-2025\";i:1;s:10:\"05-10-2025\";i:1;s:10:\"05-22-2025\";i:1;s:10:\"06-03-2025\";i:1;s:10:\"06-11-2025\";i:1;s:10:\"08-12-2025\";i:1;s:10:\"08-26-2025\";i:1;s:10:\"08-28-2025\";i:1;s:10:\"09-06-2025\";i:1;s:10:\"09-11-2025\";i:2;s:10:\"09-12-2025\";i:1;s:10:\"09-20-2025\";i:1;s:10:\"09-23-2025\";i:1;s:10:\"09-25-2025\";i:1;s:10:\"09-27-2025\";i:1;s:10:\"10-10-2025\";i:1;s:10:\"10-20-2025\";i:1;s:10:\"10-23-2025\";i:1;s:10:\"10-25-2025\";i:1;s:10:\"10-26-2025\";i:1;s:10:\"10-29-2025\";i:1;s:10:\"11-13-2025\";i:1;s:10:\"11-19-2025\";i:1;s:10:\"12-03-2025\";i:1;s:10:\"12-04-2025\";i:2;s:10:\"12-05-2025\";i:1;s:10:\"12-10-2025\";i:1;s:10:\"01-10-2026\";i:1;s:10:\"01-18-2026\";i:1;s:10:\"03-06-2026\";i:1;s:10:\"03-08-2026\";i:2;s:10:\"03-09-2026\";i:1;s:10:\"03-26-2026\";i:1;s:10:\"03-28-2026\";i:1;s:10:\"04-13-2026\";i:1;}"],"houzez_recently_viewed":["2026-04-13 13:33:33"],"_thumbnail_id":["6148"]},"_links":{"self":[{"href":"https:\/\/www.inmobiliariacoll.com\/en\/wp-json\/wp\/v2\/properties\/6182","targetHints":{"allow":["GET"]}}],"collection":[{"href":"https:\/\/www.inmobiliariacoll.com\/en\/wp-json\/wp\/v2\/properties"}],"about":[{"href":"https:\/\/www.inmobiliariacoll.com\/en\/wp-json\/wp\/v2\/types\/property"}],"author":[{"embeddable":true,"href":"https:\/\/www.inmobiliariacoll.com\/en\/wp-json\/wp\/v2\/users\/3"}],"version-history":[{"count":2,"href":"https:\/\/www.inmobiliariacoll.com\/en\/wp-json\/wp\/v2\/properties\/6182\/revisions"}],"predecessor-version":[{"id":13977,"href":"https:\/\/www.inmobiliariacoll.com\/en\/wp-json\/wp\/v2\/properties\/6182\/revisions\/13977"}],"wp:featuredmedia":[{"embeddable":true,"href":"https:\/\/www.inmobiliariacoll.com\/en\/wp-json\/wp\/v2\/media\/6148"}],"wp:attachment":[{"href":"https:\/\/www.inmobiliariacoll.com\/en\/wp-json\/wp\/v2\/media?parent=6182"}],"wp:term":[{"taxonomy":"property_type","embeddable":true,"href":"https:\/\/www.inmobiliariacoll.com\/en\/wp-json\/wp\/v2\/property_type?post=6182"},{"taxonomy":"property_status","embeddable":true,"href":"https:\/\/www.inmobiliariacoll.com\/en\/wp-json\/wp\/v2\/property_status?post=6182"},{"taxonomy":"property_feature","embeddable":true,"href":"https:\/\/www.inmobiliariacoll.com\/en\/wp-json\/wp\/v2\/property_feature?post=6182"},{"taxonomy":"property_label","embeddable":true,"href":"https:\/\/www.inmobiliariacoll.com\/en\/wp-json\/wp\/v2\/property_label?post=6182"},{"taxonomy":"property_country","embeddable":true,"href":"https:\/\/www.inmobiliariacoll.com\/en\/wp-json\/wp\/v2\/property_country?post=6182"},{"taxonomy":"property_state","embeddable":true,"href":"https:\/\/www.inmobiliariacoll.com\/en\/wp-json\/wp\/v2\/property_state?post=6182"},{"taxonomy":"property_city","embeddable":true,"href":"https:\/\/www.inmobiliariacoll.com\/en\/wp-json\/wp\/v2\/property_city?post=6182"},{"taxonomy":"property_area","embeddable":true,"href":"https:\/\/www.inmobiliariacoll.com\/en\/wp-json\/wp\/v2\/property_area?post=6182"}],"curies":[{"name":"wp","href":"https:\/\/api.w.org\/{rel}","templated":true}]}}

<p>Apartamento totalmente renovado con materiales de alta calidad en una ubicación extraordinaria del Puerto de Sóller. Se distribuye en un amplio y luminoso salón-comedor con moderna cocina abierta, 2 dormitorios dobles con sus respectivos baños en suite y acceso directo a las terrazas que rodean la propiedad y una amplia coladuría. Cabe la posibilidad de hacer una tercera habitación. El equipamiento incluye calefacción central, preinstalación de aire acondicionado, ventanas de PVC con doble acristalamiento. La propiedad dispone también de una plaza de parking y una piscina comunitaria con solarium. Sin duda, una propiedad de ensueño donde disfrutar de unas increibles vistas al mar, al puerto y de magníficas puestas de sol.</p>

<p>Apartamento totalmente renovado con materiales de alta calidad en una ubicación extraordinaria del Puerto de Sóller. Se distribuye en un amplio y luminoso salón-comedor con moderna cocina abierta, 2 dormitorios dobles con sus respectivos baños en suite y acceso directo a las terrazas que rodean la propiedad y una amplia coladuría. Cabe la posibilidad de [&hellip;]</p>

a:1:{i:0;a:1:{s:29:"fave_additional_feature_title";s:30:"plaza de parking exterior, sí";}}
