{"id":9165,"date":"2022-07-11T12:16:58","date_gmt":"2022-07-11T12:16:58","guid":{"rendered":"https:\/\/www.inmobiliariacoll.com\/property\/espacioso-duplex-con-terraza-y-fantasticas-vistas-cerca-de-la-playa\/"},"modified":"2022-09-14T10:53:23","modified_gmt":"2022-09-14T10:53:23","slug":"espacioso-duplex-con-terraza-y-fantasticas-vistas-cerca-de-la-playa","status":"publish","type":"property","link":"https:\/\/www.inmobiliariacoll.com\/de\/property\/espacioso-duplex-con-terraza-y-fantasticas-vistas-cerca-de-la-playa\/","title":{"rendered":"Ger\u00e4umige Maisonette mit Terrasse und fantastischer Aussicht in Strandn\u00e4he"},"content":{"rendered":"\n<p>Diese sch\u00f6ne Maisonette besteht aus 174 m2, verteilt auf 2 Etagen, und befindet sich in einem sehr guten Servicebereich, nur wenige Meter vom Strand entfernt. Das Innere des Anwesens ist direkt \u00fcber einen Aufzug \/ Aufzug erreichbar, das Erdgeschoss ist aufgeteilt in Wohnzimmer, voll ausgestattete K\u00fcche, Hauswirtschaftsraum, WC, gro\u00dfes Hauptschlafzimmer mit Bad en suite, Hydromassage-Dusche, gro\u00dfe Schr\u00e4nke, Mezzanine und Klimaanlage , zweites Schlafzimmer mit Dachboden und gro\u00dfen Schr\u00e4nken. Das Obergeschoss ist ein offener Raum, der als Arbeitszimmer genutzt werden kann, mit Schlafbereich, Badezimmer en suite und Jacuzzi f\u00fcr zwei Personen. Von hier aus hat man Zugang zu einem Zwischengeschoss und einer Terrasse mit fantastischem Blick \u00fcber die Bucht von Puerto de S\u00f3ller. Der perfekte Ort f\u00fcr diejenigen, die das ganze Jahr \u00fcber am Meer oder als Zweitwohnsitz leben m\u00f6chten<\/p>\n","protected":false},"excerpt":{"rendered":"<p>Diese sch\u00f6ne Maisonette besteht aus 174 m2, verteilt auf 2 Etagen, und befindet sich in einem sehr guten Servicebereich, nur wenige Meter vom Strand entfernt. Das Innere des Anwesens ist direkt \u00fcber einen Aufzug \/ Aufzug erreichbar, das Erdgeschoss ist aufgeteilt in Wohnzimmer, voll ausgestattete K\u00fcche, Hauswirtschaftsraum, WC, gro\u00dfes Hauptschlafzimmer mit Bad en suite, Hydromassage-Dusche, [&hellip;]<\/p>\n","protected":false},"author":3,"featured_media":9070,"parent":0,"menu_order":0,"template":"","property_type":[130],"property_status":[78],"property_feature":[],"property_label":[184],"property_country":[156],"property_state":[159],"property_city":[129],"property_area":[],"class_list":["post-9165","property","type-property","status-publish","has-post-thumbnail","hentry","property_type-piso","property_status-alquiler","property_label-alquilado","property_country-espana","property_state-mallorca","property_city-puerto-de-soller-es"],"property_meta":{"fave_property_price":["1500"],"fave_property_size":["174"],"fave_property_bedrooms":["3"],"fave_property_bathrooms":["3"],"fave_property_id":["90128"],"fave_property_map":["1"],"fave_property_location":["25.68654,-80.431345,15"],"houzez_geolocation_lat":["25.68654"],"houzez_geolocation_long":["-80.431345"],"fave_property_map_street_view":["hide"],"fave_featured":["0"],"fave_loggedintoview":["0"],"fave_agent_display_option":["author_info"],"fave_agents":["-1"],"fave_property_agency":["-1"],"fave_prop_homeslider":["no"],"fave_single_top_area":["global"],"fave_single_content_area":["global"],"rs_page_bg_color":[""],"houzez_manual_expire":["0"],"_houzez_expiration_date_status":["saved"],"_wpml_media_duplicate":["1"],"_wpml_media_featured":["1"],"_thumbnail_id":["9070"],"_edit_lock":["1663152803:3"],"_last_translation_edit_mode":["translation-editor"],"_edit_last":["3"],"fave_property_images":["9067","9088","9092","9144","9100","9104","9112","9155","9096","9084","9080","9072","9076","9148","9120"],"houzez_total_property_views":["121"],"houzez_views_by_date":["a:61:{s:10:\"12-17-2023\";i:1;s:10:\"12-30-2023\";i:1;s:10:\"01-20-2024\";i:1;s:10:\"02-03-2024\";i:1;s:10:\"02-05-2024\";i:1;s:10:\"02-24-2024\";i:1;s:10:\"03-12-2024\";i:1;s:10:\"03-30-2024\";i:1;s:10:\"04-07-2024\";i:1;s:10:\"04-08-2024\";i:1;s:10:\"04-11-2024\";i:1;s:10:\"04-25-2024\";i:1;s:10:\"04-26-2024\";i:1;s:10:\"05-08-2024\";i:1;s:10:\"05-25-2024\";i:1;s:10:\"05-28-2024\";i:1;s:10:\"05-31-2024\";i:1;s:10:\"06-05-2024\";i:1;s:10:\"06-08-2024\";i:1;s:10:\"06-12-2024\";i:1;s:10:\"06-24-2024\";i:1;s:10:\"06-27-2024\";i:1;s:10:\"08-22-2024\";i:1;s:10:\"09-05-2024\";i:1;s:10:\"09-13-2024\";i:1;s:10:\"09-30-2024\";i:1;s:10:\"11-01-2024\";i:1;s:10:\"11-20-2024\";i:2;s:10:\"11-21-2024\";i:2;s:10:\"01-12-2025\";i:1;s:10:\"01-14-2025\";i:1;s:10:\"01-17-2025\";i:1;s:10:\"01-21-2025\";i:1;s:10:\"02-08-2025\";i:1;s:10:\"02-11-2025\";i:1;s:10:\"03-06-2025\";i:1;s:10:\"03-26-2025\";i:1;s:10:\"03-30-2025\";i:1;s:10:\"04-02-2025\";i:2;s:10:\"04-05-2025\";i:1;s:10:\"05-01-2025\";i:1;s:10:\"05-22-2025\";i:1;s:10:\"06-04-2025\";i:1;s:10:\"08-12-2025\";i:1;s:10:\"08-19-2025\";i:2;s:10:\"08-27-2025\";i:2;s:10:\"09-03-2025\";i:1;s:10:\"09-11-2025\";i:1;s:10:\"09-12-2025\";i:1;s:10:\"09-17-2025\";i:1;s:10:\"09-23-2025\";i:1;s:10:\"09-25-2025\";i:2;s:10:\"10-05-2025\";i:1;s:10:\"10-07-2025\";i:1;s:10:\"10-09-2025\";i:1;s:10:\"11-13-2025\";i:1;s:10:\"11-17-2025\";i:1;s:10:\"01-12-2026\";i:1;s:10:\"01-17-2026\";i:1;s:10:\"03-05-2026\";i:1;s:10:\"04-12-2026\";i:1;}"],"houzez_recently_viewed":["2026-04-12 08:05:53"]},"_links":{"self":[{"href":"https:\/\/www.inmobiliariacoll.com\/de\/wp-json\/wp\/v2\/properties\/9165","targetHints":{"allow":["GET"]}}],"collection":[{"href":"https:\/\/www.inmobiliariacoll.com\/de\/wp-json\/wp\/v2\/properties"}],"about":[{"href":"https:\/\/www.inmobiliariacoll.com\/de\/wp-json\/wp\/v2\/types\/property"}],"author":[{"embeddable":true,"href":"https:\/\/www.inmobiliariacoll.com\/de\/wp-json\/wp\/v2\/users\/3"}],"version-history":[{"count":1,"href":"https:\/\/www.inmobiliariacoll.com\/de\/wp-json\/wp\/v2\/properties\/9165\/revisions"}],"predecessor-version":[{"id":9182,"href":"https:\/\/www.inmobiliariacoll.com\/de\/wp-json\/wp\/v2\/properties\/9165\/revisions\/9182"}],"wp:featuredmedia":[{"embeddable":true,"href":"https:\/\/www.inmobiliariacoll.com\/de\/wp-json\/wp\/v2\/media\/9070"}],"wp:attachment":[{"href":"https:\/\/www.inmobiliariacoll.com\/de\/wp-json\/wp\/v2\/media?parent=9165"}],"wp:term":[{"taxonomy":"property_type","embeddable":true,"href":"https:\/\/www.inmobiliariacoll.com\/de\/wp-json\/wp\/v2\/property_type?post=9165"},{"taxonomy":"property_status","embeddable":true,"href":"https:\/\/www.inmobiliariacoll.com\/de\/wp-json\/wp\/v2\/property_status?post=9165"},{"taxonomy":"property_feature","embeddable":true,"href":"https:\/\/www.inmobiliariacoll.com\/de\/wp-json\/wp\/v2\/property_feature?post=9165"},{"taxonomy":"property_label","embeddable":true,"href":"https:\/\/www.inmobiliariacoll.com\/de\/wp-json\/wp\/v2\/property_label?post=9165"},{"taxonomy":"property_country","embeddable":true,"href":"https:\/\/www.inmobiliariacoll.com\/de\/wp-json\/wp\/v2\/property_country?post=9165"},{"taxonomy":"property_state","embeddable":true,"href":"https:\/\/www.inmobiliariacoll.com\/de\/wp-json\/wp\/v2\/property_state?post=9165"},{"taxonomy":"property_city","embeddable":true,"href":"https:\/\/www.inmobiliariacoll.com\/de\/wp-json\/wp\/v2\/property_city?post=9165"},{"taxonomy":"property_area","embeddable":true,"href":"https:\/\/www.inmobiliariacoll.com\/de\/wp-json\/wp\/v2\/property_area?post=9165"}],"curies":[{"name":"wp","href":"https:\/\/api.w.org\/{rel}","templated":true}]}}

Geräumige Maisonette mit Terrasse und fantastischer Aussicht in Strandnähe

<p>Diese schöne Maisonette besteht aus 174 m2, verteilt auf 2 Etagen, und befindet sich in einem sehr guten Servicebereich, nur wenige Meter vom Strand entfernt. Das Innere des Anwesens ist direkt über einen Aufzug / Aufzug erreichbar, das Erdgeschoss ist aufgeteilt in Wohnzimmer, voll ausgestattete Küche, Hauswirtschaftsraum, WC, großes Hauptschlafzimmer mit Bad en suite, Hydromassage-Dusche, große Schränke, Mezzanine und Klimaanlage , zweites Schlafzimmer mit Dachboden und großen Schränken. Das Obergeschoss ist ein offener Raum, der als Arbeitszimmer genutzt werden kann, mit Schlafbereich, Badezimmer en suite und Jacuzzi für zwei Personen. Von hier aus hat man Zugang zu einem Zwischengeschoss und einer Terrasse mit fantastischem Blick über die Bucht von Puerto de Sóller. Der perfekte Ort für diejenigen, die das ganze Jahr über am Meer oder als Zweitwohnsitz leben möchten</p>

<p>Diese schöne Maisonette besteht aus 174 m2, verteilt auf 2 Etagen, und befindet sich in einem sehr guten Servicebereich, nur wenige Meter vom Strand entfernt. Das Innere des Anwesens ist direkt über einen Aufzug / Aufzug erreichbar, das Erdgeschoss ist aufgeteilt in Wohnzimmer, voll ausgestattete Küche, Hauswirtschaftsraum, WC, großes Hauptschlafzimmer mit Bad en suite, Hydromassage-Dusche, [&hellip;]</p>
