{"id":9057,"date":"2022-06-15T11:04:45","date_gmt":"2022-06-15T11:04:45","guid":{"rendered":"https:\/\/www.inmobiliariacoll.com\/property\/finca-con-casa-de-piedra-terreno-y-fantasticas-vistas-en-soller\/"},"modified":"2022-06-15T11:21:16","modified_gmt":"2022-06-15T11:21:16","slug":"finca-con-casa-de-piedra-terreno-y-fantasticas-vistas-en-soller","status":"publish","type":"property","link":"https:\/\/www.inmobiliariacoll.com\/de\/property\/finca-con-casa-de-piedra-terreno-y-fantasticas-vistas-en-soller\/","title":{"rendered":"Finca mit Steinhaus, Grundst\u00fcck und fantastischem Blick in S\u00f3ller"},"content":{"rendered":"\n<p>Diese sch\u00f6ne Finca befindet sich in einer sehr ruhigen und sonnigen Gegend, nicht weit vom Zentrum von S\u00f3ller entfernt. Vom Vorgarten mit einem alten Brunnen und durch eine alte Holzt\u00fcr gelangen Sie zum Haupteingang des Hauses, wo Steinb\u00f6den, Holzbalken, B\u00f6gen und schmiedeeiserne Gel\u00e4nder seinen enormen Charakter und seine Tradition widerspiegeln. Im Zwischengeschoss befindet sich eine voll ausgestattete K\u00fcche mit Speisekammer, ein WC und ein helles Wohn-Esszimmer mit Klimaanlage, von hier aus gelangt man auf die Terrassen und in den Garten. Auf der ersten Etage befinden sich die 3 Schlafzimmer mit einem gro\u00dfen Verteiler und einem gro\u00dfen Badezimmer. Das Obergeschoss bzw. Dachgeschoss bietet fantastische Ausblicke und M\u00f6glichkeiten f\u00fcr ein Arbeitszimmer oder f\u00fcr weitere R\u00e4ume. Das Land verf\u00fcgt \u00fcber mehrere Terrassen, einen Grillplatz, eine Zisterne, Wasser auf dem Grundst\u00fcck und einen spektakul\u00e4ren Blick auf die Berge, die das Grundst\u00fcck umgeben. Beachten Sie auch, dass es m\u00f6glich ist, ein Schwimmbad zu bauen, und dass sich neben dem Grundst\u00fcck auch ein Obstgarten mit einem zu reformierenden Haus und einem Brunnen befindet. Zweifellos eine Immobilie, deren Lage, Charme und Tradition sie zu einem besonderen Wohnort machen!<\/p>\n","protected":false},"excerpt":{"rendered":"<p>Diese sch\u00f6ne Finca befindet sich in einer sehr ruhigen und sonnigen Gegend, nicht weit vom Zentrum von S\u00f3ller entfernt. Vom Vorgarten mit einem alten Brunnen und durch eine alte Holzt\u00fcr gelangen Sie zum Haupteingang des Hauses, wo Steinb\u00f6den, Holzbalken, B\u00f6gen und schmiedeeiserne Gel\u00e4nder seinen enormen Charakter und seine Tradition widerspiegeln. Im Zwischengeschoss befindet sich eine [&hellip;]<\/p>\n","protected":false},"author":3,"featured_media":9005,"parent":0,"menu_order":0,"template":"","property_type":[136,75],"property_status":[148],"property_feature":[],"property_label":[],"property_country":[156],"property_state":[159],"property_city":[155],"property_area":[],"class_list":["post-9057","property","type-property","status-publish","has-post-thumbnail","hentry","property_type-casa","property_type-finca","property_status-venta","property_country-espana","property_state-mallorca","property_city-soller-es"],"property_meta":{"fave_property_price":["2500000"],"fave_property_size":["379"],"fave_property_land":["2026"],"fave_property_bedrooms":["5"],"fave_property_bathrooms":["2"],"fave_property_id":["20520"],"fave_property_map":["1"],"fave_property_location":["25.68654,-80.431345,15"],"houzez_geolocation_lat":["25.68654"],"houzez_geolocation_long":["-80.431345"],"fave_property_map_street_view":["hide"],"fave_featured":["0"],"fave_loggedintoview":["0"],"fave_agent_display_option":["author_info"],"fave_agents":["-1"],"fave_property_agency":["-1"],"fave_prop_homeslider":["no"],"fave_single_top_area":["global"],"fave_single_content_area":["global"],"rs_page_bg_color":[""],"houzez_manual_expire":["0"],"_houzez_expiration_date_status":["saved"],"_wpml_media_duplicate":["1"],"_wpml_media_featured":["1"],"_thumbnail_id":["9005"],"_edit_lock":["1713526206:3"],"_last_translation_edit_mode":["native-editor"],"_edit_last":["3"],"houzez_total_property_views":["143"],"houzez_views_by_date":["a:61:{s:10:\"05-16-2024\";i:1;s:10:\"05-21-2024\";i:1;s:10:\"05-24-2024\";i:1;s:10:\"05-25-2024\";i:1;s:10:\"05-27-2024\";i:1;s:10:\"05-29-2024\";i:1;s:10:\"05-31-2024\";i:1;s:10:\"06-05-2024\";i:1;s:10:\"06-08-2024\";i:1;s:10:\"06-12-2024\";i:1;s:10:\"06-24-2024\";i:1;s:10:\"06-27-2024\";i:2;s:10:\"07-12-2024\";i:1;s:10:\"08-22-2024\";i:3;s:10:\"09-05-2024\";i:1;s:10:\"09-07-2024\";i:1;s:10:\"09-08-2024\";i:1;s:10:\"09-13-2024\";i:1;s:10:\"11-02-2024\";i:1;s:10:\"11-12-2024\";i:1;s:10:\"11-20-2024\";i:2;s:10:\"12-25-2024\";i:1;s:10:\"01-08-2025\";i:1;s:10:\"01-10-2025\";i:1;s:10:\"01-12-2025\";i:1;s:10:\"01-17-2025\";i:1;s:10:\"01-21-2025\";i:1;s:10:\"02-08-2025\";i:1;s:10:\"02-11-2025\";i:1;s:10:\"03-04-2025\";i:1;s:10:\"03-06-2025\";i:1;s:10:\"03-22-2025\";i:1;s:10:\"03-26-2025\";i:1;s:10:\"04-05-2025\";i:1;s:10:\"04-30-2025\";i:1;s:10:\"05-05-2025\";i:1;s:10:\"05-27-2025\";i:1;s:10:\"05-29-2025\";i:1;s:10:\"06-05-2025\";i:1;s:10:\"08-05-2025\";i:1;s:10:\"08-16-2025\";i:1;s:10:\"08-21-2025\";i:1;s:10:\"09-03-2025\";i:1;s:10:\"09-11-2025\";i:3;s:10:\"09-12-2025\";i:1;s:10:\"09-23-2025\";i:1;s:10:\"09-24-2025\";i:1;s:10:\"09-25-2025\";i:1;s:10:\"09-30-2025\";i:1;s:10:\"10-05-2025\";i:1;s:10:\"10-10-2025\";i:1;s:10:\"11-16-2025\";i:1;s:10:\"11-17-2025\";i:1;s:10:\"11-19-2025\";i:1;s:10:\"12-03-2025\";i:1;s:10:\"01-12-2026\";i:1;s:10:\"01-18-2026\";i:1;s:10:\"01-28-2026\";i:1;s:10:\"02-23-2026\";i:1;s:10:\"03-12-2026\";i:1;s:10:\"03-23-2026\";i:1;}"],"houzez_recently_viewed":["2026-03-23 21:30:20"],"fave_property_images":["9050","8994","9026","9046","9018","9014","8998","9002","9010","9022","9030","9034","9038","9042","9006"]},"_links":{"self":[{"href":"https:\/\/www.inmobiliariacoll.com\/de\/wp-json\/wp\/v2\/properties\/9057","targetHints":{"allow":["GET"]}}],"collection":[{"href":"https:\/\/www.inmobiliariacoll.com\/de\/wp-json\/wp\/v2\/properties"}],"about":[{"href":"https:\/\/www.inmobiliariacoll.com\/de\/wp-json\/wp\/v2\/types\/property"}],"author":[{"embeddable":true,"href":"https:\/\/www.inmobiliariacoll.com\/de\/wp-json\/wp\/v2\/users\/3"}],"version-history":[{"count":1,"href":"https:\/\/www.inmobiliariacoll.com\/de\/wp-json\/wp\/v2\/properties\/9057\/revisions"}],"predecessor-version":[{"id":9062,"href":"https:\/\/www.inmobiliariacoll.com\/de\/wp-json\/wp\/v2\/properties\/9057\/revisions\/9062"}],"wp:featuredmedia":[{"embeddable":true,"href":"https:\/\/www.inmobiliariacoll.com\/de\/wp-json\/wp\/v2\/media\/9005"}],"wp:attachment":[{"href":"https:\/\/www.inmobiliariacoll.com\/de\/wp-json\/wp\/v2\/media?parent=9057"}],"wp:term":[{"taxonomy":"property_type","embeddable":true,"href":"https:\/\/www.inmobiliariacoll.com\/de\/wp-json\/wp\/v2\/property_type?post=9057"},{"taxonomy":"property_status","embeddable":true,"href":"https:\/\/www.inmobiliariacoll.com\/de\/wp-json\/wp\/v2\/property_status?post=9057"},{"taxonomy":"property_feature","embeddable":true,"href":"https:\/\/www.inmobiliariacoll.com\/de\/wp-json\/wp\/v2\/property_feature?post=9057"},{"taxonomy":"property_label","embeddable":true,"href":"https:\/\/www.inmobiliariacoll.com\/de\/wp-json\/wp\/v2\/property_label?post=9057"},{"taxonomy":"property_country","embeddable":true,"href":"https:\/\/www.inmobiliariacoll.com\/de\/wp-json\/wp\/v2\/property_country?post=9057"},{"taxonomy":"property_state","embeddable":true,"href":"https:\/\/www.inmobiliariacoll.com\/de\/wp-json\/wp\/v2\/property_state?post=9057"},{"taxonomy":"property_city","embeddable":true,"href":"https:\/\/www.inmobiliariacoll.com\/de\/wp-json\/wp\/v2\/property_city?post=9057"},{"taxonomy":"property_area","embeddable":true,"href":"https:\/\/www.inmobiliariacoll.com\/de\/wp-json\/wp\/v2\/property_area?post=9057"}],"curies":[{"name":"wp","href":"https:\/\/api.w.org\/{rel}","templated":true}]}}

Finca mit Steinhaus, Grundstück und fantastischem Blick in Sóller

<p>Diese schöne Finca befindet sich in einer sehr ruhigen und sonnigen Gegend, nicht weit vom Zentrum von Sóller entfernt. Vom Vorgarten mit einem alten Brunnen und durch eine alte Holztür gelangen Sie zum Haupteingang des Hauses, wo Steinböden, Holzbalken, Bögen und schmiedeeiserne Geländer seinen enormen Charakter und seine Tradition widerspiegeln. Im Zwischengeschoss befindet sich eine voll ausgestattete Küche mit Speisekammer, ein WC und ein helles Wohn-Esszimmer mit Klimaanlage, von hier aus gelangt man auf die Terrassen und in den Garten. Auf der ersten Etage befinden sich die 3 Schlafzimmer mit einem großen Verteiler und einem großen Badezimmer. Das Obergeschoss bzw. Dachgeschoss bietet fantastische Ausblicke und Möglichkeiten für ein Arbeitszimmer oder für weitere Räume. Das Land verfügt über mehrere Terrassen, einen Grillplatz, eine Zisterne, Wasser auf dem Grundstück und einen spektakulären Blick auf die Berge, die das Grundstück umgeben. Beachten Sie auch, dass es möglich ist, ein Schwimmbad zu bauen, und dass sich neben dem Grundstück auch ein Obstgarten mit einem zu reformierenden Haus und einem Brunnen befindet. Zweifellos eine Immobilie, deren Lage, Charme und Tradition sie zu einem besonderen Wohnort machen!</p>

<p>Diese schöne Finca befindet sich in einer sehr ruhigen und sonnigen Gegend, nicht weit vom Zentrum von Sóller entfernt. Vom Vorgarten mit einem alten Brunnen und durch eine alte Holztür gelangen Sie zum Haupteingang des Hauses, wo Steinböden, Holzbalken, Bögen und schmiedeeiserne Geländer seinen enormen Charakter und seine Tradition widerspiegeln. Im Zwischengeschoss befindet sich eine [&hellip;]</p>
