{"id":5893,"date":"2021-04-30T18:12:09","date_gmt":"2021-04-30T18:12:09","guid":{"rendered":"https:\/\/www.inmobiliariacoll.com\/property\/fantastica-casa-totalmente-reformada-en-fornalutx\/"},"modified":"2021-04-30T18:20:38","modified_gmt":"2021-04-30T18:20:38","slug":"fantastica-casa-totalmente-reformada-en-fornalutx","status":"publish","type":"property","link":"https:\/\/www.inmobiliariacoll.com\/de\/property\/fantastica-casa-totalmente-reformada-en-fornalutx\/","title":{"rendered":"Fantastisches Haus komplett renoviert in Fornalutx"},"content":{"rendered":"\n<p>Dieses typische Stadthaus wurde k\u00fcrzlich renoviert und unter Ber\u00fccksichtigung der traditionellen Elemente neu gestaltet, bietet jedoch einen zeitgem\u00e4\u00dfen Stil. Vom typischen Eingang mit Steinb\u00f6den, Holzbalken und originalen B\u00f6gen haben Sie Zugang zu einer modernen K\u00fcche mit Essbereich und Wohnzimmer sowie einer sch\u00f6nen und sonnigen, pflegeleichten Terrasse, auf der Sie die sch\u00f6ne Aussicht auf die Berge genie\u00dfen und im Whirlpool entspannen k\u00f6nnen . Im ersten und zweiten Stock finden wir vier Doppelzimmer mit eigenem Bad en suite. Im Untergeschoss des Hauses befindet sich ein Raum mit einem Kamin, der derzeit als Bar genutzt wird, aber auch als Spielzimmer genutzt werden kann, und ein gro\u00dfer Abstellraum, der als Keller genutzt wird. Das Anwesen ist voll klimatisiert und befindet sich in einer h\u00fcbschen Stra\u00dfe in Fornalutx, nicht weit vom zentralen Platz entfernt. Es besteht die M\u00f6glichkeit, ein Schwimmbad zu bauen<\/p>\n","protected":false},"excerpt":{"rendered":"<p>Dieses typische Stadthaus wurde k\u00fcrzlich renoviert und unter Ber\u00fccksichtigung der traditionellen Elemente neu gestaltet, bietet jedoch einen zeitgem\u00e4\u00dfen Stil. Vom typischen Eingang mit Steinb\u00f6den, Holzbalken und originalen B\u00f6gen haben Sie Zugang zu einer modernen K\u00fcche mit Essbereich und Wohnzimmer sowie einer sch\u00f6nen und sonnigen, pflegeleichten Terrasse, auf der Sie die sch\u00f6ne Aussicht auf die Berge [&hellip;]<\/p>\n","protected":false},"author":3,"featured_media":5876,"parent":0,"menu_order":0,"template":"","property_type":[137],"property_status":[149],"property_feature":[],"property_label":[180],"property_country":[157],"property_state":[161],"property_city":[169],"property_area":[],"class_list":["post-5893","property","type-property","status-publish","has-post-thumbnail","hentry","property_type-haus","property_status-verkauf","property_label-vendido","property_country-spanien","property_state-mallorca-de","property_city-fornalutx-de"],"property_meta":{"fave_property_price":["980000"],"fave_property_size":["267"],"fave_property_land":["52"],"fave_property_bedrooms":["5"],"fave_property_bathrooms":["4"],"fave_property_id":["01262"],"fave_property_map":["1"],"fave_property_location":["25.68654,-80.431345,15"],"houzez_geolocation_lat":["25.68654"],"houzez_geolocation_long":["-80.431345"],"fave_property_map_street_view":["hide"],"fave_featured":["0"],"fave_loggedintoview":["0"],"fave_agent_display_option":["author_info"],"fave_agents":["-1"],"fave_property_agency":["-1"],"fave_prop_homeslider":["no"],"fave_single_top_area":["global"],"fave_single_content_area":["global"],"additional_features":["a:1:{i:0;a:1:{s:29:\"fave_additional_feature_title\";s:10:\"jacuzzi si\";}}"],"rs_page_bg_color":[""],"houzez_manual_expire":["0"],"_houzez_expiration_date_status":["saved"],"_wpml_media_duplicate":["0"],"_wpml_media_featured":["0"],"_thumbnail_id":["5876"],"_edit_lock":["1619806842:3"],"_last_translation_edit_mode":["native-editor"],"_edit_last":["3"],"fave_property_images":["5873","5861","5877","5886","5881","5849","5865","5857","5845","5841","5869","5837"],"houzez_total_property_views":["255"],"houzez_views_by_date":["a:61:{s:10:\"02-13-2025\";i:1;s:10:\"02-15-2025\";i:2;s:10:\"02-16-2025\";i:1;s:10:\"02-19-2025\";i:1;s:10:\"02-21-2025\";i:1;s:10:\"02-23-2025\";i:1;s:10:\"02-26-2025\";i:1;s:10:\"02-28-2025\";i:1;s:10:\"03-03-2025\";i:1;s:10:\"03-05-2025\";i:1;s:10:\"03-06-2025\";i:1;s:10:\"03-07-2025\";i:1;s:10:\"03-10-2025\";i:1;s:10:\"03-12-2025\";i:1;s:10:\"03-14-2025\";i:1;s:10:\"03-17-2025\";i:1;s:10:\"03-19-2025\";i:1;s:10:\"03-23-2025\";i:2;s:10:\"03-25-2025\";i:1;s:10:\"03-26-2025\";i:1;s:10:\"03-28-2025\";i:1;s:10:\"03-31-2025\";i:1;s:10:\"04-02-2025\";i:1;s:10:\"04-04-2025\";i:1;s:10:\"04-05-2025\";i:1;s:10:\"04-12-2025\";i:1;s:10:\"04-18-2025\";i:1;s:10:\"04-28-2025\";i:1;s:10:\"04-29-2025\";i:1;s:10:\"05-01-2025\";i:1;s:10:\"05-04-2025\";i:1;s:10:\"05-08-2025\";i:1;s:10:\"05-22-2025\";i:1;s:10:\"06-06-2025\";i:1;s:10:\"06-27-2025\";i:1;s:10:\"06-29-2025\";i:1;s:10:\"07-03-2025\";i:1;s:10:\"07-26-2025\";i:1;s:10:\"08-12-2025\";i:1;s:10:\"09-01-2025\";i:1;s:10:\"09-06-2025\";i:1;s:10:\"09-10-2025\";i:1;s:10:\"09-11-2025\";i:1;s:10:\"09-12-2025\";i:1;s:10:\"09-23-2025\";i:1;s:10:\"09-25-2025\";i:1;s:10:\"09-26-2025\";i:1;s:10:\"10-02-2025\";i:1;s:10:\"10-10-2025\";i:1;s:10:\"10-26-2025\";i:1;s:10:\"11-09-2025\";i:1;s:10:\"11-13-2025\";i:1;s:10:\"11-16-2025\";i:1;s:10:\"11-19-2025\";i:1;s:10:\"12-10-2025\";i:1;s:10:\"12-30-2025\";i:1;s:10:\"01-11-2026\";i:1;s:10:\"01-12-2026\";i:1;s:10:\"01-18-2026\";i:1;s:10:\"03-03-2026\";i:1;s:10:\"03-20-2026\";i:1;}"],"houzez_recently_viewed":["2026-03-20 20:16:47"]},"_links":{"self":[{"href":"https:\/\/www.inmobiliariacoll.com\/de\/wp-json\/wp\/v2\/properties\/5893","targetHints":{"allow":["GET"]}}],"collection":[{"href":"https:\/\/www.inmobiliariacoll.com\/de\/wp-json\/wp\/v2\/properties"}],"about":[{"href":"https:\/\/www.inmobiliariacoll.com\/de\/wp-json\/wp\/v2\/types\/property"}],"author":[{"embeddable":true,"href":"https:\/\/www.inmobiliariacoll.com\/de\/wp-json\/wp\/v2\/users\/3"}],"version-history":[{"count":1,"href":"https:\/\/www.inmobiliariacoll.com\/de\/wp-json\/wp\/v2\/properties\/5893\/revisions"}],"predecessor-version":[{"id":5898,"href":"https:\/\/www.inmobiliariacoll.com\/de\/wp-json\/wp\/v2\/properties\/5893\/revisions\/5898"}],"wp:featuredmedia":[{"embeddable":true,"href":"https:\/\/www.inmobiliariacoll.com\/de\/wp-json\/wp\/v2\/media\/5876"}],"wp:attachment":[{"href":"https:\/\/www.inmobiliariacoll.com\/de\/wp-json\/wp\/v2\/media?parent=5893"}],"wp:term":[{"taxonomy":"property_type","embeddable":true,"href":"https:\/\/www.inmobiliariacoll.com\/de\/wp-json\/wp\/v2\/property_type?post=5893"},{"taxonomy":"property_status","embeddable":true,"href":"https:\/\/www.inmobiliariacoll.com\/de\/wp-json\/wp\/v2\/property_status?post=5893"},{"taxonomy":"property_feature","embeddable":true,"href":"https:\/\/www.inmobiliariacoll.com\/de\/wp-json\/wp\/v2\/property_feature?post=5893"},{"taxonomy":"property_label","embeddable":true,"href":"https:\/\/www.inmobiliariacoll.com\/de\/wp-json\/wp\/v2\/property_label?post=5893"},{"taxonomy":"property_country","embeddable":true,"href":"https:\/\/www.inmobiliariacoll.com\/de\/wp-json\/wp\/v2\/property_country?post=5893"},{"taxonomy":"property_state","embeddable":true,"href":"https:\/\/www.inmobiliariacoll.com\/de\/wp-json\/wp\/v2\/property_state?post=5893"},{"taxonomy":"property_city","embeddable":true,"href":"https:\/\/www.inmobiliariacoll.com\/de\/wp-json\/wp\/v2\/property_city?post=5893"},{"taxonomy":"property_area","embeddable":true,"href":"https:\/\/www.inmobiliariacoll.com\/de\/wp-json\/wp\/v2\/property_area?post=5893"}],"curies":[{"name":"wp","href":"https:\/\/api.w.org\/{rel}","templated":true}]}}

<p>Dieses typische Stadthaus wurde kürzlich renoviert und unter Berücksichtigung der traditionellen Elemente neu gestaltet, bietet jedoch einen zeitgemäßen Stil. Vom typischen Eingang mit Steinböden, Holzbalken und originalen Bögen haben Sie Zugang zu einer modernen Küche mit Essbereich und Wohnzimmer sowie einer schönen und sonnigen, pflegeleichten Terrasse, auf der Sie die schöne Aussicht auf die Berge genießen und im Whirlpool entspannen können . Im ersten und zweiten Stock finden wir vier Doppelzimmer mit eigenem Bad en suite. Im Untergeschoss des Hauses befindet sich ein Raum mit einem Kamin, der derzeit als Bar genutzt wird, aber auch als Spielzimmer genutzt werden kann, und ein großer Abstellraum, der als Keller genutzt wird. Das Anwesen ist voll klimatisiert und befindet sich in einer hübschen Straße in Fornalutx, nicht weit vom zentralen Platz entfernt. Es besteht die Möglichkeit, ein Schwimmbad zu bauen</p>

<p>Dieses typische Stadthaus wurde kürzlich renoviert und unter Berücksichtigung der traditionellen Elemente neu gestaltet, bietet jedoch einen zeitgemäßen Stil. Vom typischen Eingang mit Steinböden, Holzbalken und originalen Bögen haben Sie Zugang zu einer modernen Küche mit Essbereich und Wohnzimmer sowie einer schönen und sonnigen, pflegeleichten Terrasse, auf der Sie die schöne Aussicht auf die Berge [&hellip;]</p>
