{"id":15438,"date":"2026-08-31T15:09:20","date_gmt":"2026-08-31T15:09:20","guid":{"rendered":"https:\/\/www.inmobiliariacoll.com\/?post_type=property&#038;p=15438"},"modified":"2026-08-31T15:18:15","modified_gmt":"2026-08-31T15:18:15","slug":"renovado-primer-piso-cerca-del-centro-de-soller","status":"publish","type":"property","link":"https:\/\/www.inmobiliariacoll.com\/de\/property\/renovado-primer-piso-cerca-del-centro-de-soller\/","title":{"rendered":"Renovierte Wohnung in S\u00f3ller"},"content":{"rendered":"<p>Gem\u00fctliche Wohnung im ersten Stock nahe dem Zentrum von S\u00f3ller, ca. 80 m\u00b2, mit einer voll ausgestatteten offenen K\u00fcche, Wohn- und Essbereich, Speisekammer, 3 Schlafzimmern und einem Badezimmer. Die Wohnung verf\u00fcgt \u00fcber Parkettb\u00f6den, doppelt verglaste Fenster und Klimaanlage.<\/p>\n","protected":false},"excerpt":{"rendered":"<p>Gem\u00fctliche Wohnung im ersten Stock nahe dem Zentrum von S\u00f3ller, ca. 80 m\u00b2, mit einer voll ausgestatteten offenen K\u00fcche, Wohn- und Essbereich, Speisekammer, 3 Schlafzimmern und einem Badezimmer. Die Wohnung verf\u00fcgt \u00fcber Parkettb\u00f6den, doppelt verglaste Fenster und Klimaanlage.<\/p>\n","protected":false},"author":3,"featured_media":15423,"parent":0,"menu_order":0,"template":"","property_type":[132],"property_status":[149],"property_feature":[80],"property_label":[],"property_country":[157],"property_state":[161],"property_city":[174],"property_area":[],"class_list":["post-15438","property","type-property","status-publish","has-post-thumbnail","hentry","property_type-wohnung","property_status-verkauf","property_feature-air-conditioning-de","property_country-spanien","property_state-mallorca-de","property_city-soller-de"],"property_meta":{"fave_show_price_placeholder":["0"],"fave_property_map":["1"],"fave_property_location":["25.68654,-80.431345,15"],"houzez_geolocation_lat":["25.68654"],"houzez_geolocation_long":["-80.431345"],"fave_property_map_street_view":["hide"],"houzez_featured_listing_date":[""],"fave_loggedintoview":["0"],"fave_prop_homeslider":["no"],"fave_single_content_area":["global"],"houzez_manual_expire":["0"],"_houzez_expiration_date_status":["saved"],"_wpml_media_duplicate":["1"],"_wpml_media_featured":["1"],"_wpml_word_count":["54"],"fave_property_price":["390000"],"fave_property_size":["80"],"fave_property_bedrooms":["3"],"fave_property_bathrooms":["1"],"_thumbnail_id":["15423"],"_edit_lock":["1788190723:3"],"_edit_last":["3"],"_last_translation_edit_mode":["native-editor"],"fave_featured":["0"],"fave_property_images":["15416","15420","15424","15428","15432"],"fave_agent_display_option":["author_info"],"fave_single_top_area":["global"],"houzez_total_property_views":["5"],"houzez_views_by_date":["a:2:{s:10:\"08-31-2026\";i:2;s:10:\"09-01-2026\";i:3;}"],"houzez_recently_viewed":["2026-09-01 07:40:24"]},"_links":{"self":[{"href":"https:\/\/www.inmobiliariacoll.com\/de\/wp-json\/wp\/v2\/properties\/15438","targetHints":{"allow":["GET"]}}],"collection":[{"href":"https:\/\/www.inmobiliariacoll.com\/de\/wp-json\/wp\/v2\/properties"}],"about":[{"href":"https:\/\/www.inmobiliariacoll.com\/de\/wp-json\/wp\/v2\/types\/property"}],"author":[{"embeddable":true,"href":"https:\/\/www.inmobiliariacoll.com\/de\/wp-json\/wp\/v2\/users\/3"}],"version-history":[{"count":4,"href":"https:\/\/www.inmobiliariacoll.com\/de\/wp-json\/wp\/v2\/properties\/15438\/revisions"}],"predecessor-version":[{"id":15447,"href":"https:\/\/www.inmobiliariacoll.com\/de\/wp-json\/wp\/v2\/properties\/15438\/revisions\/15447"}],"wp:featuredmedia":[{"embeddable":true,"href":"https:\/\/www.inmobiliariacoll.com\/de\/wp-json\/wp\/v2\/media\/15423"}],"wp:attachment":[{"href":"https:\/\/www.inmobiliariacoll.com\/de\/wp-json\/wp\/v2\/media?parent=15438"}],"wp:term":[{"taxonomy":"property_type","embeddable":true,"href":"https:\/\/www.inmobiliariacoll.com\/de\/wp-json\/wp\/v2\/property_type?post=15438"},{"taxonomy":"property_status","embeddable":true,"href":"https:\/\/www.inmobiliariacoll.com\/de\/wp-json\/wp\/v2\/property_status?post=15438"},{"taxonomy":"property_feature","embeddable":true,"href":"https:\/\/www.inmobiliariacoll.com\/de\/wp-json\/wp\/v2\/property_feature?post=15438"},{"taxonomy":"property_label","embeddable":true,"href":"https:\/\/www.inmobiliariacoll.com\/de\/wp-json\/wp\/v2\/property_label?post=15438"},{"taxonomy":"property_country","embeddable":true,"href":"https:\/\/www.inmobiliariacoll.com\/de\/wp-json\/wp\/v2\/property_country?post=15438"},{"taxonomy":"property_state","embeddable":true,"href":"https:\/\/www.inmobiliariacoll.com\/de\/wp-json\/wp\/v2\/property_state?post=15438"},{"taxonomy":"property_city","embeddable":true,"href":"https:\/\/www.inmobiliariacoll.com\/de\/wp-json\/wp\/v2\/property_city?post=15438"},{"taxonomy":"property_area","embeddable":true,"href":"https:\/\/www.inmobiliariacoll.com\/de\/wp-json\/wp\/v2\/property_area?post=15438"}],"curies":[{"name":"wp","href":"https:\/\/api.w.org\/{rel}","templated":true}]}}

Renovierte Wohnung in Sóller

<p>Gemütliche Wohnung im ersten Stock nahe dem Zentrum von Sóller, ca. 80 m², mit einer voll ausgestatteten offenen Küche, Wohn- und Essbereich, Speisekammer, 3 Schlafzimmern und einem Badezimmer. Die Wohnung verfügt über Parkettböden, doppelt verglaste Fenster und Klimaanlage.</p>
