{"id":14811,"date":"2025-05-31T08:50:22","date_gmt":"2025-05-31T08:50:22","guid":{"rendered":"https:\/\/www.inmobiliariacoll.com\/property\/tipica-casa-de-pueblo-con-terraza-y-patio-en-el-centro-de-soller\/"},"modified":"2025-06-03T07:54:24","modified_gmt":"2025-06-03T07:54:24","slug":"tipica-casa-de-pueblo-con-terraza-y-patio-en-el-centro-de-soller","status":"publish","type":"property","link":"https:\/\/www.inmobiliariacoll.com\/de\/property\/tipica-casa-de-pueblo-con-terraza-y-patio-en-el-centro-de-soller\/","title":{"rendered":"Typisches Stadthaus mit Terrasse und Patio im Zentrum von S\u00f3ller"},"content":{"rendered":"\n<p>Dieses sch\u00f6ne Stadthaus liegt an einer zentralen, wenig befahrenen Stra\u00dfe und erstreckt sich \u00fcber vier Etagen. Das Erdgeschoss besticht durch einen charmanten Eingangsbereich mit einem Raum, der als B\u00fcro, Wohnzimmer, Esszimmer, K\u00fcche, Weinkeller und kleiner Patio genutzt werden kann. Im ersten und zweiten Stock befinden sich f\u00fcnf Schlafzimmer und zwei Badezimmer sowie eine sch\u00f6ne Dachterrasse mit herrlichem Blick auf die Stadt und die Berge. Im Obergeschoss befindet sich der Dachboden, der zu einem Arbeitszimmer oder zus\u00e4tzlichen Schlafzimmern ausgebaut werden kann. Das Anwesen bewahrt originale Elemente wie Holzbalken und hydraulische Ziegel, die es noch au\u00dfergew\u00f6hnlicher machen. Dieses Haus bietet zweifellos gro\u00dfes Potenzial f\u00fcr alle, die eine traditionelle Immobilie mit viel Platz in Zentrumsn\u00e4he suchen.<\/p>\n","protected":false},"excerpt":{"rendered":"<p>Dieses sch\u00f6ne Stadthaus liegt an einer zentralen, wenig befahrenen Stra\u00dfe und erstreckt sich \u00fcber vier Etagen. Das Erdgeschoss besticht durch einen charmanten Eingangsbereich mit einem Raum, der als B\u00fcro, Wohnzimmer, Esszimmer, K\u00fcche, Weinkeller und kleiner Patio genutzt werden kann. Im ersten und zweiten Stock befinden sich f\u00fcnf Schlafzimmer und zwei Badezimmer sowie eine sch\u00f6ne Dachterrasse [&hellip;]<\/p>\n","protected":false},"author":3,"featured_media":14905,"parent":0,"menu_order":0,"template":"","property_type":[137],"property_status":[149],"property_feature":[],"property_label":[],"property_country":[],"property_state":[],"property_city":[174],"property_area":[],"class_list":["post-14811","property","type-property","status-publish","has-post-thumbnail","hentry","property_type-haus","property_status-verkauf","property_city-soller-de"],"property_meta":{"_wpml_word_count":["{\"total\":170,\"to_translate\":{\"ca\":170,\"en\":170,\"de\":170}}"],"fave_property_id":["20555"],"fave_property_map":["1"],"fave_property_location":["25.68654,-80.431345,15"],"houzez_geolocation_lat":["25.68654"],"houzez_geolocation_long":["-80.431345"],"fave_property_map_street_view":["hide"],"fave_agent_display_option":["author_info"],"fave_agents":["-1"],"fave_property_agency":["-1"],"fave_single_top_area":["global"],"fave_single_content_area":["global"],"rs_page_bg_color":[""],"houzez_manual_expire":["0"],"_houzez_expiration_date_status":["saved"],"_wpml_media_duplicate":["1"],"_wpml_media_featured":["1"],"_wpml_location_migration_done":["1"],"houzez_total_property_views":["58"],"houzez_views_by_date":["a:36:{s:10:\"05-31-2025\";i:7;s:10:\"06-01-2025\";i:3;s:10:\"06-02-2025\";i:12;s:10:\"06-03-2025\";i:1;s:10:\"06-04-2025\";i:1;s:10:\"06-05-2025\";i:2;s:10:\"07-04-2025\";i:1;s:10:\"07-16-2025\";i:1;s:10:\"07-29-2025\";i:1;s:10:\"08-12-2025\";i:1;s:10:\"08-28-2025\";i:2;s:10:\"09-01-2025\";i:1;s:10:\"09-06-2025\";i:1;s:10:\"09-08-2025\";i:1;s:10:\"09-11-2025\";i:2;s:10:\"09-12-2025\";i:1;s:10:\"09-14-2025\";i:1;s:10:\"09-16-2025\";i:1;s:10:\"09-23-2025\";i:1;s:10:\"09-25-2025\";i:1;s:10:\"09-28-2025\";i:1;s:10:\"10-07-2025\";i:1;s:10:\"10-09-2025\";i:1;s:10:\"11-10-2025\";i:1;s:10:\"11-14-2025\";i:1;s:10:\"11-17-2025\";i:1;s:10:\"11-22-2025\";i:1;s:10:\"12-29-2025\";i:1;s:10:\"01-11-2026\";i:1;s:10:\"01-19-2026\";i:1;s:10:\"01-23-2026\";i:1;s:10:\"02-18-2026\";i:1;s:10:\"03-04-2026\";i:1;s:10:\"03-06-2026\";i:1;s:10:\"03-20-2026\";i:1;s:10:\"03-25-2026\";i:1;}"],"houzez_recently_viewed":["2026-03-25 01:31:28"],"_edit_lock":["1748937271:3"],"_last_translation_edit_mode":["native-editor"],"_edit_last":["3"],"fave_property_price":["670000"],"fave_property_size":["360"],"fave_property_bedrooms":["5"],"fave_property_bathrooms":["2"],"fave_featured":["0"],"fave_loggedintoview":["0"],"fave_prop_homeslider":["no"],"fave_property_images":["14905","14865","14913","14869","14873","14881","14885","14877","14889","14897","14901","14893","14917","14921","14909"],"_thumbnail_id":["14905"]},"_links":{"self":[{"href":"https:\/\/www.inmobiliariacoll.com\/de\/wp-json\/wp\/v2\/properties\/14811","targetHints":{"allow":["GET"]}}],"collection":[{"href":"https:\/\/www.inmobiliariacoll.com\/de\/wp-json\/wp\/v2\/properties"}],"about":[{"href":"https:\/\/www.inmobiliariacoll.com\/de\/wp-json\/wp\/v2\/types\/property"}],"author":[{"embeddable":true,"href":"https:\/\/www.inmobiliariacoll.com\/de\/wp-json\/wp\/v2\/users\/3"}],"version-history":[{"count":1,"href":"https:\/\/www.inmobiliariacoll.com\/de\/wp-json\/wp\/v2\/properties\/14811\/revisions"}],"predecessor-version":[{"id":14817,"href":"https:\/\/www.inmobiliariacoll.com\/de\/wp-json\/wp\/v2\/properties\/14811\/revisions\/14817"}],"wp:featuredmedia":[{"embeddable":true,"href":"https:\/\/www.inmobiliariacoll.com\/de\/wp-json\/wp\/v2\/media\/14905"}],"wp:attachment":[{"href":"https:\/\/www.inmobiliariacoll.com\/de\/wp-json\/wp\/v2\/media?parent=14811"}],"wp:term":[{"taxonomy":"property_type","embeddable":true,"href":"https:\/\/www.inmobiliariacoll.com\/de\/wp-json\/wp\/v2\/property_type?post=14811"},{"taxonomy":"property_status","embeddable":true,"href":"https:\/\/www.inmobiliariacoll.com\/de\/wp-json\/wp\/v2\/property_status?post=14811"},{"taxonomy":"property_feature","embeddable":true,"href":"https:\/\/www.inmobiliariacoll.com\/de\/wp-json\/wp\/v2\/property_feature?post=14811"},{"taxonomy":"property_label","embeddable":true,"href":"https:\/\/www.inmobiliariacoll.com\/de\/wp-json\/wp\/v2\/property_label?post=14811"},{"taxonomy":"property_country","embeddable":true,"href":"https:\/\/www.inmobiliariacoll.com\/de\/wp-json\/wp\/v2\/property_country?post=14811"},{"taxonomy":"property_state","embeddable":true,"href":"https:\/\/www.inmobiliariacoll.com\/de\/wp-json\/wp\/v2\/property_state?post=14811"},{"taxonomy":"property_city","embeddable":true,"href":"https:\/\/www.inmobiliariacoll.com\/de\/wp-json\/wp\/v2\/property_city?post=14811"},{"taxonomy":"property_area","embeddable":true,"href":"https:\/\/www.inmobiliariacoll.com\/de\/wp-json\/wp\/v2\/property_area?post=14811"}],"curies":[{"name":"wp","href":"https:\/\/api.w.org\/{rel}","templated":true}]}}

Typisches Stadthaus mit Terrasse und Patio im Zentrum von Sóller

<p>Dieses schöne Stadthaus liegt an einer zentralen, wenig befahrenen Straße und erstreckt sich über vier Etagen. Das Erdgeschoss besticht durch einen charmanten Eingangsbereich mit einem Raum, der als Büro, Wohnzimmer, Esszimmer, Küche, Weinkeller und kleiner Patio genutzt werden kann. Im ersten und zweiten Stock befinden sich fünf Schlafzimmer und zwei Badezimmer sowie eine schöne Dachterrasse mit herrlichem Blick auf die Stadt und die Berge. Im Obergeschoss befindet sich der Dachboden, der zu einem Arbeitszimmer oder zusätzlichen Schlafzimmern ausgebaut werden kann. Das Anwesen bewahrt originale Elemente wie Holzbalken und hydraulische Ziegel, die es noch außergewöhnlicher machen. Dieses Haus bietet zweifellos großes Potenzial für alle, die eine traditionelle Immobilie mit viel Platz in Zentrumsnähe suchen.</p>

<p>Dieses schöne Stadthaus liegt an einer zentralen, wenig befahrenen Straße und erstreckt sich über vier Etagen. Das Erdgeschoss besticht durch einen charmanten Eingangsbereich mit einem Raum, der als Büro, Wohnzimmer, Esszimmer, Küche, Weinkeller und kleiner Patio genutzt werden kann. Im ersten und zweiten Stock befinden sich fünf Schlafzimmer und zwei Badezimmer sowie eine schöne Dachterrasse [&hellip;]</p>
