{"id":14466,"date":"2025-04-04T10:34:21","date_gmt":"2025-04-04T10:34:21","guid":{"rendered":"https:\/\/www.inmobiliariacoll.com\/property\/chalet-con-piscina-y-fantasticas-vistas\/"},"modified":"2025-04-04T10:39:59","modified_gmt":"2025-04-04T10:39:59","slug":"chalet-con-piscina-y-fantasticas-vistas","status":"publish","type":"property","link":"https:\/\/www.inmobiliariacoll.com\/de\/property\/chalet-con-piscina-y-fantasticas-vistas\/","title":{"rendered":"Villa mit Pool und fantastischer Aussicht"},"content":{"rendered":"\n<p>Dieses exklusive Einfamilienhaus mit Pool befindet sich in einer privilegierten und malerischen Wohngegend nur 15 Minuten von Palma entfernt. Die einst\u00f6ckige Bauweise in Kombination mit ger\u00e4umigen Zimmern und hohen Decken verleiht diesem Haus eine besondere Note, ideal f\u00fcr alle, die Wert auf Funktionalit\u00e4t und Vornehmheit legen.<\/p>\n\n\n\n<p>Im Inneren schafft das Wohnzimmer mit Kamin eine warme und einladende Atmosph\u00e4re, w\u00e4hrend das separate Esszimmer mit einer ger\u00e4umigen, modernen K\u00fcche verbunden ist. Es besteht aus 4 Doppelschlafzimmern, wobei das Hauptschlafzimmer eine unverbaute Aussicht bietet, und 3 Badezimmern, eines davon en suite.<\/p>\n\n\n\n<p>Der Au\u00dfenbereich verf\u00fcgt \u00fcber einen weitl\u00e4ufigen Garten, einen gro\u00dfen Pool mit Salzwasseraufbereitung und eine ger\u00e4umige Terrasse mit einer Veranda mit freiliegenden Balken.<\/p>\n\n\n\n<p>Au\u00dferdem verf\u00fcgt es \u00fcber eine gro\u00dfe Garage f\u00fcr 5 Fahrzeuge, einen Abstellraum und einen Weinkeller.<\/p>\n\n\n\n<p>Diese Immobilie ist perfekt f\u00fcr alle, die eine Kombination aus mediterranem Charme und einfachem Zugang zu Palma suchen, nur 20 Minuten vom Flughafen entfernt.<\/p>\n","protected":false},"excerpt":{"rendered":"<p>Dieses exklusive Einfamilienhaus mit Pool befindet sich in einer privilegierten und malerischen Wohngegend nur 15 Minuten von Palma entfernt. Die einst\u00f6ckige Bauweise in Kombination mit ger\u00e4umigen Zimmern und hohen Decken verleiht diesem Haus eine besondere Note, ideal f\u00fcr alle, die Wert auf Funktionalit\u00e4t und Vornehmheit legen. Im Inneren schafft das Wohnzimmer mit Kamin eine warme [&hellip;]<\/p>\n","protected":false},"author":3,"featured_media":14427,"parent":0,"menu_order":0,"template":"","property_type":[137],"property_status":[149],"property_feature":[],"property_label":[],"property_country":[157],"property_state":[161],"property_city":[231],"property_area":[],"class_list":["post-14466","property","type-property","status-publish","has-post-thumbnail","hentry","property_type-haus","property_status-verkauf","property_country-spanien","property_state-mallorca-de","property_city-bunyola-de"],"property_meta":{"_wpml_word_count":["{\"total\":173,\"to_translate\":{\"ca\":173,\"en\":173,\"de\":173}}"],"fave_property_id":["80124"],"fave_property_map":["1"],"fave_property_location":["25.68654,-80.431345,15"],"houzez_geolocation_lat":["25.68654"],"houzez_geolocation_long":["-80.431345"],"fave_property_map_street_view":["hide"],"fave_agent_display_option":["author_info"],"fave_agents":["-1"],"fave_property_agency":["-1"],"fave_single_top_area":["global"],"fave_single_content_area":["global"],"rs_page_bg_color":[""],"houzez_manual_expire":["0"],"_houzez_expiration_date_status":["saved"],"_wpml_media_duplicate":["1"],"_wpml_media_featured":["1"],"_thumbnail_id":["14427"],"_edit_lock":["1743763704:3"],"_last_translation_edit_mode":["native-editor"],"_edit_last":["3"],"fave_property_images":["14427","14423","14431","14435","14443","14447","14451","14455","14459","14439"],"fave_property_price":["1840000"],"fave_property_size":["377"],"fave_property_land":["2137"],"fave_property_bedrooms":["4"],"fave_property_bathrooms":["3"],"fave_property_garage_size":["Si"],"fave_featured":["0"],"fave_loggedintoview":["0"],"fave_prop_homeslider":["no"],"houzez_total_property_views":["49"],"houzez_views_by_date":["a:44:{s:10:\"04-04-2025\";i:1;s:10:\"04-12-2025\";i:1;s:10:\"04-15-2025\";i:1;s:10:\"04-17-2025\";i:2;s:10:\"04-18-2025\";i:1;s:10:\"04-21-2025\";i:1;s:10:\"04-24-2025\";i:1;s:10:\"04-27-2025\";i:1;s:10:\"04-29-2025\";i:2;s:10:\"05-02-2025\";i:1;s:10:\"05-04-2025\";i:1;s:10:\"05-06-2025\";i:1;s:10:\"05-09-2025\";i:1;s:10:\"05-13-2025\";i:1;s:10:\"05-21-2025\";i:1;s:10:\"05-24-2025\";i:1;s:10:\"05-26-2025\";i:1;s:10:\"05-30-2025\";i:1;s:10:\"06-02-2025\";i:1;s:10:\"06-03-2025\";i:1;s:10:\"06-26-2025\";i:1;s:10:\"06-29-2025\";i:1;s:10:\"07-02-2025\";i:1;s:10:\"07-04-2025\";i:1;s:10:\"08-14-2025\";i:1;s:10:\"09-06-2025\";i:1;s:10:\"09-11-2025\";i:1;s:10:\"09-12-2025\";i:1;s:10:\"09-17-2025\";i:1;s:10:\"09-18-2025\";i:1;s:10:\"09-19-2025\";i:1;s:10:\"09-23-2025\";i:1;s:10:\"09-25-2025\";i:2;s:10:\"10-09-2025\";i:1;s:10:\"11-04-2025\";i:1;s:10:\"11-14-2025\";i:1;s:10:\"11-16-2025\";i:1;s:10:\"11-20-2025\";i:1;s:10:\"01-09-2026\";i:1;s:10:\"01-21-2026\";i:1;s:10:\"01-26-2026\";i:2;s:10:\"02-12-2026\";i:1;s:10:\"03-07-2026\";i:1;s:10:\"03-18-2026\";i:2;}"],"houzez_recently_viewed":["2026-03-18 08:34:44"]},"_links":{"self":[{"href":"https:\/\/www.inmobiliariacoll.com\/de\/wp-json\/wp\/v2\/properties\/14466","targetHints":{"allow":["GET"]}}],"collection":[{"href":"https:\/\/www.inmobiliariacoll.com\/de\/wp-json\/wp\/v2\/properties"}],"about":[{"href":"https:\/\/www.inmobiliariacoll.com\/de\/wp-json\/wp\/v2\/types\/property"}],"author":[{"embeddable":true,"href":"https:\/\/www.inmobiliariacoll.com\/de\/wp-json\/wp\/v2\/users\/3"}],"version-history":[{"count":1,"href":"https:\/\/www.inmobiliariacoll.com\/de\/wp-json\/wp\/v2\/properties\/14466\/revisions"}],"predecessor-version":[{"id":14470,"href":"https:\/\/www.inmobiliariacoll.com\/de\/wp-json\/wp\/v2\/properties\/14466\/revisions\/14470"}],"wp:featuredmedia":[{"embeddable":true,"href":"https:\/\/www.inmobiliariacoll.com\/de\/wp-json\/wp\/v2\/media\/14427"}],"wp:attachment":[{"href":"https:\/\/www.inmobiliariacoll.com\/de\/wp-json\/wp\/v2\/media?parent=14466"}],"wp:term":[{"taxonomy":"property_type","embeddable":true,"href":"https:\/\/www.inmobiliariacoll.com\/de\/wp-json\/wp\/v2\/property_type?post=14466"},{"taxonomy":"property_status","embeddable":true,"href":"https:\/\/www.inmobiliariacoll.com\/de\/wp-json\/wp\/v2\/property_status?post=14466"},{"taxonomy":"property_feature","embeddable":true,"href":"https:\/\/www.inmobiliariacoll.com\/de\/wp-json\/wp\/v2\/property_feature?post=14466"},{"taxonomy":"property_label","embeddable":true,"href":"https:\/\/www.inmobiliariacoll.com\/de\/wp-json\/wp\/v2\/property_label?post=14466"},{"taxonomy":"property_country","embeddable":true,"href":"https:\/\/www.inmobiliariacoll.com\/de\/wp-json\/wp\/v2\/property_country?post=14466"},{"taxonomy":"property_state","embeddable":true,"href":"https:\/\/www.inmobiliariacoll.com\/de\/wp-json\/wp\/v2\/property_state?post=14466"},{"taxonomy":"property_city","embeddable":true,"href":"https:\/\/www.inmobiliariacoll.com\/de\/wp-json\/wp\/v2\/property_city?post=14466"},{"taxonomy":"property_area","embeddable":true,"href":"https:\/\/www.inmobiliariacoll.com\/de\/wp-json\/wp\/v2\/property_area?post=14466"}],"curies":[{"name":"wp","href":"https:\/\/api.w.org\/{rel}","templated":true}]}}

<p>Dieses exklusive Einfamilienhaus mit Pool befindet sich in einer privilegierten und malerischen Wohngegend nur 15 Minuten von Palma entfernt. Die einstöckige Bauweise in Kombination mit geräumigen Zimmern und hohen Decken verleiht diesem Haus eine besondere Note, ideal für alle, die Wert auf Funktionalität und Vornehmheit legen.</p>



<p>Im Inneren schafft das Wohnzimmer mit Kamin eine warme und einladende Atmosphäre, während das separate Esszimmer mit einer geräumigen, modernen Küche verbunden ist. Es besteht aus 4 Doppelschlafzimmern, wobei das Hauptschlafzimmer eine unverbaute Aussicht bietet, und 3 Badezimmern, eines davon en suite.</p>



<p>Der Außenbereich verfügt über einen weitläufigen Garten, einen großen Pool mit Salzwasseraufbereitung und eine geräumige Terrasse mit einer Veranda mit freiliegenden Balken.</p>



<p>Außerdem verfügt es über eine große Garage für 5 Fahrzeuge, einen Abstellraum und einen Weinkeller.</p>



<p>Diese Immobilie ist perfekt für alle, die eine Kombination aus mediterranem Charme und einfachem Zugang zu Palma suchen, nur 20 Minuten vom Flughafen entfernt.</p>

<p>Dieses exklusive Einfamilienhaus mit Pool befindet sich in einer privilegierten und malerischen Wohngegend nur 15 Minuten von Palma entfernt. Die einstöckige Bauweise in Kombination mit geräumigen Zimmern und hohen Decken verleiht diesem Haus eine besondere Note, ideal für alle, die Wert auf Funktionalität und Vornehmheit legen. Im Inneren schafft das Wohnzimmer mit Kamin eine warme [&hellip;]</p>
