{"id":14334,"date":"2025-03-06T12:04:19","date_gmt":"2025-03-06T12:04:19","guid":{"rendered":"https:\/\/www.inmobiliariacoll.com\/property\/apartamento-con-terraza-y-fantasticas-vistas-en-soller\/"},"modified":"2025-03-06T12:10:27","modified_gmt":"2025-03-06T12:10:27","slug":"apartamento-con-terraza-y-fantasticas-vistas-en-soller","status":"publish","type":"property","link":"https:\/\/www.inmobiliariacoll.com\/de\/property\/apartamento-con-terraza-y-fantasticas-vistas-en-soller\/","title":{"rendered":"Wohnung mit Terrasse und fantastischer Aussicht in S\u00f3ller"},"content":{"rendered":"\n<p>Diese gem\u00fctliche und helle Wohnung verteilt sich auf ein Wohn-Esszimmer mit Klimaanlage, Bad, K\u00fcche, 3 Schlafzimmer, Terrasse mit fantastischer Aussicht und ein Arbeitszimmer. Die Holzb\u00f6den und Balken im Wohnzimmer verleihen ihm eine sch\u00f6ne W\u00e4rme. Eine Immobilie mit viel Potenzial nur wenige Gehminuten vom zentralen Platz entfernt<\/p>\n","protected":false},"excerpt":{"rendered":"<p>Diese gem\u00fctliche und helle Wohnung verteilt sich auf ein Wohn-Esszimmer mit Klimaanlage, Bad, K\u00fcche, 3 Schlafzimmer, Terrasse mit fantastischer Aussicht und ein Arbeitszimmer. Die Holzb\u00f6den und Balken im Wohnzimmer verleihen ihm eine sch\u00f6ne W\u00e4rme. Eine Immobilie mit viel Potenzial nur wenige Gehminuten vom zentralen Platz entfernt<\/p>\n","protected":false},"author":3,"featured_media":14319,"parent":0,"menu_order":0,"template":"","property_type":[132],"property_status":[149],"property_feature":[],"property_label":[],"property_country":[157],"property_state":[161],"property_city":[174],"property_area":[],"class_list":["post-14334","property","type-property","status-publish","has-post-thumbnail","hentry","property_type-wohnung","property_status-verkauf","property_country-spanien","property_state-mallorca-de","property_city-soller-de"],"property_meta":{"_wpml_word_count":["{\"total\":81,\"to_translate\":{\"ca\":81,\"en\":81,\"de\":81}}"],"fave_property_id":["30252"],"fave_property_map":["1"],"fave_property_location":["25.68654,-80.431345,15"],"houzez_geolocation_lat":["25.68654"],"houzez_geolocation_long":["-80.431345"],"fave_property_map_street_view":["hide"],"fave_agent_display_option":["author_info"],"fave_agents":["-1"],"fave_property_agency":["-1"],"fave_single_top_area":["global"],"fave_single_content_area":["global"],"rs_page_bg_color":[""],"houzez_manual_expire":["0"],"_houzez_expiration_date_status":["saved"],"_wpml_media_duplicate":["1"],"_wpml_media_featured":["1"],"_thumbnail_id":["14319"],"_edit_lock":["1741263529:3"],"_last_translation_edit_mode":["native-editor"],"_edit_last":["3"],"fave_property_images":["14319","14311","14823","14847","14843","14839","14835","14831","14819","14827","14851"],"fave_property_size":["85"],"fave_property_bedrooms":["3"],"fave_property_bathrooms":["1"],"fave_featured":["0"],"fave_loggedintoview":["0"],"fave_prop_homeslider":["no"],"houzez_total_property_views":["100"],"houzez_views_by_date":["a:61:{s:10:\"06-02-2025\";i:1;s:10:\"06-04-2025\";i:1;s:10:\"06-26-2025\";i:1;s:10:\"06-29-2025\";i:1;s:10:\"07-02-2025\";i:1;s:10:\"07-04-2025\";i:1;s:10:\"08-14-2025\";i:1;s:10:\"09-03-2025\";i:1;s:10:\"09-11-2025\";i:2;s:10:\"09-12-2025\";i:2;s:10:\"09-19-2025\";i:1;s:10:\"09-21-2025\";i:1;s:10:\"09-22-2025\";i:1;s:10:\"09-23-2025\";i:1;s:10:\"09-24-2025\";i:1;s:10:\"09-25-2025\";i:1;s:10:\"10-10-2025\";i:1;s:10:\"10-21-2025\";i:1;s:10:\"10-26-2025\";i:1;s:10:\"11-03-2025\";i:1;s:10:\"11-10-2025\";i:1;s:10:\"11-14-2025\";i:1;s:10:\"11-19-2025\";i:1;s:10:\"11-20-2025\";i:1;s:10:\"11-25-2025\";i:1;s:10:\"11-28-2025\";i:1;s:10:\"12-01-2025\";i:1;s:10:\"12-05-2025\";i:1;s:10:\"12-07-2025\";i:1;s:10:\"12-09-2025\";i:1;s:10:\"12-12-2025\";i:1;s:10:\"12-15-2025\";i:1;s:10:\"12-17-2025\";i:1;s:10:\"12-19-2025\";i:1;s:10:\"12-20-2025\";i:1;s:10:\"12-22-2025\";i:1;s:10:\"12-25-2025\";i:1;s:10:\"12-27-2025\";i:1;s:10:\"12-30-2025\";i:1;s:10:\"01-01-2026\";i:1;s:10:\"01-04-2026\";i:1;s:10:\"01-06-2026\";i:1;s:10:\"01-09-2026\";i:1;s:10:\"01-11-2026\";i:1;s:10:\"01-12-2026\";i:1;s:10:\"01-13-2026\";i:1;s:10:\"01-16-2026\";i:1;s:10:\"01-17-2026\";i:1;s:10:\"01-18-2026\";i:2;s:10:\"01-21-2026\";i:1;s:10:\"01-23-2026\";i:1;s:10:\"01-25-2026\";i:1;s:10:\"01-27-2026\";i:1;s:10:\"01-30-2026\";i:1;s:10:\"02-01-2026\";i:1;s:10:\"02-03-2026\";i:1;s:10:\"02-05-2026\";i:1;s:10:\"03-12-2026\";i:1;s:10:\"03-13-2026\";i:2;s:10:\"03-19-2026\";i:1;s:10:\"04-14-2026\";i:1;}"],"houzez_recently_viewed":["2026-04-14 08:46:40"],"fave_property_price":["380000"]},"_links":{"self":[{"href":"https:\/\/www.inmobiliariacoll.com\/de\/wp-json\/wp\/v2\/properties\/14334","targetHints":{"allow":["GET"]}}],"collection":[{"href":"https:\/\/www.inmobiliariacoll.com\/de\/wp-json\/wp\/v2\/properties"}],"about":[{"href":"https:\/\/www.inmobiliariacoll.com\/de\/wp-json\/wp\/v2\/types\/property"}],"author":[{"embeddable":true,"href":"https:\/\/www.inmobiliariacoll.com\/de\/wp-json\/wp\/v2\/users\/3"}],"version-history":[{"count":1,"href":"https:\/\/www.inmobiliariacoll.com\/de\/wp-json\/wp\/v2\/properties\/14334\/revisions"}],"predecessor-version":[{"id":14338,"href":"https:\/\/www.inmobiliariacoll.com\/de\/wp-json\/wp\/v2\/properties\/14334\/revisions\/14338"}],"wp:featuredmedia":[{"embeddable":true,"href":"https:\/\/www.inmobiliariacoll.com\/de\/wp-json\/wp\/v2\/media\/14319"}],"wp:attachment":[{"href":"https:\/\/www.inmobiliariacoll.com\/de\/wp-json\/wp\/v2\/media?parent=14334"}],"wp:term":[{"taxonomy":"property_type","embeddable":true,"href":"https:\/\/www.inmobiliariacoll.com\/de\/wp-json\/wp\/v2\/property_type?post=14334"},{"taxonomy":"property_status","embeddable":true,"href":"https:\/\/www.inmobiliariacoll.com\/de\/wp-json\/wp\/v2\/property_status?post=14334"},{"taxonomy":"property_feature","embeddable":true,"href":"https:\/\/www.inmobiliariacoll.com\/de\/wp-json\/wp\/v2\/property_feature?post=14334"},{"taxonomy":"property_label","embeddable":true,"href":"https:\/\/www.inmobiliariacoll.com\/de\/wp-json\/wp\/v2\/property_label?post=14334"},{"taxonomy":"property_country","embeddable":true,"href":"https:\/\/www.inmobiliariacoll.com\/de\/wp-json\/wp\/v2\/property_country?post=14334"},{"taxonomy":"property_state","embeddable":true,"href":"https:\/\/www.inmobiliariacoll.com\/de\/wp-json\/wp\/v2\/property_state?post=14334"},{"taxonomy":"property_city","embeddable":true,"href":"https:\/\/www.inmobiliariacoll.com\/de\/wp-json\/wp\/v2\/property_city?post=14334"},{"taxonomy":"property_area","embeddable":true,"href":"https:\/\/www.inmobiliariacoll.com\/de\/wp-json\/wp\/v2\/property_area?post=14334"}],"curies":[{"name":"wp","href":"https:\/\/api.w.org\/{rel}","templated":true}]}}

Wohnung mit Terrasse und fantastischer Aussicht in Sóller

<p>Diese gemütliche und helle Wohnung verteilt sich auf ein Wohn-Esszimmer mit Klimaanlage, Bad, Küche, 3 Schlafzimmer, Terrasse mit fantastischer Aussicht und ein Arbeitszimmer. Die Holzböden und Balken im Wohnzimmer verleihen ihm eine schöne Wärme. Eine Immobilie mit viel Potenzial nur wenige Gehminuten vom zentralen Platz entfernt</p>
