{"id":12162,"date":"2023-08-02T11:46:03","date_gmt":"2023-08-02T11:46:03","guid":{"rendered":"https:\/\/www.inmobiliariacoll.com\/property\/apartamento-con-vistas-al-mar-y-licencia-vacacional-en-puerto-de-soller\/"},"modified":"2023-08-02T11:55:52","modified_gmt":"2023-08-02T11:55:52","slug":"apartamento-con-vistas-al-mar-y-licencia-vacacional-en-puerto-de-soller","status":"publish","type":"property","link":"https:\/\/www.inmobiliariacoll.com\/de\/property\/apartamento-con-vistas-al-mar-y-licencia-vacacional-en-puerto-de-soller\/","title":{"rendered":"Apartment mit Meerblick und Ferienlizenz in Puerto de S\u00f3ller"},"content":{"rendered":"\n<p>Dieses gem\u00fctliche Apartment zeichnet sich durch seinen Komfort und seinen wundersch\u00f6nen Blick \u00fcber die Bucht von Puerto de S\u00f3ller aus. Es ist ca. 65m2 verteilen sich auf eine offene K\u00fcche mit einem hellen Wohn-Esszimmer, einem Schlafzimmer und einem Badezimmer. Es liegt nur einen kurzen Spaziergang vom Hafen und dem Strand entfernt und verf\u00fcgt \u00fcber eine Klimaanlage und eine Ferienvermietungslizenz. Eine wundersch\u00f6ne Immobilie, pflegeleicht und bezugs- oder mietbereit!<\/p>\n","protected":false},"excerpt":{"rendered":"<p>Dieses gem\u00fctliche Apartment zeichnet sich durch seinen Komfort und seinen wundersch\u00f6nen Blick \u00fcber die Bucht von Puerto de S\u00f3ller aus. Es ist ca. 65m2 verteilen sich auf eine offene K\u00fcche mit einem hellen Wohn-Esszimmer, einem Schlafzimmer und einem Badezimmer. Es liegt nur einen kurzen Spaziergang vom Hafen und dem Strand entfernt und verf\u00fcgt \u00fcber eine [&hellip;]<\/p>\n","protected":false},"author":3,"featured_media":12147,"parent":0,"menu_order":0,"template":"","property_type":[132],"property_status":[149],"property_feature":[],"property_label":[],"property_country":[157],"property_state":[161],"property_city":[128],"property_area":[],"class_list":["post-12162","property","type-property","status-publish","has-post-thumbnail","hentry","property_type-wohnung","property_status-verkauf","property_country-spanien","property_state-mallorca-de","property_city-puerto-de-soller-de"],"property_meta":{"_wpml_word_count":["{\"total\":112,\"to_translate\":{\"ca\":112,\"en\":112,\"de\":112}}"],"fave_property_id":["62034"],"fave_property_map":["1"],"fave_property_location":["25.68654,-80.431345,15"],"houzez_geolocation_lat":["25.68654"],"houzez_geolocation_long":["-80.431345"],"fave_property_map_street_view":["hide"],"fave_agent_display_option":["author_info"],"fave_agents":["-1"],"fave_property_agency":["-1"],"fave_single_top_area":["global"],"fave_single_content_area":["global"],"rs_page_bg_color":[""],"houzez_manual_expire":["0"],"_houzez_expiration_date_status":["saved"],"_wpml_media_duplicate":["1"],"_wpml_media_featured":["1"],"_wpml_location_migration_done":["1"],"_thumbnail_id":["12147"],"_edit_lock":["1690977895:3"],"_last_translation_edit_mode":["native-editor"],"_edit_last":["3"],"fave_property_images":["12147","12151","12135","12127","12131","12139","12143","12155","12123"],"fave_property_price":["575000"],"fave_property_size":["65"],"fave_property_bedrooms":["1"],"fave_property_bathrooms":["1"],"fave_featured":["0"],"fave_loggedintoview":["0"],"fave_prop_homeslider":["no"],"houzez_total_property_views":["137"],"houzez_views_by_date":["a:61:{s:10:\"02-24-2025\";i:1;s:10:\"02-26-2025\";i:1;s:10:\"03-01-2025\";i:1;s:10:\"03-03-2025\";i:1;s:10:\"03-05-2025\";i:1;s:10:\"03-06-2025\";i:1;s:10:\"03-07-2025\";i:1;s:10:\"03-10-2025\";i:1;s:10:\"03-12-2025\";i:1;s:10:\"03-14-2025\";i:1;s:10:\"03-17-2025\";i:1;s:10:\"03-19-2025\";i:1;s:10:\"03-22-2025\";i:1;s:10:\"03-24-2025\";i:1;s:10:\"03-26-2025\";i:1;s:10:\"03-27-2025\";i:1;s:10:\"03-29-2025\";i:1;s:10:\"04-01-2025\";i:1;s:10:\"04-03-2025\";i:1;s:10:\"04-04-2025\";i:1;s:10:\"04-07-2025\";i:1;s:10:\"04-12-2025\";i:1;s:10:\"04-17-2025\";i:2;s:10:\"04-29-2025\";i:1;s:10:\"05-01-2025\";i:1;s:10:\"05-02-2025\";i:1;s:10:\"05-04-2025\";i:1;s:10:\"05-07-2025\";i:1;s:10:\"05-22-2025\";i:1;s:10:\"05-26-2025\";i:1;s:10:\"06-01-2025\";i:1;s:10:\"06-06-2025\";i:1;s:10:\"06-12-2025\";i:1;s:10:\"06-27-2025\";i:1;s:10:\"06-29-2025\";i:2;s:10:\"07-03-2025\";i:1;s:10:\"07-07-2025\";i:1;s:10:\"08-12-2025\";i:1;s:10:\"08-24-2025\";i:1;s:10:\"09-06-2025\";i:1;s:10:\"09-10-2025\";i:2;s:10:\"09-11-2025\";i:1;s:10:\"09-14-2025\";i:2;s:10:\"09-23-2025\";i:1;s:10:\"09-25-2025\";i:1;s:10:\"09-26-2025\";i:1;s:10:\"10-08-2025\";i:1;s:10:\"10-23-2025\";i:1;s:10:\"10-26-2025\";i:1;s:10:\"11-09-2025\";i:1;s:10:\"11-10-2025\";i:1;s:10:\"11-13-2025\";i:1;s:10:\"11-18-2025\";i:1;s:10:\"12-30-2025\";i:1;s:10:\"01-11-2026\";i:1;s:10:\"01-18-2026\";i:1;s:10:\"01-26-2026\";i:2;s:10:\"02-24-2026\";i:1;s:10:\"03-06-2026\";i:1;s:10:\"03-18-2026\";i:1;s:10:\"04-06-2026\";i:1;}"],"houzez_recently_viewed":["2026-04-06 08:28:52"]},"_links":{"self":[{"href":"https:\/\/www.inmobiliariacoll.com\/de\/wp-json\/wp\/v2\/properties\/12162","targetHints":{"allow":["GET"]}}],"collection":[{"href":"https:\/\/www.inmobiliariacoll.com\/de\/wp-json\/wp\/v2\/properties"}],"about":[{"href":"https:\/\/www.inmobiliariacoll.com\/de\/wp-json\/wp\/v2\/types\/property"}],"author":[{"embeddable":true,"href":"https:\/\/www.inmobiliariacoll.com\/de\/wp-json\/wp\/v2\/users\/3"}],"version-history":[{"count":1,"href":"https:\/\/www.inmobiliariacoll.com\/de\/wp-json\/wp\/v2\/properties\/12162\/revisions"}],"predecessor-version":[{"id":12168,"href":"https:\/\/www.inmobiliariacoll.com\/de\/wp-json\/wp\/v2\/properties\/12162\/revisions\/12168"}],"wp:featuredmedia":[{"embeddable":true,"href":"https:\/\/www.inmobiliariacoll.com\/de\/wp-json\/wp\/v2\/media\/12147"}],"wp:attachment":[{"href":"https:\/\/www.inmobiliariacoll.com\/de\/wp-json\/wp\/v2\/media?parent=12162"}],"wp:term":[{"taxonomy":"property_type","embeddable":true,"href":"https:\/\/www.inmobiliariacoll.com\/de\/wp-json\/wp\/v2\/property_type?post=12162"},{"taxonomy":"property_status","embeddable":true,"href":"https:\/\/www.inmobiliariacoll.com\/de\/wp-json\/wp\/v2\/property_status?post=12162"},{"taxonomy":"property_feature","embeddable":true,"href":"https:\/\/www.inmobiliariacoll.com\/de\/wp-json\/wp\/v2\/property_feature?post=12162"},{"taxonomy":"property_label","embeddable":true,"href":"https:\/\/www.inmobiliariacoll.com\/de\/wp-json\/wp\/v2\/property_label?post=12162"},{"taxonomy":"property_country","embeddable":true,"href":"https:\/\/www.inmobiliariacoll.com\/de\/wp-json\/wp\/v2\/property_country?post=12162"},{"taxonomy":"property_state","embeddable":true,"href":"https:\/\/www.inmobiliariacoll.com\/de\/wp-json\/wp\/v2\/property_state?post=12162"},{"taxonomy":"property_city","embeddable":true,"href":"https:\/\/www.inmobiliariacoll.com\/de\/wp-json\/wp\/v2\/property_city?post=12162"},{"taxonomy":"property_area","embeddable":true,"href":"https:\/\/www.inmobiliariacoll.com\/de\/wp-json\/wp\/v2\/property_area?post=12162"}],"curies":[{"name":"wp","href":"https:\/\/api.w.org\/{rel}","templated":true}]}}

Apartment mit Meerblick und Ferienlizenz in Puerto de Sóller

<p>Dieses gemütliche Apartment zeichnet sich durch seinen Komfort und seinen wunderschönen Blick über die Bucht von Puerto de Sóller aus. Es ist ca. 65m2 verteilen sich auf eine offene Küche mit einem hellen Wohn-Esszimmer, einem Schlafzimmer und einem Badezimmer. Es liegt nur einen kurzen Spaziergang vom Hafen und dem Strand entfernt und verfügt über eine Klimaanlage und eine Ferienvermietungslizenz. Eine wunderschöne Immobilie, pflegeleicht und bezugs- oder mietbereit!</p>

<p>Dieses gemütliche Apartment zeichnet sich durch seinen Komfort und seinen wunderschönen Blick über die Bucht von Puerto de Sóller aus. Es ist ca. 65m2 verteilen sich auf eine offene Küche mit einem hellen Wohn-Esszimmer, einem Schlafzimmer und einem Badezimmer. Es liegt nur einen kurzen Spaziergang vom Hafen und dem Strand entfernt und verfügt über eine [&hellip;]</p>
