{"id":11762,"date":"2023-06-07T15:02:49","date_gmt":"2023-06-07T15:02:49","guid":{"rendered":"https:\/\/www.inmobiliariacoll.com\/property\/amplio-piso-con-ascensor-en-el-centro-de-soller\/"},"modified":"2023-06-07T15:09:35","modified_gmt":"2023-06-07T15:09:35","slug":"amplio-piso-con-ascensor-en-el-centro-de-soller","status":"publish","type":"property","link":"https:\/\/www.inmobiliariacoll.com\/de\/property\/amplio-piso-con-ascensor-en-el-centro-de-soller\/","title":{"rendered":"Ger\u00e4umige Wohnung mit Aufzug im Zentrum von S\u00f3ller"},"content":{"rendered":"\n<p>Diese sch\u00f6ne und ger\u00e4umige 125 m\u00b2 gro\u00dfe Wohnung verteilt sich auf eine Eingangshalle, ein helles Wohn-Esszimmer mit Holzofen, eine K\u00fcche, eine Waschk\u00fcche, 4 Schlafzimmer, einen gro\u00dfen Abstellraum und einen Balkon. Dar\u00fcber hinaus verf\u00fcgt die Wohnung \u00fcber einen Aufzug und liegt direkt im Stadtzentrum. Die Immobilie ist in gutem Zustand, bezugsfertig!<\/p>\n","protected":false},"excerpt":{"rendered":"<p>Diese sch\u00f6ne und ger\u00e4umige 125 m\u00b2 gro\u00dfe Wohnung verteilt sich auf eine Eingangshalle, ein helles Wohn-Esszimmer mit Holzofen, eine K\u00fcche, eine Waschk\u00fcche, 4 Schlafzimmer, einen gro\u00dfen Abstellraum und einen Balkon. Dar\u00fcber hinaus verf\u00fcgt die Wohnung \u00fcber einen Aufzug und liegt direkt im Stadtzentrum. Die Immobilie ist in gutem Zustand, bezugsfertig!<\/p>\n","protected":false},"author":3,"featured_media":11738,"parent":0,"menu_order":0,"template":"","property_type":[132],"property_status":[149],"property_feature":[],"property_label":[],"property_country":[157],"property_state":[161],"property_city":[174],"property_area":[],"class_list":["post-11762","property","type-property","status-publish","has-post-thumbnail","hentry","property_type-wohnung","property_status-verkauf","property_country-spanien","property_state-mallorca-de","property_city-soller-de"],"property_meta":{"_wpml_word_count":["{\"total\":84,\"to_translate\":{\"ca\":84,\"en\":84,\"de\":84}}"],"fave_property_id":["30243"],"fave_property_map":["1"],"fave_property_location":["25.68654,-80.431345,15"],"houzez_geolocation_lat":["25.68654"],"houzez_geolocation_long":["-80.431345"],"fave_property_map_street_view":["hide"],"fave_agent_display_option":["author_info"],"fave_agents":["-1"],"fave_property_agency":["-1"],"fave_single_top_area":["global"],"fave_single_content_area":["global"],"rs_page_bg_color":[""],"houzez_manual_expire":["0"],"_houzez_expiration_date_status":["saved"],"_wpml_media_duplicate":["1"],"_wpml_media_featured":["1"],"_wpml_location_migration_done":["1"],"_thumbnail_id":["11738"],"_edit_lock":["1686217452:3"],"_last_translation_edit_mode":["native-editor"],"_edit_last":["3"],"fave_property_images":["11738","11734","11730","11742","11746","11750","11754"],"fave_property_price":["470000"],"fave_property_size":["125"],"fave_property_bedrooms":["4"],"fave_property_bathrooms":["2"],"fave_featured":["0"],"fave_loggedintoview":["0"],"fave_prop_homeslider":["no"],"houzez_total_property_views":["106"],"houzez_views_by_date":["a:61:{s:10:\"04-11-2024\";i:1;s:10:\"04-26-2024\";i:1;s:10:\"05-07-2024\";i:1;s:10:\"05-25-2024\";i:1;s:10:\"06-05-2024\";i:1;s:10:\"06-06-2024\";i:1;s:10:\"06-08-2024\";i:1;s:10:\"06-14-2024\";i:2;s:10:\"06-24-2024\";i:1;s:10:\"06-27-2024\";i:1;s:10:\"08-02-2024\";i:1;s:10:\"08-08-2024\";i:1;s:10:\"08-18-2024\";i:1;s:10:\"09-06-2024\";i:1;s:10:\"09-13-2024\";i:1;s:10:\"10-02-2024\";i:1;s:10:\"10-14-2024\";i:1;s:10:\"10-16-2024\";i:1;s:10:\"10-19-2024\";i:1;s:10:\"11-05-2024\";i:1;s:10:\"11-23-2024\";i:1;s:10:\"12-06-2024\";i:1;s:10:\"01-09-2025\";i:1;s:10:\"02-03-2025\";i:1;s:10:\"02-07-2025\";i:1;s:10:\"02-11-2025\";i:1;s:10:\"03-06-2025\";i:1;s:10:\"03-26-2025\";i:1;s:10:\"04-10-2025\";i:1;s:10:\"05-01-2025\";i:1;s:10:\"05-02-2025\";i:1;s:10:\"05-03-2025\";i:1;s:10:\"05-22-2025\";i:2;s:10:\"06-04-2025\";i:1;s:10:\"06-26-2025\";i:1;s:10:\"07-06-2025\";i:1;s:10:\"08-16-2025\";i:1;s:10:\"08-18-2025\";i:1;s:10:\"08-21-2025\";i:2;s:10:\"09-06-2025\";i:1;s:10:\"09-10-2025\";i:1;s:10:\"09-11-2025\";i:1;s:10:\"09-23-2025\";i:1;s:10:\"09-24-2025\";i:1;s:10:\"09-25-2025\";i:1;s:10:\"10-09-2025\";i:1;s:10:\"10-15-2025\";i:1;s:10:\"10-17-2025\";i:1;s:10:\"11-14-2025\";i:1;s:10:\"11-19-2025\";i:1;s:10:\"12-04-2025\";i:1;s:10:\"12-19-2025\";i:1;s:10:\"12-30-2025\";i:2;s:10:\"01-03-2026\";i:1;s:10:\"01-08-2026\";i:1;s:10:\"01-17-2026\";i:2;s:10:\"01-18-2026\";i:1;s:10:\"02-07-2026\";i:1;s:10:\"02-11-2026\";i:1;s:10:\"03-12-2026\";i:1;s:10:\"03-13-2026\";i:1;}"],"houzez_recently_viewed":["2026-03-13 05:45:04"]},"_links":{"self":[{"href":"https:\/\/www.inmobiliariacoll.com\/de\/wp-json\/wp\/v2\/properties\/11762","targetHints":{"allow":["GET"]}}],"collection":[{"href":"https:\/\/www.inmobiliariacoll.com\/de\/wp-json\/wp\/v2\/properties"}],"about":[{"href":"https:\/\/www.inmobiliariacoll.com\/de\/wp-json\/wp\/v2\/types\/property"}],"author":[{"embeddable":true,"href":"https:\/\/www.inmobiliariacoll.com\/de\/wp-json\/wp\/v2\/users\/3"}],"version-history":[{"count":1,"href":"https:\/\/www.inmobiliariacoll.com\/de\/wp-json\/wp\/v2\/properties\/11762\/revisions"}],"predecessor-version":[{"id":11766,"href":"https:\/\/www.inmobiliariacoll.com\/de\/wp-json\/wp\/v2\/properties\/11762\/revisions\/11766"}],"wp:featuredmedia":[{"embeddable":true,"href":"https:\/\/www.inmobiliariacoll.com\/de\/wp-json\/wp\/v2\/media\/11738"}],"wp:attachment":[{"href":"https:\/\/www.inmobiliariacoll.com\/de\/wp-json\/wp\/v2\/media?parent=11762"}],"wp:term":[{"taxonomy":"property_type","embeddable":true,"href":"https:\/\/www.inmobiliariacoll.com\/de\/wp-json\/wp\/v2\/property_type?post=11762"},{"taxonomy":"property_status","embeddable":true,"href":"https:\/\/www.inmobiliariacoll.com\/de\/wp-json\/wp\/v2\/property_status?post=11762"},{"taxonomy":"property_feature","embeddable":true,"href":"https:\/\/www.inmobiliariacoll.com\/de\/wp-json\/wp\/v2\/property_feature?post=11762"},{"taxonomy":"property_label","embeddable":true,"href":"https:\/\/www.inmobiliariacoll.com\/de\/wp-json\/wp\/v2\/property_label?post=11762"},{"taxonomy":"property_country","embeddable":true,"href":"https:\/\/www.inmobiliariacoll.com\/de\/wp-json\/wp\/v2\/property_country?post=11762"},{"taxonomy":"property_state","embeddable":true,"href":"https:\/\/www.inmobiliariacoll.com\/de\/wp-json\/wp\/v2\/property_state?post=11762"},{"taxonomy":"property_city","embeddable":true,"href":"https:\/\/www.inmobiliariacoll.com\/de\/wp-json\/wp\/v2\/property_city?post=11762"},{"taxonomy":"property_area","embeddable":true,"href":"https:\/\/www.inmobiliariacoll.com\/de\/wp-json\/wp\/v2\/property_area?post=11762"}],"curies":[{"name":"wp","href":"https:\/\/api.w.org\/{rel}","templated":true}]}}

Geräumige Wohnung mit Aufzug im Zentrum von Sóller

<p>Diese schöne und geräumige 125 m² große Wohnung verteilt sich auf eine Eingangshalle, ein helles Wohn-Esszimmer mit Holzofen, eine Küche, eine Waschküche, 4 Schlafzimmer, einen großen Abstellraum und einen Balkon. Darüber hinaus verfügt die Wohnung über einen Aufzug und liegt direkt im Stadtzentrum. Die Immobilie ist in gutem Zustand, bezugsfertig!</p>
