{"id":11720,"date":"2023-05-25T13:44:21","date_gmt":"2023-05-25T13:44:21","guid":{"rendered":"https:\/\/www.inmobiliariacoll.com\/property\/bonito-olivar-en-las-montanas-de-soller-con-fantasticas-vistas\/"},"modified":"2023-05-25T13:50:19","modified_gmt":"2023-05-25T13:50:19","slug":"bonito-olivar-en-las-montanas-de-soller-con-fantasticas-vistas","status":"publish","type":"property","link":"https:\/\/www.inmobiliariacoll.com\/de\/property\/bonito-olivar-en-las-montanas-de-soller-con-fantasticas-vistas\/","title":{"rendered":"Sch\u00f6ner Olivenhain in den Bergen von S\u00f3ller mit fantastischer Aussicht"},"content":{"rendered":"\n<p>Dieser wundersch\u00f6ne Olivenhain liegt am Stadtrand von S\u00f3ller, nur 15 Autominuten von der Stadt entfernt und verf\u00fcgt \u00fcber ein wundersch\u00f6nes Steinhaus mit einem Wohn-Esszimmer mit Holzofen, K\u00fcche, Bad, 2 Schlafzimmern und einem gro\u00dfen und sonnigen Terrasse mit fantastischem Blick auf das Tal und die umliegenden Berge. Das Anwesen arbeitet mit Sonnenkollektoren und Stromgenerator und verf\u00fcgt \u00fcber Wassertanks von ca. 33.000 Liter. Es ist perfekt, um die Natur zu genie\u00dfen und in den Bergen zu entspannen<\/p>\n","protected":false},"excerpt":{"rendered":"<p>Dieser wundersch\u00f6ne Olivenhain liegt am Stadtrand von S\u00f3ller, nur 15 Autominuten von der Stadt entfernt und verf\u00fcgt \u00fcber ein wundersch\u00f6nes Steinhaus mit einem Wohn-Esszimmer mit Holzofen, K\u00fcche, Bad, 2 Schlafzimmern und einem gro\u00dfen und sonnigen Terrasse mit fantastischem Blick auf das Tal und die umliegenden Berge. Das Anwesen arbeitet mit Sonnenkollektoren und Stromgenerator und verf\u00fcgt [&hellip;]<\/p>\n","protected":false},"author":3,"featured_media":11681,"parent":0,"menu_order":0,"template":"","property_type":[147],"property_status":[149],"property_feature":[],"property_label":[],"property_country":[157],"property_state":[161],"property_city":[174],"property_area":[],"class_list":["post-11720","property","type-property","status-publish","has-post-thumbnail","hentry","property_type-landhaus","property_status-verkauf","property_country-spanien","property_state-mallorca-de","property_city-soller-de"],"property_meta":{"_wpml_word_count":["{\"total\":124,\"to_translate\":{\"ca\":124,\"en\":124,\"de\":124}}"],"fave_property_id":["02140"],"fave_property_map":["1"],"fave_property_location":["25.68654,-80.431345,15"],"houzez_geolocation_lat":["25.68654"],"houzez_geolocation_long":["-80.431345"],"fave_property_map_street_view":["hide"],"fave_agent_display_option":["author_info"],"fave_agents":["-1"],"fave_property_agency":["-1"],"fave_single_top_area":["global"],"fave_single_content_area":["global"],"rs_page_bg_color":[""],"houzez_manual_expire":["0"],"_houzez_expiration_date_status":["saved"],"_wpml_media_duplicate":["1"],"_wpml_media_featured":["1"],"_thumbnail_id":["11681"],"_edit_lock":["1685022623:3"],"_last_translation_edit_mode":["native-editor"],"_edit_last":["3"],"fave_property_images":["11661","11653","11657","11709","11673","11677","11681","11693","11701","11713","11697","11705","11685","11669","11689"],"fave_property_price":["380000"],"fave_property_size":["65"],"fave_property_land":["6140"],"fave_property_bedrooms":["2"],"fave_property_bathrooms":["1"],"fave_featured":["0"],"fave_loggedintoview":["0"],"fave_prop_homeslider":["no"],"houzez_total_property_views":["268"],"houzez_views_by_date":["a:61:{s:10:\"02-11-2025\";i:1;s:10:\"02-15-2025\";i:1;s:10:\"03-06-2025\";i:1;s:10:\"03-23-2025\";i:1;s:10:\"03-24-2025\";i:1;s:10:\"03-27-2025\";i:1;s:10:\"04-05-2025\";i:1;s:10:\"04-08-2025\";i:2;s:10:\"04-09-2025\";i:2;s:10:\"04-21-2025\";i:1;s:10:\"04-22-2025\";i:1;s:10:\"04-25-2025\";i:1;s:10:\"05-02-2025\";i:1;s:10:\"05-04-2025\";i:1;s:10:\"05-22-2025\";i:2;s:10:\"05-26-2025\";i:1;s:10:\"05-31-2025\";i:1;s:10:\"06-01-2025\";i:1;s:10:\"06-11-2025\";i:1;s:10:\"06-23-2025\";i:1;s:10:\"06-25-2025\";i:1;s:10:\"06-30-2025\";i:6;s:10:\"07-01-2025\";i:7;s:10:\"07-02-2025\";i:3;s:10:\"07-03-2025\";i:2;s:10:\"08-12-2025\";i:1;s:10:\"08-21-2025\";i:1;s:10:\"08-28-2025\";i:1;s:10:\"08-30-2025\";i:2;s:10:\"09-01-2025\";i:1;s:10:\"09-02-2025\";i:1;s:10:\"09-06-2025\";i:1;s:10:\"09-11-2025\";i:2;s:10:\"09-12-2025\";i:1;s:10:\"09-23-2025\";i:1;s:10:\"09-25-2025\";i:1;s:10:\"09-28-2025\";i:1;s:10:\"10-09-2025\";i:1;s:10:\"10-19-2025\";i:7;s:10:\"10-21-2025\";i:2;s:10:\"11-10-2025\";i:1;s:10:\"11-11-2025\";i:1;s:10:\"11-14-2025\";i:1;s:10:\"11-19-2025\";i:1;s:10:\"12-30-2025\";i:3;s:10:\"01-10-2026\";i:2;s:10:\"01-17-2026\";i:2;s:10:\"02-22-2026\";i:1;s:10:\"02-26-2026\";i:2;s:10:\"02-28-2026\";i:2;s:10:\"03-13-2026\";i:1;s:10:\"03-15-2026\";i:1;s:10:\"03-21-2026\";i:1;s:10:\"03-28-2026\";i:1;s:10:\"04-04-2026\";i:1;s:10:\"04-10-2026\";i:1;s:10:\"04-11-2026\";i:2;s:10:\"04-14-2026\";i:1;s:10:\"04-21-2026\";i:1;s:10:\"04-26-2026\";i:1;s:10:\"04-30-2026\";i:2;}"],"houzez_recently_viewed":["2026-04-30 13:03:07"]},"_links":{"self":[{"href":"https:\/\/www.inmobiliariacoll.com\/de\/wp-json\/wp\/v2\/properties\/11720","targetHints":{"allow":["GET"]}}],"collection":[{"href":"https:\/\/www.inmobiliariacoll.com\/de\/wp-json\/wp\/v2\/properties"}],"about":[{"href":"https:\/\/www.inmobiliariacoll.com\/de\/wp-json\/wp\/v2\/types\/property"}],"author":[{"embeddable":true,"href":"https:\/\/www.inmobiliariacoll.com\/de\/wp-json\/wp\/v2\/users\/3"}],"version-history":[{"count":1,"href":"https:\/\/www.inmobiliariacoll.com\/de\/wp-json\/wp\/v2\/properties\/11720\/revisions"}],"predecessor-version":[{"id":11724,"href":"https:\/\/www.inmobiliariacoll.com\/de\/wp-json\/wp\/v2\/properties\/11720\/revisions\/11724"}],"wp:featuredmedia":[{"embeddable":true,"href":"https:\/\/www.inmobiliariacoll.com\/de\/wp-json\/wp\/v2\/media\/11681"}],"wp:attachment":[{"href":"https:\/\/www.inmobiliariacoll.com\/de\/wp-json\/wp\/v2\/media?parent=11720"}],"wp:term":[{"taxonomy":"property_type","embeddable":true,"href":"https:\/\/www.inmobiliariacoll.com\/de\/wp-json\/wp\/v2\/property_type?post=11720"},{"taxonomy":"property_status","embeddable":true,"href":"https:\/\/www.inmobiliariacoll.com\/de\/wp-json\/wp\/v2\/property_status?post=11720"},{"taxonomy":"property_feature","embeddable":true,"href":"https:\/\/www.inmobiliariacoll.com\/de\/wp-json\/wp\/v2\/property_feature?post=11720"},{"taxonomy":"property_label","embeddable":true,"href":"https:\/\/www.inmobiliariacoll.com\/de\/wp-json\/wp\/v2\/property_label?post=11720"},{"taxonomy":"property_country","embeddable":true,"href":"https:\/\/www.inmobiliariacoll.com\/de\/wp-json\/wp\/v2\/property_country?post=11720"},{"taxonomy":"property_state","embeddable":true,"href":"https:\/\/www.inmobiliariacoll.com\/de\/wp-json\/wp\/v2\/property_state?post=11720"},{"taxonomy":"property_city","embeddable":true,"href":"https:\/\/www.inmobiliariacoll.com\/de\/wp-json\/wp\/v2\/property_city?post=11720"},{"taxonomy":"property_area","embeddable":true,"href":"https:\/\/www.inmobiliariacoll.com\/de\/wp-json\/wp\/v2\/property_area?post=11720"}],"curies":[{"name":"wp","href":"https:\/\/api.w.org\/{rel}","templated":true}]}}

Schöner Olivenhain in den Bergen von Sóller mit fantastischer Aussicht

<p>Dieser wunderschöne Olivenhain liegt am Stadtrand von Sóller, nur 15 Autominuten von der Stadt entfernt und verfügt über ein wunderschönes Steinhaus mit einem Wohn-Esszimmer mit Holzofen, Küche, Bad, 2 Schlafzimmern und einem großen und sonnigen Terrasse mit fantastischem Blick auf das Tal und die umliegenden Berge. Das Anwesen arbeitet mit Sonnenkollektoren und Stromgenerator und verfügt über Wassertanks von ca. 33.000 Liter. Es ist perfekt, um die Natur zu genießen und in den Bergen zu entspannen</p>

<p>Dieser wunderschöne Olivenhain liegt am Stadtrand von Sóller, nur 15 Autominuten von der Stadt entfernt und verfügt über ein wunderschönes Steinhaus mit einem Wohn-Esszimmer mit Holzofen, Küche, Bad, 2 Schlafzimmern und einem großen und sonnigen Terrasse mit fantastischem Blick auf das Tal und die umliegenden Berge. Das Anwesen arbeitet mit Sonnenkollektoren und Stromgenerator und verfügt [&hellip;]</p>
