{"id":9163,"date":"2022-07-11T12:16:58","date_gmt":"2022-07-11T12:16:58","guid":{"rendered":"https:\/\/www.inmobiliariacoll.com\/property\/espacioso-duplex-con-terraza-y-fantasticas-vistas-cerca-de-la-playa\/"},"modified":"2022-09-14T10:52:12","modified_gmt":"2022-09-14T10:52:12","slug":"espacioso-duplex-con-terraza-y-fantasticas-vistas-cerca-de-la-playa","status":"publish","type":"property","link":"https:\/\/www.inmobiliariacoll.com\/ca\/property\/espacioso-duplex-con-terraza-y-fantasticas-vistas-cerca-de-la-playa\/","title":{"rendered":"Espai\u00f3s d\u00faplex amb terrassa i fant\u00e0stiques vistes a prop de la platja"},"content":{"rendered":"\n<p>Aquest bonic d\u00faplex consta de 174m2 distribu\u00efts en 2 plantes i est\u00e0 situat a una molt bona zona de serveis a pocs metres de la platja. S&#8217;accedeix directament a l&#8217;interior de la propietat a trav\u00e9s d&#8217;un ascensor\/elevador, la planta baixa es distribueix en sal\u00f3-menjador, cuina totalment equipada, bugaderia, lavabo, \u00e0mplia habitaci\u00f3 principal amb bany en suite, dutxa d&#8217;hidromassatge, altell i aire condicionat , segona habitaci\u00f3 amb altell i grans armaris. La planta superior \u00e9s un espai di\u00e0fan que es pot utilitzar com un estudi amb zona de dormitori, bany en suite i jacuzzi per a dues persones. Des d\u00b4aqu\u00ed s\u00b4accedeix a un altell ia la terrassa amb fant\u00e0stiques vistes sobre la badia del Port de S\u00f3ller. El lloc perfecte per als que vulguin viure tot l&#8217;any a prop del mar o com a segona resid\u00e8ncia<\/p>\n","protected":false},"excerpt":{"rendered":"<p>Aquest bonic d\u00faplex consta de 174m2 distribu\u00efts en 2 plantes i est\u00e0 situat a una molt bona zona de serveis a pocs metres de la platja. S&#8217;accedeix directament a l&#8217;interior de la propietat a trav\u00e9s d&#8217;un ascensor\/elevador, la planta baixa es distribueix en sal\u00f3-menjador, cuina totalment equipada, bugaderia, lavabo, \u00e0mplia habitaci\u00f3 principal amb bany en [&hellip;]<\/p>\n","protected":false},"author":3,"featured_media":9068,"parent":0,"menu_order":0,"template":"","property_type":[130],"property_status":[78],"property_feature":[],"property_label":[184],"property_country":[156],"property_state":[159],"property_city":[129],"property_area":[],"class_list":["post-9163","property","type-property","status-publish","has-post-thumbnail","hentry","property_type-piso","property_status-alquiler","property_label-alquilado","property_country-espana","property_state-mallorca","property_city-puerto-de-soller-es"],"property_meta":{"fave_property_price":["1500"],"fave_property_size":["174"],"fave_property_bedrooms":["3"],"fave_property_bathrooms":["3"],"fave_property_id":["90128"],"fave_property_map":["1"],"fave_property_location":["25.68654,-80.431345,15"],"houzez_geolocation_lat":["25.68654"],"houzez_geolocation_long":["-80.431345"],"fave_property_map_street_view":["hide"],"fave_featured":["0"],"fave_loggedintoview":["0"],"fave_agent_display_option":["author_info"],"fave_agents":["-1"],"fave_property_agency":["-1"],"fave_prop_homeslider":["no"],"fave_single_top_area":["global"],"fave_single_content_area":["global"],"rs_page_bg_color":[""],"houzez_manual_expire":["0"],"_houzez_expiration_date_status":["saved"],"_wpml_media_duplicate":["1"],"_wpml_media_featured":["1"],"_thumbnail_id":["9068"],"_edit_lock":["1663152732:3"],"_last_translation_edit_mode":["translation-editor"],"_edit_last":["3"],"fave_property_images":["9067","9088","9092","9144","9100","9104","9112","9155","9096","9084","9080","9072","9076","9148","9120"],"houzez_total_property_views":["175"],"houzez_views_by_date":["a:61:{s:10:\"02-15-2025\";i:1;s:10:\"02-17-2025\";i:1;s:10:\"02-19-2025\";i:1;s:10:\"02-22-2025\";i:1;s:10:\"02-24-2025\";i:1;s:10:\"02-27-2025\";i:1;s:10:\"03-01-2025\";i:1;s:10:\"03-03-2025\";i:1;s:10:\"03-06-2025\";i:2;s:10:\"03-08-2025\";i:1;s:10:\"03-11-2025\";i:1;s:10:\"03-13-2025\";i:1;s:10:\"03-17-2025\";i:1;s:10:\"03-20-2025\";i:1;s:10:\"03-23-2025\";i:1;s:10:\"03-25-2025\";i:1;s:10:\"03-27-2025\";i:1;s:10:\"03-28-2025\";i:1;s:10:\"03-31-2025\";i:1;s:10:\"04-02-2025\";i:1;s:10:\"04-05-2025\";i:1;s:10:\"04-08-2025\";i:1;s:10:\"04-12-2025\";i:1;s:10:\"04-18-2025\";i:1;s:10:\"04-29-2025\";i:1;s:10:\"05-02-2025\";i:1;s:10:\"05-04-2025\";i:1;s:10:\"05-23-2025\";i:1;s:10:\"06-01-2025\";i:1;s:10:\"06-09-2025\";i:1;s:10:\"06-27-2025\";i:1;s:10:\"06-29-2025\";i:1;s:10:\"07-03-2025\";i:1;s:10:\"08-08-2025\";i:1;s:10:\"08-16-2025\";i:1;s:10:\"08-25-2025\";i:1;s:10:\"08-28-2025\";i:1;s:10:\"09-01-2025\";i:1;s:10:\"09-06-2025\";i:1;s:10:\"09-11-2025\";i:1;s:10:\"09-12-2025\";i:1;s:10:\"09-23-2025\";i:1;s:10:\"09-24-2025\";i:1;s:10:\"09-25-2025\";i:1;s:10:\"10-02-2025\";i:1;s:10:\"10-03-2025\";i:1;s:10:\"10-09-2025\";i:1;s:10:\"10-20-2025\";i:1;s:10:\"11-10-2025\";i:1;s:10:\"11-16-2025\";i:1;s:10:\"11-17-2025\";i:1;s:10:\"11-28-2025\";i:1;s:10:\"11-29-2025\";i:1;s:10:\"12-03-2025\";i:4;s:10:\"12-15-2025\";i:1;s:10:\"12-24-2025\";i:1;s:10:\"01-11-2026\";i:1;s:10:\"01-16-2026\";i:1;s:10:\"02-24-2026\";i:1;s:10:\"03-02-2026\";i:1;s:10:\"03-14-2026\";i:1;}"],"houzez_recently_viewed":["2026-03-14 23:07:14"]},"_links":{"self":[{"href":"https:\/\/www.inmobiliariacoll.com\/ca\/wp-json\/wp\/v2\/properties\/9163","targetHints":{"allow":["GET"]}}],"collection":[{"href":"https:\/\/www.inmobiliariacoll.com\/ca\/wp-json\/wp\/v2\/properties"}],"about":[{"href":"https:\/\/www.inmobiliariacoll.com\/ca\/wp-json\/wp\/v2\/types\/property"}],"author":[{"embeddable":true,"href":"https:\/\/www.inmobiliariacoll.com\/ca\/wp-json\/wp\/v2\/users\/3"}],"version-history":[{"count":1,"href":"https:\/\/www.inmobiliariacoll.com\/ca\/wp-json\/wp\/v2\/properties\/9163\/revisions"}],"predecessor-version":[{"id":9166,"href":"https:\/\/www.inmobiliariacoll.com\/ca\/wp-json\/wp\/v2\/properties\/9163\/revisions\/9166"}],"wp:featuredmedia":[{"embeddable":true,"href":"https:\/\/www.inmobiliariacoll.com\/ca\/wp-json\/wp\/v2\/media\/9068"}],"wp:attachment":[{"href":"https:\/\/www.inmobiliariacoll.com\/ca\/wp-json\/wp\/v2\/media?parent=9163"}],"wp:term":[{"taxonomy":"property_type","embeddable":true,"href":"https:\/\/www.inmobiliariacoll.com\/ca\/wp-json\/wp\/v2\/property_type?post=9163"},{"taxonomy":"property_status","embeddable":true,"href":"https:\/\/www.inmobiliariacoll.com\/ca\/wp-json\/wp\/v2\/property_status?post=9163"},{"taxonomy":"property_feature","embeddable":true,"href":"https:\/\/www.inmobiliariacoll.com\/ca\/wp-json\/wp\/v2\/property_feature?post=9163"},{"taxonomy":"property_label","embeddable":true,"href":"https:\/\/www.inmobiliariacoll.com\/ca\/wp-json\/wp\/v2\/property_label?post=9163"},{"taxonomy":"property_country","embeddable":true,"href":"https:\/\/www.inmobiliariacoll.com\/ca\/wp-json\/wp\/v2\/property_country?post=9163"},{"taxonomy":"property_state","embeddable":true,"href":"https:\/\/www.inmobiliariacoll.com\/ca\/wp-json\/wp\/v2\/property_state?post=9163"},{"taxonomy":"property_city","embeddable":true,"href":"https:\/\/www.inmobiliariacoll.com\/ca\/wp-json\/wp\/v2\/property_city?post=9163"},{"taxonomy":"property_area","embeddable":true,"href":"https:\/\/www.inmobiliariacoll.com\/ca\/wp-json\/wp\/v2\/property_area?post=9163"}],"curies":[{"name":"wp","href":"https:\/\/api.w.org\/{rel}","templated":true}]}}

Espaiós dúplex amb terrassa i fantàstiques vistes a prop de la platja

<p>Aquest bonic dúplex consta de 174m2 distribuïts en 2 plantes i està situat a una molt bona zona de serveis a pocs metres de la platja. S&#8217;accedeix directament a l&#8217;interior de la propietat a través d&#8217;un ascensor/elevador, la planta baixa es distribueix en saló-menjador, cuina totalment equipada, bugaderia, lavabo, àmplia habitació principal amb bany en suite, dutxa d&#8217;hidromassatge, altell i aire condicionat , segona habitació amb altell i grans armaris. La planta superior és un espai diàfan que es pot utilitzar com un estudi amb zona de dormitori, bany en suite i jacuzzi per a dues persones. Des d´aquí s´accedeix a un altell ia la terrassa amb fantàstiques vistes sobre la badia del Port de Sóller. El lloc perfecte per als que vulguin viure tot l&#8217;any a prop del mar o com a segona residència</p>

<p>Aquest bonic dúplex consta de 174m2 distribuïts en 2 plantes i està situat a una molt bona zona de serveis a pocs metres de la platja. S&#8217;accedeix directament a l&#8217;interior de la propietat a través d&#8217;un ascensor/elevador, la planta baixa es distribueix en saló-menjador, cuina totalment equipada, bugaderia, lavabo, àmplia habitació principal amb bany en [&hellip;]</p>
