{"id":9055,"date":"2022-06-15T11:04:45","date_gmt":"2022-06-15T11:04:45","guid":{"rendered":"https:\/\/www.inmobiliariacoll.com\/property\/finca-con-casa-de-piedra-terreno-y-fantasticas-vistas-en-soller\/"},"modified":"2022-06-15T11:22:47","modified_gmt":"2022-06-15T11:22:47","slug":"finca-con-casa-de-piedra-terreno-y-fantasticas-vistas-en-soller","status":"publish","type":"property","link":"https:\/\/www.inmobiliariacoll.com\/ca\/property\/finca-con-casa-de-piedra-terreno-y-fantasticas-vistas-en-soller\/","title":{"rendered":"Finca amb casa de pedra, terreny i fant\u00e0stiques vistes a S\u00f3ller"},"content":{"rendered":"\n<p>Aquesta bonica finca es troba en una zona molt tranquil\u00b7la i assolellada a poca dist\u00e0ncia del centre de S\u00f3ller. Des del jard\u00ed davanter amb un antic pou i, mitjan\u00e7ant una antiga porta de fusta, s&#8217;accedeix a l&#8217;entrada principal de la casa on els trespols de pedra, bigues de fusta, arcs i baranes de ferro forjat reflecteixen el seu enorme car\u00e0cter i tradici\u00f3. A l&#8217;entres\u00f2l hi ha una cuina totalment equipada amb rebost, un lavabo i un llumin\u00f3s sal\u00f3-menjador amb aire condicionat, des d&#8217;aqu\u00ed s&#8217;accedeix a les terrasses i al jard\u00ed. A la primera planta hi ha els 3 dormitoris amb un gran distribu\u00efdor i un ampli bany. La planta superior o golfes ofereix fant\u00e0stiques vistes i possibilitats per a un estudi o per a m\u00e9s habitacions. El terreny disposa de diverses terrasses, zona de barbacoa, aljub, aigua en propietat, i unes espectaculars vistes a les muntanyes de S\u00f3ller. Destacar a m\u00e9s que \u00e9s possible la construcci\u00f3 d&#8217;una piscina i que al costat de la propietat tamb\u00e9 hi ha un hort amb caseta a reformar i pou. Sens dubte una propietat la ubicaci\u00f3 de la qual, encant i tradici\u00f3 la converteixen en un lloc especial on viure!<\/p>\n","protected":false},"excerpt":{"rendered":"<p>Aquesta bonica finca es troba en una zona molt tranquil\u00b7la i assolellada a poca dist\u00e0ncia del centre de S\u00f3ller. Des del jard\u00ed davanter amb un antic pou i, mitjan\u00e7ant una antiga porta de fusta, s&#8217;accedeix a l&#8217;entrada principal de la casa on els trespols de pedra, bigues de fusta, arcs i baranes de ferro forjat [&hellip;]<\/p>\n","protected":false},"author":3,"featured_media":9003,"parent":0,"menu_order":0,"template":"","property_type":[136,75],"property_status":[148],"property_feature":[],"property_label":[],"property_country":[156],"property_state":[159],"property_city":[155],"property_area":[],"class_list":["post-9055","property","type-property","status-publish","has-post-thumbnail","hentry","property_type-casa","property_type-finca","property_status-venta","property_country-espana","property_state-mallorca","property_city-soller-es"],"property_meta":{"fave_property_price":["2500000"],"fave_property_size":["379"],"fave_property_land":["2026"],"fave_property_bedrooms":["5"],"fave_property_bathrooms":["2"],"fave_property_id":["20520"],"fave_property_map":["1"],"fave_property_location":["25.68654,-80.431345,15"],"houzez_geolocation_lat":["25.68654"],"houzez_geolocation_long":["-80.431345"],"fave_property_map_street_view":["hide"],"fave_featured":["0"],"fave_loggedintoview":["0"],"fave_agent_display_option":["author_info"],"fave_agents":["-1"],"fave_property_agency":["-1"],"fave_prop_homeslider":["no"],"fave_single_top_area":["global"],"fave_single_content_area":["global"],"rs_page_bg_color":[""],"houzez_manual_expire":["0"],"_houzez_expiration_date_status":["saved"],"_wpml_media_duplicate":["1"],"_wpml_media_featured":["1"],"_thumbnail_id":["9003"],"_edit_lock":["1657873794:3"],"_last_translation_edit_mode":["native-editor"],"_edit_last":["3"],"fave_property_images":["9050","8994","9046","9026","9018","9014","8998","9002","9010","9022","9030","9034","9038","9042","9006"],"houzez_total_property_views":["194"],"houzez_views_by_date":["a:61:{s:10:\"08-16-2024\";i:2;s:10:\"08-21-2024\";i:1;s:10:\"09-03-2024\";i:1;s:10:\"09-13-2024\";i:1;s:10:\"09-14-2024\";i:1;s:10:\"09-15-2024\";i:1;s:10:\"09-18-2024\";i:1;s:10:\"09-21-2024\";i:1;s:10:\"10-22-2024\";i:1;s:10:\"10-27-2024\";i:1;s:10:\"11-05-2024\";i:1;s:10:\"11-20-2024\";i:2;s:10:\"12-17-2024\";i:8;s:10:\"12-22-2024\";i:1;s:10:\"02-03-2025\";i:1;s:10:\"02-09-2025\";i:1;s:10:\"02-11-2025\";i:1;s:10:\"03-06-2025\";i:1;s:10:\"03-27-2025\";i:1;s:10:\"03-31-2025\";i:1;s:10:\"04-03-2025\";i:1;s:10:\"04-05-2025\";i:1;s:10:\"04-06-2025\";i:1;s:10:\"04-30-2025\";i:1;s:10:\"05-14-2025\";i:1;s:10:\"05-20-2025\";i:1;s:10:\"05-26-2025\";i:1;s:10:\"06-11-2025\";i:1;s:10:\"07-08-2025\";i:1;s:10:\"07-11-2025\";i:1;s:10:\"07-14-2025\";i:1;s:10:\"07-24-2025\";i:1;s:10:\"08-05-2025\";i:1;s:10:\"08-10-2025\";i:1;s:10:\"08-12-2025\";i:1;s:10:\"09-02-2025\";i:1;s:10:\"09-06-2025\";i:1;s:10:\"09-11-2025\";i:3;s:10:\"09-12-2025\";i:1;s:10:\"09-23-2025\";i:1;s:10:\"09-25-2025\";i:2;s:10:\"10-04-2025\";i:1;s:10:\"10-10-2025\";i:1;s:10:\"10-20-2025\";i:1;s:10:\"10-23-2025\";i:1;s:10:\"11-10-2025\";i:1;s:10:\"11-13-2025\";i:1;s:10:\"11-19-2025\";i:1;s:10:\"11-29-2025\";i:1;s:10:\"11-30-2025\";i:1;s:10:\"12-04-2025\";i:1;s:10:\"12-24-2025\";i:1;s:10:\"12-30-2025\";i:1;s:10:\"01-13-2026\";i:1;s:10:\"01-19-2026\";i:1;s:10:\"02-21-2026\";i:1;s:10:\"02-28-2026\";i:1;s:10:\"03-01-2026\";i:1;s:10:\"03-02-2026\";i:1;s:10:\"04-11-2026\";i:1;s:10:\"04-17-2026\";i:1;}"],"houzez_recently_viewed":["2026-04-17 17:27:22"]},"_links":{"self":[{"href":"https:\/\/www.inmobiliariacoll.com\/ca\/wp-json\/wp\/v2\/properties\/9055","targetHints":{"allow":["GET"]}}],"collection":[{"href":"https:\/\/www.inmobiliariacoll.com\/ca\/wp-json\/wp\/v2\/properties"}],"about":[{"href":"https:\/\/www.inmobiliariacoll.com\/ca\/wp-json\/wp\/v2\/types\/property"}],"author":[{"embeddable":true,"href":"https:\/\/www.inmobiliariacoll.com\/ca\/wp-json\/wp\/v2\/users\/3"}],"version-history":[{"count":1,"href":"https:\/\/www.inmobiliariacoll.com\/ca\/wp-json\/wp\/v2\/properties\/9055\/revisions"}],"predecessor-version":[{"id":9059,"href":"https:\/\/www.inmobiliariacoll.com\/ca\/wp-json\/wp\/v2\/properties\/9055\/revisions\/9059"}],"wp:featuredmedia":[{"embeddable":true,"href":"https:\/\/www.inmobiliariacoll.com\/ca\/wp-json\/wp\/v2\/media\/9003"}],"wp:attachment":[{"href":"https:\/\/www.inmobiliariacoll.com\/ca\/wp-json\/wp\/v2\/media?parent=9055"}],"wp:term":[{"taxonomy":"property_type","embeddable":true,"href":"https:\/\/www.inmobiliariacoll.com\/ca\/wp-json\/wp\/v2\/property_type?post=9055"},{"taxonomy":"property_status","embeddable":true,"href":"https:\/\/www.inmobiliariacoll.com\/ca\/wp-json\/wp\/v2\/property_status?post=9055"},{"taxonomy":"property_feature","embeddable":true,"href":"https:\/\/www.inmobiliariacoll.com\/ca\/wp-json\/wp\/v2\/property_feature?post=9055"},{"taxonomy":"property_label","embeddable":true,"href":"https:\/\/www.inmobiliariacoll.com\/ca\/wp-json\/wp\/v2\/property_label?post=9055"},{"taxonomy":"property_country","embeddable":true,"href":"https:\/\/www.inmobiliariacoll.com\/ca\/wp-json\/wp\/v2\/property_country?post=9055"},{"taxonomy":"property_state","embeddable":true,"href":"https:\/\/www.inmobiliariacoll.com\/ca\/wp-json\/wp\/v2\/property_state?post=9055"},{"taxonomy":"property_city","embeddable":true,"href":"https:\/\/www.inmobiliariacoll.com\/ca\/wp-json\/wp\/v2\/property_city?post=9055"},{"taxonomy":"property_area","embeddable":true,"href":"https:\/\/www.inmobiliariacoll.com\/ca\/wp-json\/wp\/v2\/property_area?post=9055"}],"curies":[{"name":"wp","href":"https:\/\/api.w.org\/{rel}","templated":true}]}}

Finca amb casa de pedra, terreny i fantàstiques vistes a Sóller

<p>Aquesta bonica finca es troba en una zona molt tranquil·la i assolellada a poca distància del centre de Sóller. Des del jardí davanter amb un antic pou i, mitjançant una antiga porta de fusta, s&#8217;accedeix a l&#8217;entrada principal de la casa on els trespols de pedra, bigues de fusta, arcs i baranes de ferro forjat reflecteixen el seu enorme caràcter i tradició. A l&#8217;entresòl hi ha una cuina totalment equipada amb rebost, un lavabo i un lluminós saló-menjador amb aire condicionat, des d&#8217;aquí s&#8217;accedeix a les terrasses i al jardí. A la primera planta hi ha els 3 dormitoris amb un gran distribuïdor i un ampli bany. La planta superior o golfes ofereix fantàstiques vistes i possibilitats per a un estudi o per a més habitacions. El terreny disposa de diverses terrasses, zona de barbacoa, aljub, aigua en propietat, i unes espectaculars vistes a les muntanyes de Sóller. Destacar a més que és possible la construcció d&#8217;una piscina i que al costat de la propietat també hi ha un hort amb caseta a reformar i pou. Sens dubte una propietat la ubicació de la qual, encant i tradició la converteixen en un lloc especial on viure!</p>

<p>Aquesta bonica finca es troba en una zona molt tranquil·la i assolellada a poca distància del centre de Sóller. Des del jardí davanter amb un antic pou i, mitjançant una antiga porta de fusta, s&#8217;accedeix a l&#8217;entrada principal de la casa on els trespols de pedra, bigues de fusta, arcs i baranes de ferro forjat [&hellip;]</p>
