{"id":6811,"date":"2021-07-06T10:25:28","date_gmt":"2021-07-06T10:25:28","guid":{"rendered":"https:\/\/www.inmobiliariacoll.com\/property\/olivar-con-casita-y-fantasticas-vistas-en-las-montanas-de-soller\/"},"modified":"2023-04-12T09:04:36","modified_gmt":"2023-04-12T09:04:36","slug":"olivar-con-casita-y-fantasticas-vistas-en-las-montanas-de-soller","status":"publish","type":"property","link":"https:\/\/www.inmobiliariacoll.com\/ca\/property\/olivar-con-casita-y-fantasticas-vistas-en-las-montanas-de-soller\/","title":{"rendered":"Olivar amb caseta i fant\u00e0stiques vistes a les muntanyes de S\u00f3ller"},"content":{"rendered":"\n<p>Olivar d&#8217;aprox. 2.000m2 a les muntanyes de S\u00f3ller amb caseta de pedra amb cuina i zona d&#8217;estar amb fant\u00e0stiques vistes. Disposa d&#8217;acc\u00e9s en cotxe per carretera de muntanya<\/p>\n","protected":false},"excerpt":{"rendered":"<p>Olivar d&#8217;aprox. 2.000m2 a les muntanyes de S\u00f3ller amb caseta de pedra amb cuina i zona d&#8217;estar amb fant\u00e0stiques vistes. Disposa d&#8217;acc\u00e9s en cotxe per carretera de muntanya<\/p>\n","protected":false},"author":3,"featured_media":6802,"parent":0,"menu_order":0,"template":"","property_type":[146],"property_status":[150],"property_feature":[],"property_label":[213,221],"property_country":[158],"property_state":[160],"property_city":[175],"property_area":[],"class_list":["post-6811","property","type-property","status-publish","has-post-thumbnail","hentry","property_type-rustica-ca","property_status-venda","property_label-reservat-per-inmob-coll","property_label-venut-per-inmob-coll","property_country-espanya","property_state-mallorca-ca","property_city-soller-ca"],"property_meta":{"fave_property_id":["40157"],"fave_property_map":["1"],"fave_property_location":["25.68654,-80.431345,15"],"houzez_geolocation_lat":["25.68654"],"houzez_geolocation_long":["-80.431345"],"fave_property_map_street_view":["hide"],"fave_agent_display_option":["author_info"],"fave_agents":["-1"],"fave_property_agency":["-1"],"fave_single_top_area":["global"],"fave_single_content_area":["global"],"rs_page_bg_color":[""],"houzez_manual_expire":["0"],"_houzez_expiration_date_status":["saved"],"_wpml_media_duplicate":["1"],"_wpml_media_featured":["1"],"_edit_lock":["1681290279:3"],"_last_translation_edit_mode":["native-editor"],"_edit_last":["3"],"houzez_total_property_views":["415"],"houzez_views_by_date":["a:61:{s:10:\"03-09-2025\";i:1;s:10:\"03-16-2025\";i:1;s:10:\"03-26-2025\";i:1;s:10:\"03-27-2025\";i:1;s:10:\"04-04-2025\";i:1;s:10:\"04-07-2025\";i:1;s:10:\"04-10-2025\";i:1;s:10:\"04-25-2025\";i:1;s:10:\"05-02-2025\";i:2;s:10:\"05-05-2025\";i:5;s:10:\"05-07-2025\";i:1;s:10:\"05-16-2025\";i:1;s:10:\"05-22-2025\";i:1;s:10:\"06-04-2025\";i:1;s:10:\"06-15-2025\";i:1;s:10:\"06-28-2025\";i:1;s:10:\"07-04-2025\";i:1;s:10:\"07-21-2025\";i:1;s:10:\"07-30-2025\";i:1;s:10:\"08-05-2025\";i:1;s:10:\"08-16-2025\";i:1;s:10:\"08-25-2025\";i:1;s:10:\"08-29-2025\";i:1;s:10:\"09-02-2025\";i:1;s:10:\"09-06-2025\";i:1;s:10:\"09-11-2025\";i:1;s:10:\"09-12-2025\";i:3;s:10:\"09-14-2025\";i:1;s:10:\"09-16-2025\";i:6;s:10:\"09-23-2025\";i:1;s:10:\"09-24-2025\";i:2;s:10:\"09-25-2025\";i:1;s:10:\"10-02-2025\";i:1;s:10:\"10-08-2025\";i:1;s:10:\"10-16-2025\";i:1;s:10:\"10-20-2025\";i:1;s:10:\"10-21-2025\";i:5;s:10:\"10-23-2025\";i:1;s:10:\"10-24-2025\";i:1;s:10:\"10-26-2025\";i:1;s:10:\"11-10-2025\";i:1;s:10:\"11-14-2025\";i:1;s:10:\"11-16-2025\";i:1;s:10:\"11-18-2025\";i:1;s:10:\"11-29-2025\";i:4;s:10:\"11-30-2025\";i:1;s:10:\"12-15-2025\";i:1;s:10:\"12-29-2025\";i:1;s:10:\"12-30-2025\";i:1;s:10:\"01-03-2026\";i:1;s:10:\"01-09-2026\";i:2;s:10:\"01-17-2026\";i:1;s:10:\"02-07-2026\";i:1;s:10:\"02-11-2026\";i:1;s:10:\"03-14-2026\";i:1;s:10:\"03-19-2026\";i:1;s:10:\"03-25-2026\";i:1;s:10:\"04-04-2026\";i:2;s:10:\"04-12-2026\";i:1;s:10:\"04-16-2026\";i:1;s:10:\"04-17-2026\";i:1;}"],"houzez_recently_viewed":["2026-04-17 07:13:43"],"_thumbnail_id":["6802"],"fave_property_images":["6786","6790","6794","6798","6802","6806"],"fave_property_price":["99000"],"fave_property_size":["25"],"fave_property_land":["2000"],"fave_featured":["0"],"fave_loggedintoview":["0"],"fave_prop_homeslider":["no"]},"_links":{"self":[{"href":"https:\/\/www.inmobiliariacoll.com\/ca\/wp-json\/wp\/v2\/properties\/6811","targetHints":{"allow":["GET"]}}],"collection":[{"href":"https:\/\/www.inmobiliariacoll.com\/ca\/wp-json\/wp\/v2\/properties"}],"about":[{"href":"https:\/\/www.inmobiliariacoll.com\/ca\/wp-json\/wp\/v2\/types\/property"}],"author":[{"embeddable":true,"href":"https:\/\/www.inmobiliariacoll.com\/ca\/wp-json\/wp\/v2\/users\/3"}],"version-history":[{"count":1,"href":"https:\/\/www.inmobiliariacoll.com\/ca\/wp-json\/wp\/v2\/properties\/6811\/revisions"}],"predecessor-version":[{"id":6814,"href":"https:\/\/www.inmobiliariacoll.com\/ca\/wp-json\/wp\/v2\/properties\/6811\/revisions\/6814"}],"wp:featuredmedia":[{"embeddable":true,"href":"https:\/\/www.inmobiliariacoll.com\/ca\/wp-json\/wp\/v2\/media\/6802"}],"wp:attachment":[{"href":"https:\/\/www.inmobiliariacoll.com\/ca\/wp-json\/wp\/v2\/media?parent=6811"}],"wp:term":[{"taxonomy":"property_type","embeddable":true,"href":"https:\/\/www.inmobiliariacoll.com\/ca\/wp-json\/wp\/v2\/property_type?post=6811"},{"taxonomy":"property_status","embeddable":true,"href":"https:\/\/www.inmobiliariacoll.com\/ca\/wp-json\/wp\/v2\/property_status?post=6811"},{"taxonomy":"property_feature","embeddable":true,"href":"https:\/\/www.inmobiliariacoll.com\/ca\/wp-json\/wp\/v2\/property_feature?post=6811"},{"taxonomy":"property_label","embeddable":true,"href":"https:\/\/www.inmobiliariacoll.com\/ca\/wp-json\/wp\/v2\/property_label?post=6811"},{"taxonomy":"property_country","embeddable":true,"href":"https:\/\/www.inmobiliariacoll.com\/ca\/wp-json\/wp\/v2\/property_country?post=6811"},{"taxonomy":"property_state","embeddable":true,"href":"https:\/\/www.inmobiliariacoll.com\/ca\/wp-json\/wp\/v2\/property_state?post=6811"},{"taxonomy":"property_city","embeddable":true,"href":"https:\/\/www.inmobiliariacoll.com\/ca\/wp-json\/wp\/v2\/property_city?post=6811"},{"taxonomy":"property_area","embeddable":true,"href":"https:\/\/www.inmobiliariacoll.com\/ca\/wp-json\/wp\/v2\/property_area?post=6811"}],"curies":[{"name":"wp","href":"https:\/\/api.w.org\/{rel}","templated":true}]}}

Olivar amb caseta i fantàstiques vistes a les muntanyes de Sóller

<p>Olivar d&#8217;aprox. 2.000m2 a les muntanyes de Sóller amb caseta de pedra amb cuina i zona d&#8217;estar amb fantàstiques vistes. Disposa d&#8217;accés en cotxe per carretera de muntanya</p>
