{"id":6181,"date":"2021-05-20T08:31:07","date_gmt":"2021-05-20T08:31:07","guid":{"rendered":"https:\/\/www.inmobiliariacoll.com\/property\/apartamento-con-espectaculares-vistas-a-la-bahia-y-al-mar-abierto\/"},"modified":"2021-05-20T08:40:31","modified_gmt":"2021-05-20T08:40:31","slug":"apartamento-con-espectaculares-vistas-a-la-bahia-y-al-mar-abierto","status":"publish","type":"property","link":"https:\/\/www.inmobiliariacoll.com\/ca\/property\/apartamento-con-espectaculares-vistas-a-la-bahia-y-al-mar-abierto\/","title":{"rendered":"Apartament amb espectaculars vistes a la badia i al mar obert"},"content":{"rendered":"\n<p>Apartament totalment renovat amb materials d&#8217;alta qualitat en una ubicaci\u00f3 extraordin\u00e0ria del Port de S\u00f3ller. Es distribueix en un ampli i llumin\u00f3s sal\u00f3-menjador amb moderna cuina oberta, 2 dormitoris dobles amb els seus respectius banys en suite i acc\u00e9s directe a les terrasses que envolten la propietat i una \u00e0mplia bugaderia. Hi ha la possibilitat de fer una tercera habitaci\u00f3. L&#8217;equipament inclou calefacci\u00f3 central, preinstal\u00b7laci\u00f3 d&#8217;aire condicionat, finestres de PVC amb doble vidre. La propietat disposa tamb\u00e9 d&#8217;una pla\u00e7a de p\u00e0rquing i una piscina comunit\u00e0ria amb sol\u00e0rium. Sens dubte, una propietat de somni on gaudir d&#8217;unes incre\u00efbles vistes a la mar, a l&#8217;port i de magn\u00edfiques postes de sol.<\/p>\n","protected":false},"excerpt":{"rendered":"<p>Apartament totalment renovat amb materials d&#8217;alta qualitat en una ubicaci\u00f3 extraordin\u00e0ria del Port de S\u00f3ller. Es distribueix en un ampli i llumin\u00f3s sal\u00f3-menjador amb moderna cuina oberta, 2 dormitoris dobles amb els seus respectius banys en suite i acc\u00e9s directe a les terrasses que envolten la propietat i una \u00e0mplia bugaderia. Hi ha la possibilitat [&hellip;]<\/p>\n","protected":false},"author":3,"featured_media":6148,"parent":0,"menu_order":0,"template":"","property_type":[131],"property_status":[],"property_feature":[],"property_label":[182],"property_country":[158],"property_state":[160],"property_city":[127],"property_area":[],"class_list":["post-6181","property","type-property","status-publish","has-post-thumbnail","hentry","property_type-pis","property_label-venut","property_country-espanya","property_state-mallorca-ca","property_city-port-de-soller"],"property_meta":{"fave_property_price":["1700000"],"fave_property_size":["120"],"fave_property_land":["184"],"fave_property_bedrooms":["2"],"fave_property_bathrooms":["2"],"fave_property_id":["62024"],"fave_property_map":["1"],"fave_property_location":["25.68654,-80.431345,15"],"houzez_geolocation_lat":["25.68654"],"houzez_geolocation_long":["-80.431345"],"fave_property_map_street_view":["hide"],"fave_featured":["0"],"fave_loggedintoview":["0"],"fave_agent_display_option":["author_info"],"fave_agents":["-1"],"fave_property_agency":["-1"],"fave_prop_homeslider":["no"],"fave_single_top_area":["global"],"fave_single_content_area":["global"],"additional_features":["a:1:{i:0;a:1:{s:29:\"fave_additional_feature_title\";s:30:\"plaza de parking exterior, s\u00ed\";}}"],"rs_page_bg_color":[""],"houzez_manual_expire":["0"],"_houzez_expiration_date_status":["saved"],"_wpml_media_duplicate":["1"],"_wpml_media_featured":["1"],"_edit_lock":["1749728109:3"],"_last_translation_edit_mode":["native-editor"],"_edit_last":["3"],"fave_property_images":["6148","6168","6140","6160","6164","6176","6144","6152","6156","6172"],"houzez_total_property_views":["199"],"houzez_views_by_date":["a:61:{s:10:\"11-19-2024\";i:1;s:10:\"11-20-2024\";i:1;s:10:\"12-06-2024\";i:1;s:10:\"12-17-2024\";i:1;s:10:\"12-20-2024\";i:1;s:10:\"12-26-2024\";i:1;s:10:\"01-01-2025\";i:1;s:10:\"01-04-2025\";i:1;s:10:\"01-08-2025\";i:1;s:10:\"01-11-2025\";i:1;s:10:\"01-14-2025\";i:2;s:10:\"01-18-2025\";i:1;s:10:\"01-21-2025\";i:1;s:10:\"01-23-2025\";i:1;s:10:\"02-02-2025\";i:2;s:10:\"02-07-2025\";i:1;s:10:\"02-11-2025\";i:3;s:10:\"02-21-2025\";i:1;s:10:\"03-06-2025\";i:1;s:10:\"03-14-2025\";i:1;s:10:\"03-29-2025\";i:1;s:10:\"04-04-2025\";i:1;s:10:\"05-01-2025\";i:1;s:10:\"05-02-2025\";i:1;s:10:\"05-06-2025\";i:1;s:10:\"05-22-2025\";i:1;s:10:\"06-10-2025\";i:1;s:10:\"06-24-2025\";i:1;s:10:\"08-12-2025\";i:1;s:10:\"08-26-2025\";i:1;s:10:\"08-28-2025\";i:1;s:10:\"09-06-2025\";i:1;s:10:\"09-11-2025\";i:1;s:10:\"09-12-2025\";i:3;s:10:\"09-14-2025\";i:1;s:10:\"09-23-2025\";i:1;s:10:\"09-25-2025\";i:2;s:10:\"10-09-2025\";i:1;s:10:\"10-11-2025\";i:1;s:10:\"10-13-2025\";i:1;s:10:\"10-15-2025\";i:1;s:10:\"10-18-2025\";i:1;s:10:\"10-20-2025\";i:2;s:10:\"10-23-2025\";i:1;s:10:\"10-25-2025\";i:1;s:10:\"10-26-2025\";i:1;s:10:\"10-29-2025\";i:1;s:10:\"11-08-2025\";i:1;s:10:\"11-10-2025\";i:1;s:10:\"11-13-2025\";i:1;s:10:\"11-16-2025\";i:1;s:10:\"11-19-2025\";i:1;s:10:\"12-05-2025\";i:1;s:10:\"12-15-2025\";i:1;s:10:\"12-29-2025\";i:1;s:10:\"12-30-2025\";i:2;s:10:\"01-08-2026\";i:1;s:10:\"01-18-2026\";i:1;s:10:\"01-22-2026\";i:1;s:10:\"02-18-2026\";i:1;s:10:\"03-25-2026\";i:1;}"],"houzez_recently_viewed":["2026-03-25 06:37:03"],"_thumbnail_id":["6148"]},"_links":{"self":[{"href":"https:\/\/www.inmobiliariacoll.com\/ca\/wp-json\/wp\/v2\/properties\/6181","targetHints":{"allow":["GET"]}}],"collection":[{"href":"https:\/\/www.inmobiliariacoll.com\/ca\/wp-json\/wp\/v2\/properties"}],"about":[{"href":"https:\/\/www.inmobiliariacoll.com\/ca\/wp-json\/wp\/v2\/types\/property"}],"author":[{"embeddable":true,"href":"https:\/\/www.inmobiliariacoll.com\/ca\/wp-json\/wp\/v2\/users\/3"}],"version-history":[{"count":1,"href":"https:\/\/www.inmobiliariacoll.com\/ca\/wp-json\/wp\/v2\/properties\/6181\/revisions"}],"predecessor-version":[{"id":6185,"href":"https:\/\/www.inmobiliariacoll.com\/ca\/wp-json\/wp\/v2\/properties\/6181\/revisions\/6185"}],"wp:featuredmedia":[{"embeddable":true,"href":"https:\/\/www.inmobiliariacoll.com\/ca\/wp-json\/wp\/v2\/media\/6148"}],"wp:attachment":[{"href":"https:\/\/www.inmobiliariacoll.com\/ca\/wp-json\/wp\/v2\/media?parent=6181"}],"wp:term":[{"taxonomy":"property_type","embeddable":true,"href":"https:\/\/www.inmobiliariacoll.com\/ca\/wp-json\/wp\/v2\/property_type?post=6181"},{"taxonomy":"property_status","embeddable":true,"href":"https:\/\/www.inmobiliariacoll.com\/ca\/wp-json\/wp\/v2\/property_status?post=6181"},{"taxonomy":"property_feature","embeddable":true,"href":"https:\/\/www.inmobiliariacoll.com\/ca\/wp-json\/wp\/v2\/property_feature?post=6181"},{"taxonomy":"property_label","embeddable":true,"href":"https:\/\/www.inmobiliariacoll.com\/ca\/wp-json\/wp\/v2\/property_label?post=6181"},{"taxonomy":"property_country","embeddable":true,"href":"https:\/\/www.inmobiliariacoll.com\/ca\/wp-json\/wp\/v2\/property_country?post=6181"},{"taxonomy":"property_state","embeddable":true,"href":"https:\/\/www.inmobiliariacoll.com\/ca\/wp-json\/wp\/v2\/property_state?post=6181"},{"taxonomy":"property_city","embeddable":true,"href":"https:\/\/www.inmobiliariacoll.com\/ca\/wp-json\/wp\/v2\/property_city?post=6181"},{"taxonomy":"property_area","embeddable":true,"href":"https:\/\/www.inmobiliariacoll.com\/ca\/wp-json\/wp\/v2\/property_area?post=6181"}],"curies":[{"name":"wp","href":"https:\/\/api.w.org\/{rel}","templated":true}]}}

<p>Apartament totalment renovat amb materials d&#8217;alta qualitat en una ubicació extraordinària del Port de Sóller. Es distribueix en un ampli i lluminós saló-menjador amb moderna cuina oberta, 2 dormitoris dobles amb els seus respectius banys en suite i accés directe a les terrasses que envolten la propietat i una àmplia bugaderia. Hi ha la possibilitat de fer una tercera habitació. L&#8217;equipament inclou calefacció central, preinstal·lació d&#8217;aire condicionat, finestres de PVC amb doble vidre. La propietat disposa també d&#8217;una plaça de pàrquing i una piscina comunitària amb solàrium. Sens dubte, una propietat de somni on gaudir d&#8217;unes increïbles vistes a la mar, a l&#8217;port i de magnífiques postes de sol.</p>

<p>Apartament totalment renovat amb materials d&#8217;alta qualitat en una ubicació extraordinària del Port de Sóller. Es distribueix en un ampli i lluminós saló-menjador amb moderna cuina oberta, 2 dormitoris dobles amb els seus respectius banys en suite i accés directe a les terrasses que envolten la propietat i una àmplia bugaderia. Hi ha la possibilitat [&hellip;]</p>

a:1:{i:0;a:1:{s:29:"fave_additional_feature_title";s:30:"plaza de parking exterior, sí";}}
