{"id":5578,"date":"2021-04-26T13:55:50","date_gmt":"2021-04-26T13:55:50","guid":{"rendered":"https:\/\/www.inmobiliariacoll.com\/property\/renovado-apartamento-con-terraza-y-bonitas-vistas\/"},"modified":"2024-11-29T09:27:00","modified_gmt":"2024-11-29T09:27:00","slug":"renovado-apartamento-con-terraza-y-bonitas-vistas","status":"publish","type":"property","link":"https:\/\/www.inmobiliariacoll.com\/ca\/property\/renovado-apartamento-con-terraza-y-bonitas-vistas\/","title":{"rendered":"Renovat apartament amb terrassa i boniques vistes"},"content":{"rendered":"\n<p>EN EXCLUSIVA! Llumin\u00f3s apartament totalment renovat a bonica zona del Port de S\u00f3ller.<br>Es distribueix en sal\u00f3 menjador amb aire condicionat, estufa de llenya i acc\u00e9s a una terrassa amb fant\u00e0stiques vistes, cuina, rebost, una habitaci\u00f3 i un bany. La propietat es troba en perfecte estat, llesta per habitar i hi ha la possibilitat de fer una segona habitaci\u00f3. Sens dubte una bona oportunitat per invertir en una propietat al Port de S\u00f3ller<\/p>\n","protected":false},"excerpt":{"rendered":"<p>EN EXCLUSIVA! Llumin\u00f3s apartament totalment renovat a bonica zona del Port de S\u00f3ller.Es distribueix en sal\u00f3 menjador amb aire condicionat, estufa de llenya i acc\u00e9s a una terrassa amb fant\u00e0stiques vistes, cuina, rebost, una habitaci\u00f3 i un bany. La propietat es troba en perfecte estat, llesta per habitar i hi ha la possibilitat de fer [&hellip;]<\/p>\n","protected":false},"author":3,"featured_media":14091,"parent":0,"menu_order":0,"template":"","property_type":[131],"property_status":[150],"property_feature":[79],"property_label":[198,178],"property_country":[158],"property_state":[160],"property_city":[127],"property_area":[],"class_list":["post-5578","property","type-property","status-publish","has-post-thumbnail","hentry","property_type-pis","property_status-venda","property_feature-air-conditioning-ca","property_label-exclusiu","property_label-rebaixat","property_country-espanya","property_state-mallorca-ca","property_city-port-de-soller"],"property_meta":{"fave_property_id":["62018"],"fave_property_map":["1"],"fave_property_location":["25.68654,-80.431345,15"],"houzez_geolocation_lat":["25.68654"],"houzez_geolocation_long":["-80.431345"],"fave_property_map_street_view":["hide"],"fave_agent_display_option":["author_info"],"fave_agents":["-1"],"fave_property_agency":["-1"],"fave_single_top_area":["global"],"fave_single_content_area":["global"],"rs_page_bg_color":[""],"houzez_manual_expire":["0"],"_houzez_expiration_date_status":["saved"],"_wpml_media_duplicate":["1"],"_wpml_media_featured":["0"],"_edit_lock":["1732872443:3"],"_last_translation_edit_mode":["native-editor"],"_edit_last":["3"],"houzez_total_property_views":["335"],"houzez_views_by_date":["a:61:{s:10:\"09-19-2025\";i:1;s:10:\"09-22-2025\";i:1;s:10:\"09-23-2025\";i:1;s:10:\"09-24-2025\";i:1;s:10:\"09-25-2025\";i:2;s:10:\"09-28-2025\";i:1;s:10:\"10-02-2025\";i:1;s:10:\"10-03-2025\";i:2;s:10:\"10-04-2025\";i:1;s:10:\"10-05-2025\";i:1;s:10:\"10-07-2025\";i:1;s:10:\"10-08-2025\";i:1;s:10:\"10-09-2025\";i:1;s:10:\"10-10-2025\";i:1;s:10:\"10-12-2025\";i:1;s:10:\"10-14-2025\";i:1;s:10:\"10-15-2025\";i:1;s:10:\"10-17-2025\";i:1;s:10:\"10-20-2025\";i:3;s:10:\"10-23-2025\";i:2;s:10:\"10-25-2025\";i:1;s:10:\"10-27-2025\";i:1;s:10:\"10-28-2025\";i:1;s:10:\"10-29-2025\";i:1;s:10:\"10-30-2025\";i:1;s:10:\"11-02-2025\";i:1;s:10:\"11-07-2025\";i:1;s:10:\"11-08-2025\";i:2;s:10:\"11-10-2025\";i:3;s:10:\"11-13-2025\";i:2;s:10:\"11-16-2025\";i:1;s:10:\"11-19-2025\";i:1;s:10:\"12-04-2025\";i:2;s:10:\"12-05-2025\";i:1;s:10:\"12-11-2025\";i:1;s:10:\"12-15-2025\";i:1;s:10:\"12-20-2025\";i:1;s:10:\"12-21-2025\";i:1;s:10:\"12-28-2025\";i:1;s:10:\"01-09-2026\";i:1;s:10:\"01-10-2026\";i:1;s:10:\"01-12-2026\";i:2;s:10:\"01-15-2026\";i:1;s:10:\"01-16-2026\";i:18;s:10:\"01-17-2026\";i:8;s:10:\"01-19-2026\";i:1;s:10:\"02-01-2026\";i:1;s:10:\"02-04-2026\";i:2;s:10:\"02-06-2026\";i:1;s:10:\"02-10-2026\";i:1;s:10:\"02-19-2026\";i:1;s:10:\"02-23-2026\";i:1;s:10:\"02-28-2026\";i:1;s:10:\"03-08-2026\";i:1;s:10:\"03-23-2026\";i:2;s:10:\"04-04-2026\";i:1;s:10:\"04-09-2026\";i:1;s:10:\"04-12-2026\";i:1;s:10:\"04-16-2026\";i:1;s:10:\"04-23-2026\";i:1;s:10:\"04-25-2026\";i:1;}"],"houzez_recently_viewed":["2026-04-25 06:10:04"],"_thumbnail_id":["14091"],"fave_property_images":["14091","14103","14099","14095","14087","14107","14083","14111","14115","14119","14079"],"fave_property_size":["65"],"fave_property_bedrooms":["1"],"fave_property_bathrooms":["1"],"fave_loggedintoview":["0"],"fave_prop_homeslider":["no"],"fave_featured":["1"],"fave_property_price":["299000"]},"_links":{"self":[{"href":"https:\/\/www.inmobiliariacoll.com\/ca\/wp-json\/wp\/v2\/properties\/5578","targetHints":{"allow":["GET"]}}],"collection":[{"href":"https:\/\/www.inmobiliariacoll.com\/ca\/wp-json\/wp\/v2\/properties"}],"about":[{"href":"https:\/\/www.inmobiliariacoll.com\/ca\/wp-json\/wp\/v2\/types\/property"}],"author":[{"embeddable":true,"href":"https:\/\/www.inmobiliariacoll.com\/ca\/wp-json\/wp\/v2\/users\/3"}],"version-history":[{"count":2,"href":"https:\/\/www.inmobiliariacoll.com\/ca\/wp-json\/wp\/v2\/properties\/5578\/revisions"}],"predecessor-version":[{"id":14124,"href":"https:\/\/www.inmobiliariacoll.com\/ca\/wp-json\/wp\/v2\/properties\/5578\/revisions\/14124"}],"wp:featuredmedia":[{"embeddable":true,"href":"https:\/\/www.inmobiliariacoll.com\/ca\/wp-json\/wp\/v2\/media\/14091"}],"wp:attachment":[{"href":"https:\/\/www.inmobiliariacoll.com\/ca\/wp-json\/wp\/v2\/media?parent=5578"}],"wp:term":[{"taxonomy":"property_type","embeddable":true,"href":"https:\/\/www.inmobiliariacoll.com\/ca\/wp-json\/wp\/v2\/property_type?post=5578"},{"taxonomy":"property_status","embeddable":true,"href":"https:\/\/www.inmobiliariacoll.com\/ca\/wp-json\/wp\/v2\/property_status?post=5578"},{"taxonomy":"property_feature","embeddable":true,"href":"https:\/\/www.inmobiliariacoll.com\/ca\/wp-json\/wp\/v2\/property_feature?post=5578"},{"taxonomy":"property_label","embeddable":true,"href":"https:\/\/www.inmobiliariacoll.com\/ca\/wp-json\/wp\/v2\/property_label?post=5578"},{"taxonomy":"property_country","embeddable":true,"href":"https:\/\/www.inmobiliariacoll.com\/ca\/wp-json\/wp\/v2\/property_country?post=5578"},{"taxonomy":"property_state","embeddable":true,"href":"https:\/\/www.inmobiliariacoll.com\/ca\/wp-json\/wp\/v2\/property_state?post=5578"},{"taxonomy":"property_city","embeddable":true,"href":"https:\/\/www.inmobiliariacoll.com\/ca\/wp-json\/wp\/v2\/property_city?post=5578"},{"taxonomy":"property_area","embeddable":true,"href":"https:\/\/www.inmobiliariacoll.com\/ca\/wp-json\/wp\/v2\/property_area?post=5578"}],"curies":[{"name":"wp","href":"https:\/\/api.w.org\/{rel}","templated":true}]}}

<p>EN EXCLUSIVA! Lluminós apartament totalment renovat a bonica zona del Port de Sóller.<br>Es distribueix en saló menjador amb aire condicionat, estufa de llenya i accés a una terrassa amb fantàstiques vistes, cuina, rebost, una habitació i un bany. La propietat es troba en perfecte estat, llesta per habitar i hi ha la possibilitat de fer una segona habitació. Sens dubte una bona oportunitat per invertir en una propietat al Port de Sóller</p>

<p>EN EXCLUSIVA! Lluminós apartament totalment renovat a bonica zona del Port de Sóller.Es distribueix en saló menjador amb aire condicionat, estufa de llenya i accés a una terrassa amb fantàstiques vistes, cuina, rebost, una habitació i un bany. La propietat es troba en perfecte estat, llesta per habitar i hi ha la possibilitat de fer [&hellip;]</p>
