{"id":15001,"date":"2025-09-10T10:32:13","date_gmt":"2025-09-10T10:32:13","guid":{"rendered":"https:\/\/www.inmobiliariacoll.com\/property\/piso-renovado-en-el-centro-de-soller-con-plaza-de-aparcamiento\/"},"modified":"2025-09-10T10:34:36","modified_gmt":"2025-09-10T10:34:36","slug":"piso-renovado-en-el-centro-de-soller-con-plaza-de-aparcamiento","status":"publish","type":"property","link":"https:\/\/www.inmobiliariacoll.com\/ca\/property\/piso-renovado-en-el-centro-de-soller-con-plaza-de-aparcamiento\/","title":{"rendered":"Pis renovat al centre de S\u00f3ller amb pla\u00e7a d\u00b4aparcament"},"content":{"rendered":"\n<p>Es lloga pis recentment renovat i distribu\u00eft en 3 habitacions, cuina oberta al sal\u00f3-menjador, bany i pla\u00e7a d\u00b4aparcament<\/p>\n","protected":false},"excerpt":{"rendered":"<p>Es lloga pis recentment renovat i distribu\u00eft en 3 habitacions, cuina oberta al sal\u00f3-menjador, bany i pla\u00e7a d\u00b4aparcament<\/p>\n","protected":false},"author":3,"featured_media":14980,"parent":0,"menu_order":0,"template":"","property_type":[131],"property_status":[76],"property_feature":[79],"property_label":[186],"property_country":[158],"property_state":[],"property_city":[175],"property_area":[],"class_list":["post-15001","property","type-property","status-publish","has-post-thumbnail","hentry","property_type-pis","property_status-lloguer","property_feature-air-conditioning-ca","property_label-llogat","property_country-espanya","property_city-soller-ca"],"property_meta":{"_wpml_word_count":["{\"total\":56,\"to_translate\":{\"ca\":56,\"en\":56,\"de\":56}}"],"fave_property_id":["90127"],"fave_property_map":["1"],"fave_property_location":["25.68654,-80.431345,15"],"houzez_geolocation_lat":["25.68654"],"houzez_geolocation_long":["-80.431345"],"fave_property_map_street_view":["hide"],"fave_agent_display_option":["author_info"],"fave_agents":["-1"],"fave_property_agency":["-1"],"fave_single_top_area":["global"],"fave_single_content_area":["global"],"rs_page_bg_color":[""],"houzez_manual_expire":["0"],"_houzez_expiration_date_status":["saved"],"_wpml_media_duplicate":["1"],"_wpml_media_featured":["1"],"_edit_lock":["1757500494:3"],"_last_translation_edit_mode":["native-editor"],"_edit_last":["3"],"fave_property_images":["14980","14984","14988","14992","14996"],"_thumbnail_id":["14980"],"fave_property_bedrooms":["3"],"fave_property_bathrooms":["1"],"fave_featured":["0"],"fave_loggedintoview":["0"],"fave_prop_homeslider":["no"],"houzez_total_property_views":["55"],"houzez_views_by_date":["a:34:{s:10:\"09-10-2025\";i:1;s:10:\"09-11-2025\";i:2;s:10:\"09-12-2025\";i:1;s:10:\"09-16-2025\";i:2;s:10:\"09-17-2025\";i:1;s:10:\"09-23-2025\";i:1;s:10:\"09-25-2025\";i:1;s:10:\"09-26-2025\";i:1;s:10:\"09-29-2025\";i:1;s:10:\"10-02-2025\";i:1;s:10:\"10-09-2025\";i:1;s:10:\"10-20-2025\";i:1;s:10:\"10-26-2025\";i:1;s:10:\"11-02-2025\";i:1;s:10:\"11-07-2025\";i:1;s:10:\"11-09-2025\";i:2;s:10:\"11-10-2025\";i:3;s:10:\"11-13-2025\";i:1;s:10:\"11-14-2025\";i:1;s:10:\"11-17-2025\";i:1;s:10:\"11-29-2025\";i:2;s:10:\"12-02-2025\";i:1;s:10:\"12-15-2025\";i:1;s:10:\"12-27-2025\";i:1;s:10:\"01-10-2026\";i:1;s:10:\"01-19-2026\";i:1;s:10:\"02-10-2026\";i:15;s:10:\"02-18-2026\";i:1;s:10:\"03-02-2026\";i:1;s:10:\"03-13-2026\";i:2;s:10:\"03-23-2026\";i:1;s:10:\"03-26-2026\";i:1;s:10:\"04-11-2026\";i:1;s:10:\"04-17-2026\";i:1;}"],"houzez_recently_viewed":["2026-04-17 10:58:27"]},"_links":{"self":[{"href":"https:\/\/www.inmobiliariacoll.com\/ca\/wp-json\/wp\/v2\/properties\/15001","targetHints":{"allow":["GET"]}}],"collection":[{"href":"https:\/\/www.inmobiliariacoll.com\/ca\/wp-json\/wp\/v2\/properties"}],"about":[{"href":"https:\/\/www.inmobiliariacoll.com\/ca\/wp-json\/wp\/v2\/types\/property"}],"author":[{"embeddable":true,"href":"https:\/\/www.inmobiliariacoll.com\/ca\/wp-json\/wp\/v2\/users\/3"}],"version-history":[{"count":1,"href":"https:\/\/www.inmobiliariacoll.com\/ca\/wp-json\/wp\/v2\/properties\/15001\/revisions"}],"predecessor-version":[{"id":15005,"href":"https:\/\/www.inmobiliariacoll.com\/ca\/wp-json\/wp\/v2\/properties\/15001\/revisions\/15005"}],"wp:featuredmedia":[{"embeddable":true,"href":"https:\/\/www.inmobiliariacoll.com\/ca\/wp-json\/wp\/v2\/media\/14980"}],"wp:attachment":[{"href":"https:\/\/www.inmobiliariacoll.com\/ca\/wp-json\/wp\/v2\/media?parent=15001"}],"wp:term":[{"taxonomy":"property_type","embeddable":true,"href":"https:\/\/www.inmobiliariacoll.com\/ca\/wp-json\/wp\/v2\/property_type?post=15001"},{"taxonomy":"property_status","embeddable":true,"href":"https:\/\/www.inmobiliariacoll.com\/ca\/wp-json\/wp\/v2\/property_status?post=15001"},{"taxonomy":"property_feature","embeddable":true,"href":"https:\/\/www.inmobiliariacoll.com\/ca\/wp-json\/wp\/v2\/property_feature?post=15001"},{"taxonomy":"property_label","embeddable":true,"href":"https:\/\/www.inmobiliariacoll.com\/ca\/wp-json\/wp\/v2\/property_label?post=15001"},{"taxonomy":"property_country","embeddable":true,"href":"https:\/\/www.inmobiliariacoll.com\/ca\/wp-json\/wp\/v2\/property_country?post=15001"},{"taxonomy":"property_state","embeddable":true,"href":"https:\/\/www.inmobiliariacoll.com\/ca\/wp-json\/wp\/v2\/property_state?post=15001"},{"taxonomy":"property_city","embeddable":true,"href":"https:\/\/www.inmobiliariacoll.com\/ca\/wp-json\/wp\/v2\/property_city?post=15001"},{"taxonomy":"property_area","embeddable":true,"href":"https:\/\/www.inmobiliariacoll.com\/ca\/wp-json\/wp\/v2\/property_area?post=15001"}],"curies":[{"name":"wp","href":"https:\/\/api.w.org\/{rel}","templated":true}]}}

Pis renovat al centre de Sóller amb plaça d´aparcament

<p>Es lloga pis recentment renovat i distribuït en 3 habitacions, cuina oberta al saló-menjador, bany i plaça d´aparcament</p>
