{"id":14809,"date":"2025-05-31T08:50:22","date_gmt":"2025-05-31T08:50:22","guid":{"rendered":"https:\/\/www.inmobiliariacoll.com\/property\/tipica-casa-de-pueblo-con-terraza-y-patio-en-el-centro-de-soller\/"},"modified":"2025-06-03T07:48:34","modified_gmt":"2025-06-03T07:48:34","slug":"tipica-casa-de-pueblo-con-terraza-y-patio-en-el-centro-de-soller","status":"publish","type":"property","link":"https:\/\/www.inmobiliariacoll.com\/ca\/property\/tipica-casa-de-pueblo-con-terraza-y-patio-en-el-centro-de-soller\/","title":{"rendered":"T\u00edpica casa de poble amb terrassa i pati al centre de S\u00f3ller"},"content":{"rendered":"\n<p>Aquesta bonica casa de poble est\u00e0 situada en un carrer c\u00e8ntric sense gaire tr\u00e0nsit i es distribueix en quatre plantes, la planta baixa disposa d&#8217;una bonica entrada amb una habitaci\u00f3 que es pot fer servir com a despatx, una sala d&#8217;estar, un menjador, una cuina, un celler i un petit pati. La primera i segona planta disposen de 5 habitacions i dos banys a m\u00e9s d\u00b4una bonica terrassa-terrat amb precioses vistes al poble i les muntanyes. A la planta superior hi ha les golfes amb possibilitat de reconvertir-se en estudi o habitacions addicionals. La propietat conserva elements originals com bigues de fusta i rajoles hidr\u00e0uliques que la fan encara m\u00e9s especial. Sens dubte, una casa amb molt potencial per als que busquen una propietat tradicional amb molt d&#8217;espai a prop del centre<\/p>\n","protected":false},"excerpt":{"rendered":"<p>Aquesta bonica casa de poble est\u00e0 situada en un carrer c\u00e8ntric sense gaire tr\u00e0nsit i es distribueix en quatre plantes, la planta baixa disposa d&#8217;una bonica entrada amb una habitaci\u00f3 que es pot fer servir com a despatx, una sala d&#8217;estar, un menjador, una cuina, un celler i un petit pati. La primera i segona [&hellip;]<\/p>\n","protected":false},"author":3,"featured_media":14905,"parent":0,"menu_order":0,"template":"","property_type":[138],"property_status":[150],"property_feature":[],"property_label":[],"property_country":[],"property_state":[],"property_city":[175],"property_area":[],"class_list":["post-14809","property","type-property","status-publish","has-post-thumbnail","hentry","property_type-casa-ca","property_status-venda","property_city-soller-ca"],"property_meta":{"_wpml_word_count":["{\"total\":170,\"to_translate\":{\"ca\":170,\"en\":170,\"de\":170}}"],"fave_property_id":["20555"],"fave_property_map":["1"],"fave_property_location":["25.68654,-80.431345,15"],"houzez_geolocation_lat":["25.68654"],"houzez_geolocation_long":["-80.431345"],"fave_property_map_street_view":["hide"],"fave_agent_display_option":["author_info"],"fave_agents":["-1"],"fave_property_agency":["-1"],"fave_single_top_area":["global"],"fave_single_content_area":["global"],"rs_page_bg_color":[""],"houzez_manual_expire":["0"],"_houzez_expiration_date_status":["saved"],"_wpml_media_duplicate":["1"],"_wpml_media_featured":["1"],"_wpml_location_migration_done":["1"],"houzez_total_property_views":["73"],"houzez_views_by_date":["a:41:{s:10:\"05-31-2025\";i:7;s:10:\"06-01-2025\";i:3;s:10:\"06-02-2025\";i:12;s:10:\"06-03-2025\";i:1;s:10:\"06-04-2025\";i:1;s:10:\"06-09-2025\";i:2;s:10:\"06-15-2025\";i:1;s:10:\"06-18-2025\";i:3;s:10:\"07-03-2025\";i:1;s:10:\"07-11-2025\";i:2;s:10:\"07-18-2025\";i:1;s:10:\"07-20-2025\";i:1;s:10:\"07-29-2025\";i:2;s:10:\"08-14-2025\";i:1;s:10:\"08-28-2025\";i:2;s:10:\"09-04-2025\";i:1;s:10:\"09-06-2025\";i:1;s:10:\"09-11-2025\";i:1;s:10:\"09-12-2025\";i:1;s:10:\"09-15-2025\";i:1;s:10:\"09-17-2025\";i:1;s:10:\"09-18-2025\";i:2;s:10:\"09-21-2025\";i:1;s:10:\"09-23-2025\";i:1;s:10:\"09-24-2025\";i:1;s:10:\"09-25-2025\";i:1;s:10:\"10-08-2025\";i:1;s:10:\"10-09-2025\";i:1;s:10:\"11-09-2025\";i:1;s:10:\"11-10-2025\";i:1;s:10:\"11-16-2025\";i:1;s:10:\"11-17-2025\";i:1;s:10:\"12-24-2025\";i:1;s:10:\"01-10-2026\";i:1;s:10:\"01-15-2026\";i:1;s:10:\"01-19-2026\";i:1;s:10:\"02-01-2026\";i:1;s:10:\"03-02-2026\";i:1;s:10:\"03-25-2026\";i:3;s:10:\"04-12-2026\";i:1;s:10:\"04-13-2026\";i:5;}"],"houzez_recently_viewed":["2026-04-13 17:15:51"],"_edit_lock":["1748936934:3"],"_last_translation_edit_mode":["native-editor"],"_edit_last":["3"],"fave_property_price":["670000"],"fave_property_size":["360"],"fave_property_bedrooms":["5"],"fave_property_bathrooms":["2"],"fave_featured":["0"],"fave_loggedintoview":["0"],"fave_prop_homeslider":["no"],"fave_property_images":["14905","14865","14913","14869","14873","14881","14885","14877","14889","14897","14901","14893","14917","14921","14909"],"_thumbnail_id":["14905"]},"_links":{"self":[{"href":"https:\/\/www.inmobiliariacoll.com\/ca\/wp-json\/wp\/v2\/properties\/14809","targetHints":{"allow":["GET"]}}],"collection":[{"href":"https:\/\/www.inmobiliariacoll.com\/ca\/wp-json\/wp\/v2\/properties"}],"about":[{"href":"https:\/\/www.inmobiliariacoll.com\/ca\/wp-json\/wp\/v2\/types\/property"}],"author":[{"embeddable":true,"href":"https:\/\/www.inmobiliariacoll.com\/ca\/wp-json\/wp\/v2\/users\/3"}],"version-history":[{"count":1,"href":"https:\/\/www.inmobiliariacoll.com\/ca\/wp-json\/wp\/v2\/properties\/14809\/revisions"}],"predecessor-version":[{"id":14814,"href":"https:\/\/www.inmobiliariacoll.com\/ca\/wp-json\/wp\/v2\/properties\/14809\/revisions\/14814"}],"wp:featuredmedia":[{"embeddable":true,"href":"https:\/\/www.inmobiliariacoll.com\/ca\/wp-json\/wp\/v2\/media\/14905"}],"wp:attachment":[{"href":"https:\/\/www.inmobiliariacoll.com\/ca\/wp-json\/wp\/v2\/media?parent=14809"}],"wp:term":[{"taxonomy":"property_type","embeddable":true,"href":"https:\/\/www.inmobiliariacoll.com\/ca\/wp-json\/wp\/v2\/property_type?post=14809"},{"taxonomy":"property_status","embeddable":true,"href":"https:\/\/www.inmobiliariacoll.com\/ca\/wp-json\/wp\/v2\/property_status?post=14809"},{"taxonomy":"property_feature","embeddable":true,"href":"https:\/\/www.inmobiliariacoll.com\/ca\/wp-json\/wp\/v2\/property_feature?post=14809"},{"taxonomy":"property_label","embeddable":true,"href":"https:\/\/www.inmobiliariacoll.com\/ca\/wp-json\/wp\/v2\/property_label?post=14809"},{"taxonomy":"property_country","embeddable":true,"href":"https:\/\/www.inmobiliariacoll.com\/ca\/wp-json\/wp\/v2\/property_country?post=14809"},{"taxonomy":"property_state","embeddable":true,"href":"https:\/\/www.inmobiliariacoll.com\/ca\/wp-json\/wp\/v2\/property_state?post=14809"},{"taxonomy":"property_city","embeddable":true,"href":"https:\/\/www.inmobiliariacoll.com\/ca\/wp-json\/wp\/v2\/property_city?post=14809"},{"taxonomy":"property_area","embeddable":true,"href":"https:\/\/www.inmobiliariacoll.com\/ca\/wp-json\/wp\/v2\/property_area?post=14809"}],"curies":[{"name":"wp","href":"https:\/\/api.w.org\/{rel}","templated":true}]}}

Típica casa de poble amb terrassa i pati al centre de Sóller

<p>Aquesta bonica casa de poble està situada en un carrer cèntric sense gaire trànsit i es distribueix en quatre plantes, la planta baixa disposa d&#8217;una bonica entrada amb una habitació que es pot fer servir com a despatx, una sala d&#8217;estar, un menjador, una cuina, un celler i un petit pati. La primera i segona planta disposen de 5 habitacions i dos banys a més d´una bonica terrassa-terrat amb precioses vistes al poble i les muntanyes. A la planta superior hi ha les golfes amb possibilitat de reconvertir-se en estudi o habitacions addicionals. La propietat conserva elements originals com bigues de fusta i rajoles hidràuliques que la fan encara més especial. Sens dubte, una casa amb molt potencial per als que busquen una propietat tradicional amb molt d&#8217;espai a prop del centre</p>

<p>Aquesta bonica casa de poble està situada en un carrer cèntric sense gaire trànsit i es distribueix en quatre plantes, la planta baixa disposa d&#8217;una bonica entrada amb una habitació que es pot fer servir com a despatx, una sala d&#8217;estar, un menjador, una cuina, un celler i un petit pati. La primera i segona [&hellip;]</p>
