{"id":14332,"date":"2025-03-06T12:04:19","date_gmt":"2025-03-06T12:04:19","guid":{"rendered":"https:\/\/www.inmobiliariacoll.com\/property\/apartamento-con-terraza-y-fantasticas-vistas-en-soller\/"},"modified":"2025-03-06T12:07:38","modified_gmt":"2025-03-06T12:07:38","slug":"apartamento-con-terraza-y-fantasticas-vistas-en-soller","status":"publish","type":"property","link":"https:\/\/www.inmobiliariacoll.com\/ca\/property\/apartamento-con-terraza-y-fantasticas-vistas-en-soller\/","title":{"rendered":"Apartament amb terrassa i fant\u00e0stiques vistes a S\u00f3ller"},"content":{"rendered":"\n<p>Aquest acollidor i llumin\u00f3s apartament es distribueix en sal\u00f3-menjador amb aire condicionat, bany, cuina, 3 habitacions, terrassa amb fant\u00e0stiques vistes i estudi. Els terres de fusta i les bigues del sal\u00f3 li aporten gran calidesa. Una propietat amb molt potencial a molt poca dist\u00e0ncia a peu de la pla\u00e7a central<\/p>\n","protected":false},"excerpt":{"rendered":"<p>Aquest acollidor i llumin\u00f3s apartament es distribueix en sal\u00f3-menjador amb aire condicionat, bany, cuina, 3 habitacions, terrassa amb fant\u00e0stiques vistes i estudi. Els terres de fusta i les bigues del sal\u00f3 li aporten gran calidesa. Una propietat amb molt potencial a molt poca dist\u00e0ncia a peu de la pla\u00e7a central<\/p>\n","protected":false},"author":3,"featured_media":14319,"parent":0,"menu_order":0,"template":"","property_type":[131],"property_status":[150],"property_feature":[],"property_label":[],"property_country":[158],"property_state":[160],"property_city":[175],"property_area":[],"class_list":["post-14332","property","type-property","status-publish","has-post-thumbnail","hentry","property_type-pis","property_status-venda","property_country-espanya","property_state-mallorca-ca","property_city-soller-ca"],"property_meta":{"_wpml_word_count":["{\"total\":81,\"to_translate\":{\"ca\":81,\"en\":81,\"de\":81}}"],"fave_property_id":["30252"],"fave_property_map":["1"],"fave_property_location":["25.68654,-80.431345,15"],"houzez_geolocation_lat":["25.68654"],"houzez_geolocation_long":["-80.431345"],"fave_property_map_street_view":["hide"],"fave_agent_display_option":["author_info"],"fave_agents":["-1"],"fave_property_agency":["-1"],"fave_single_top_area":["global"],"fave_single_content_area":["global"],"rs_page_bg_color":[""],"houzez_manual_expire":["0"],"_houzez_expiration_date_status":["saved"],"_wpml_media_duplicate":["1"],"_wpml_media_featured":["1"],"_edit_lock":["1741262865:3"],"_last_translation_edit_mode":["native-editor"],"_edit_last":["3"],"fave_property_images":["14319","14311","14823","14847","14843","14839","14835","14831","14819","14827","14851"],"_thumbnail_id":["14319"],"fave_property_size":["85"],"fave_property_bedrooms":["3"],"fave_property_bathrooms":["1"],"fave_featured":["0"],"fave_loggedintoview":["0"],"fave_prop_homeslider":["no"],"houzez_total_property_views":["94"],"houzez_views_by_date":["a:61:{s:10:\"03-30-2025\";i:1;s:10:\"04-01-2025\";i:1;s:10:\"04-03-2025\";i:1;s:10:\"04-06-2025\";i:1;s:10:\"04-07-2025\";i:1;s:10:\"04-09-2025\";i:1;s:10:\"04-11-2025\";i:1;s:10:\"04-14-2025\";i:1;s:10:\"04-19-2025\";i:1;s:10:\"04-24-2025\";i:1;s:10:\"04-28-2025\";i:1;s:10:\"04-29-2025\";i:1;s:10:\"04-30-2025\";i:1;s:10:\"05-01-2025\";i:3;s:10:\"05-03-2025\";i:3;s:10:\"05-05-2025\";i:2;s:10:\"05-08-2025\";i:1;s:10:\"05-22-2025\";i:1;s:10:\"05-25-2025\";i:1;s:10:\"05-30-2025\";i:1;s:10:\"06-02-2025\";i:1;s:10:\"06-04-2025\";i:1;s:10:\"06-12-2025\";i:13;s:10:\"06-17-2025\";i:1;s:10:\"06-25-2025\";i:1;s:10:\"06-26-2025\";i:1;s:10:\"06-27-2025\";i:1;s:10:\"06-29-2025\";i:1;s:10:\"07-01-2025\";i:2;s:10:\"07-02-2025\";i:1;s:10:\"07-04-2025\";i:1;s:10:\"07-06-2025\";i:1;s:10:\"07-11-2025\";i:1;s:10:\"07-28-2025\";i:1;s:10:\"07-29-2025\";i:2;s:10:\"08-14-2025\";i:1;s:10:\"09-02-2025\";i:1;s:10:\"09-06-2025\";i:1;s:10:\"09-10-2025\";i:1;s:10:\"09-11-2025\";i:1;s:10:\"09-12-2025\";i:1;s:10:\"09-19-2025\";i:1;s:10:\"09-20-2025\";i:1;s:10:\"09-22-2025\";i:1;s:10:\"09-23-2025\";i:1;s:10:\"09-24-2025\";i:1;s:10:\"09-25-2025\";i:1;s:10:\"10-09-2025\";i:1;s:10:\"10-20-2025\";i:1;s:10:\"10-23-2025\";i:2;s:10:\"10-26-2025\";i:1;s:10:\"11-10-2025\";i:1;s:10:\"11-14-2025\";i:1;s:10:\"11-16-2025\";i:1;s:10:\"11-18-2025\";i:2;s:10:\"01-09-2026\";i:1;s:10:\"01-10-2026\";i:1;s:10:\"01-18-2026\";i:1;s:10:\"03-17-2026\";i:1;s:10:\"03-18-2026\";i:1;s:10:\"03-26-2026\";i:1;}"],"houzez_recently_viewed":["2026-03-26 19:26:29"],"fave_property_price":["380000"]},"_links":{"self":[{"href":"https:\/\/www.inmobiliariacoll.com\/ca\/wp-json\/wp\/v2\/properties\/14332","targetHints":{"allow":["GET"]}}],"collection":[{"href":"https:\/\/www.inmobiliariacoll.com\/ca\/wp-json\/wp\/v2\/properties"}],"about":[{"href":"https:\/\/www.inmobiliariacoll.com\/ca\/wp-json\/wp\/v2\/types\/property"}],"author":[{"embeddable":true,"href":"https:\/\/www.inmobiliariacoll.com\/ca\/wp-json\/wp\/v2\/users\/3"}],"version-history":[{"count":1,"href":"https:\/\/www.inmobiliariacoll.com\/ca\/wp-json\/wp\/v2\/properties\/14332\/revisions"}],"predecessor-version":[{"id":14336,"href":"https:\/\/www.inmobiliariacoll.com\/ca\/wp-json\/wp\/v2\/properties\/14332\/revisions\/14336"}],"wp:featuredmedia":[{"embeddable":true,"href":"https:\/\/www.inmobiliariacoll.com\/ca\/wp-json\/wp\/v2\/media\/14319"}],"wp:attachment":[{"href":"https:\/\/www.inmobiliariacoll.com\/ca\/wp-json\/wp\/v2\/media?parent=14332"}],"wp:term":[{"taxonomy":"property_type","embeddable":true,"href":"https:\/\/www.inmobiliariacoll.com\/ca\/wp-json\/wp\/v2\/property_type?post=14332"},{"taxonomy":"property_status","embeddable":true,"href":"https:\/\/www.inmobiliariacoll.com\/ca\/wp-json\/wp\/v2\/property_status?post=14332"},{"taxonomy":"property_feature","embeddable":true,"href":"https:\/\/www.inmobiliariacoll.com\/ca\/wp-json\/wp\/v2\/property_feature?post=14332"},{"taxonomy":"property_label","embeddable":true,"href":"https:\/\/www.inmobiliariacoll.com\/ca\/wp-json\/wp\/v2\/property_label?post=14332"},{"taxonomy":"property_country","embeddable":true,"href":"https:\/\/www.inmobiliariacoll.com\/ca\/wp-json\/wp\/v2\/property_country?post=14332"},{"taxonomy":"property_state","embeddable":true,"href":"https:\/\/www.inmobiliariacoll.com\/ca\/wp-json\/wp\/v2\/property_state?post=14332"},{"taxonomy":"property_city","embeddable":true,"href":"https:\/\/www.inmobiliariacoll.com\/ca\/wp-json\/wp\/v2\/property_city?post=14332"},{"taxonomy":"property_area","embeddable":true,"href":"https:\/\/www.inmobiliariacoll.com\/ca\/wp-json\/wp\/v2\/property_area?post=14332"}],"curies":[{"name":"wp","href":"https:\/\/api.w.org\/{rel}","templated":true}]}}

Apartament amb terrassa i fantàstiques vistes a Sóller

<p>Aquest acollidor i lluminós apartament es distribueix en saló-menjador amb aire condicionat, bany, cuina, 3 habitacions, terrassa amb fantàstiques vistes i estudi. Els terres de fusta i les bigues del saló li aporten gran calidesa. Una propietat amb molt potencial a molt poca distància a peu de la plaça central</p>
