{"id":14028,"date":"2024-10-31T12:10:32","date_gmt":"2024-10-31T12:10:32","guid":{"rendered":"https:\/\/www.inmobiliariacoll.com\/property\/renovada-planta-baja-con-jardin-en-soller\/"},"modified":"2024-10-31T12:13:53","modified_gmt":"2024-10-31T12:13:53","slug":"renovada-planta-baja-con-jardin-en-soller","status":"publish","type":"property","link":"https:\/\/www.inmobiliariacoll.com\/ca\/property\/renovada-planta-baja-con-jardin-en-soller\/","title":{"rendered":"Renovada planta baixa amb jard\u00ed a S\u00f3ller"},"content":{"rendered":"\n<p>C\u00f2moda planta baixa d\u00b4espais oberts al centre de S\u00f3ller distribu\u00efda en \u00e0mplia entrada amb zona de menjador, cuina, 2 habitacions, 2 banys (un en suite), gran sala d\u00b4estar (aprox. 50m2) amb sostres alts, bigues de fusta i acc\u00e9s a una terrassa. A l\u00b4exterior un bonic jard\u00ed amb caseta de convidats i zona de barbacoa. La propietat es troba a punt per habitar i ofereix moltes possibilitats de redistribuci\u00f3.<\/p>\n","protected":false},"excerpt":{"rendered":"<p>C\u00f2moda planta baixa d\u00b4espais oberts al centre de S\u00f3ller distribu\u00efda en \u00e0mplia entrada amb zona de menjador, cuina, 2 habitacions, 2 banys (un en suite), gran sala d\u00b4estar (aprox. 50m2) amb sostres alts, bigues de fusta i acc\u00e9s a una terrassa. A l\u00b4exterior un bonic jard\u00ed amb caseta de convidats i zona de barbacoa. La [&hellip;]<\/p>\n","protected":false},"author":3,"featured_media":13986,"parent":0,"menu_order":0,"template":"","property_type":[138,131],"property_status":[150],"property_feature":[],"property_label":[178],"property_country":[158],"property_state":[160],"property_city":[175],"property_area":[],"class_list":["post-14028","property","type-property","status-publish","has-post-thumbnail","hentry","property_type-casa-ca","property_type-pis","property_status-venda","property_label-rebaixat","property_country-espanya","property_state-mallorca-ca","property_city-soller-ca"],"property_meta":{"_wpml_word_count":["{\"total\":99,\"to_translate\":{\"ca\":99,\"en\":99,\"de\":99}}"],"fave_property_id":["20549"],"fave_property_map":["1"],"fave_property_location":["25.68654,-80.431345,15"],"houzez_geolocation_lat":["25.68654"],"houzez_geolocation_long":["-80.431345"],"fave_property_map_street_view":["hide"],"fave_agent_display_option":["author_info"],"fave_agents":["-1"],"fave_property_agency":["-1"],"fave_single_top_area":["global"],"fave_single_content_area":["global"],"rs_page_bg_color":[""],"houzez_manual_expire":["0"],"_houzez_expiration_date_status":["saved"],"_wpml_media_duplicate":["1"],"_wpml_media_featured":["1"],"_edit_lock":["1730376834:3"],"_last_translation_edit_mode":["native-editor"],"_edit_last":["3"],"fave_property_images":["13986","13990","14018","14014","14010","14002","13998","13994","14006"],"_thumbnail_id":["13986"],"fave_property_size":["168"],"fave_property_land":["161"],"fave_property_bedrooms":["2"],"fave_property_bathrooms":["2"],"fave_loggedintoview":["0"],"fave_prop_homeslider":["no"],"houzez_total_property_views":["53"],"houzez_views_by_date":["a:49:{s:10:\"10-31-2024\";i:1;s:10:\"11-01-2024\";i:1;s:10:\"11-19-2024\";i:1;s:10:\"11-20-2024\";i:1;s:10:\"11-27-2024\";i:2;s:10:\"01-09-2025\";i:1;s:10:\"01-23-2025\";i:1;s:10:\"02-09-2025\";i:1;s:10:\"02-12-2025\";i:1;s:10:\"02-20-2025\";i:1;s:10:\"03-06-2025\";i:1;s:10:\"03-27-2025\";i:1;s:10:\"04-04-2025\";i:1;s:10:\"04-29-2025\";i:1;s:10:\"04-30-2025\";i:1;s:10:\"05-01-2025\";i:1;s:10:\"05-16-2025\";i:1;s:10:\"05-21-2025\";i:2;s:10:\"05-22-2025\";i:1;s:10:\"05-31-2025\";i:1;s:10:\"06-04-2025\";i:1;s:10:\"06-05-2025\";i:1;s:10:\"07-11-2025\";i:1;s:10:\"07-25-2025\";i:1;s:10:\"07-29-2025\";i:1;s:10:\"08-12-2025\";i:1;s:10:\"09-02-2025\";i:1;s:10:\"09-04-2025\";i:1;s:10:\"09-05-2025\";i:1;s:10:\"09-10-2025\";i:1;s:10:\"09-11-2025\";i:1;s:10:\"09-12-2025\";i:1;s:10:\"09-17-2025\";i:1;s:10:\"09-19-2025\";i:1;s:10:\"09-20-2025\";i:1;s:10:\"09-23-2025\";i:1;s:10:\"09-25-2025\";i:2;s:10:\"10-10-2025\";i:1;s:10:\"10-26-2025\";i:1;s:10:\"10-30-2025\";i:1;s:10:\"11-10-2025\";i:1;s:10:\"11-16-2025\";i:2;s:10:\"11-18-2025\";i:1;s:10:\"12-25-2025\";i:1;s:10:\"01-08-2026\";i:1;s:10:\"01-15-2026\";i:1;s:10:\"01-19-2026\";i:1;s:10:\"02-10-2026\";i:1;s:10:\"03-02-2026\";i:1;}"],"houzez_recently_viewed":["2026-03-02 14:12:37"],"fave_featured":["0"],"fave_property_price":["560000"]},"_links":{"self":[{"href":"https:\/\/www.inmobiliariacoll.com\/ca\/wp-json\/wp\/v2\/properties\/14028","targetHints":{"allow":["GET"]}}],"collection":[{"href":"https:\/\/www.inmobiliariacoll.com\/ca\/wp-json\/wp\/v2\/properties"}],"about":[{"href":"https:\/\/www.inmobiliariacoll.com\/ca\/wp-json\/wp\/v2\/types\/property"}],"author":[{"embeddable":true,"href":"https:\/\/www.inmobiliariacoll.com\/ca\/wp-json\/wp\/v2\/users\/3"}],"version-history":[{"count":1,"href":"https:\/\/www.inmobiliariacoll.com\/ca\/wp-json\/wp\/v2\/properties\/14028\/revisions"}],"predecessor-version":[{"id":14031,"href":"https:\/\/www.inmobiliariacoll.com\/ca\/wp-json\/wp\/v2\/properties\/14028\/revisions\/14031"}],"wp:featuredmedia":[{"embeddable":true,"href":"https:\/\/www.inmobiliariacoll.com\/ca\/wp-json\/wp\/v2\/media\/13986"}],"wp:attachment":[{"href":"https:\/\/www.inmobiliariacoll.com\/ca\/wp-json\/wp\/v2\/media?parent=14028"}],"wp:term":[{"taxonomy":"property_type","embeddable":true,"href":"https:\/\/www.inmobiliariacoll.com\/ca\/wp-json\/wp\/v2\/property_type?post=14028"},{"taxonomy":"property_status","embeddable":true,"href":"https:\/\/www.inmobiliariacoll.com\/ca\/wp-json\/wp\/v2\/property_status?post=14028"},{"taxonomy":"property_feature","embeddable":true,"href":"https:\/\/www.inmobiliariacoll.com\/ca\/wp-json\/wp\/v2\/property_feature?post=14028"},{"taxonomy":"property_label","embeddable":true,"href":"https:\/\/www.inmobiliariacoll.com\/ca\/wp-json\/wp\/v2\/property_label?post=14028"},{"taxonomy":"property_country","embeddable":true,"href":"https:\/\/www.inmobiliariacoll.com\/ca\/wp-json\/wp\/v2\/property_country?post=14028"},{"taxonomy":"property_state","embeddable":true,"href":"https:\/\/www.inmobiliariacoll.com\/ca\/wp-json\/wp\/v2\/property_state?post=14028"},{"taxonomy":"property_city","embeddable":true,"href":"https:\/\/www.inmobiliariacoll.com\/ca\/wp-json\/wp\/v2\/property_city?post=14028"},{"taxonomy":"property_area","embeddable":true,"href":"https:\/\/www.inmobiliariacoll.com\/ca\/wp-json\/wp\/v2\/property_area?post=14028"}],"curies":[{"name":"wp","href":"https:\/\/api.w.org\/{rel}","templated":true}]}}

Renovada planta baixa amb jardí a Sóller

<p>Còmoda planta baixa d´espais oberts al centre de Sóller distribuïda en àmplia entrada amb zona de menjador, cuina, 2 habitacions, 2 banys (un en suite), gran sala d´estar (aprox. 50m2) amb sostres alts, bigues de fusta i accés a una terrassa. A l´exterior un bonic jardí amb caseta de convidats i zona de barbacoa. La propietat es troba a punt per habitar i ofereix moltes possibilitats de redistribució.</p>

<p>Còmoda planta baixa d´espais oberts al centre de Sóller distribuïda en àmplia entrada amb zona de menjador, cuina, 2 habitacions, 2 banys (un en suite), gran sala d´estar (aprox. 50m2) amb sostres alts, bigues de fusta i accés a una terrassa. A l´exterior un bonic jardí amb caseta de convidats i zona de barbacoa. La [&hellip;]</p>
