{"id":13820,"date":"2024-09-02T08:56:18","date_gmt":"2024-09-02T08:56:18","guid":{"rendered":"https:\/\/www.inmobiliariacoll.com\/property\/primer-piso-de-3-habitaciones-cerca-del-centro-de-soller\/"},"modified":"2024-09-02T08:58:43","modified_gmt":"2024-09-02T08:58:43","slug":"primer-piso-de-3-habitaciones-cerca-del-centro-de-soller","status":"publish","type":"property","link":"https:\/\/www.inmobiliariacoll.com\/ca\/property\/primer-piso-de-3-habitaciones-cerca-del-centro-de-soller\/","title":{"rendered":"Primer pis de 3 habitacions a prop del centre de S\u00f3ller"},"content":{"rendered":"\n<p>Aquest ampli i llumin\u00f3s pis es distribueix en sal\u00f3 menjador amb acc\u00e9s a un balc\u00f3, una \u00e0mplia cuina amb rebost i zona de bugaderia i lavabo, un ampli distribu\u00efdor amb armari, un gran bany i 3 habitacions amb armaris de paret, la propietat compta amb aire condicionat , es troba en bon estat d&#8217;\u00fas i est\u00e0 situada en una bona zona de serveis no gaire lluny del centre<\/p>\n","protected":false},"excerpt":{"rendered":"<p>Aquest ampli i llumin\u00f3s pis es distribueix en sal\u00f3 menjador amb acc\u00e9s a un balc\u00f3, una \u00e0mplia cuina amb rebost i zona de bugaderia i lavabo, un ampli distribu\u00efdor amb armari, un gran bany i 3 habitacions amb armaris de paret, la propietat compta amb aire condicionat , es troba en bon estat d&#8217;\u00fas i [&hellip;]<\/p>\n","protected":false},"author":3,"featured_media":13960,"parent":0,"menu_order":0,"template":"","property_type":[131],"property_status":[],"property_feature":[],"property_label":[],"property_country":[158],"property_state":[160],"property_city":[175],"property_area":[],"class_list":["post-13820","property","type-property","status-publish","has-post-thumbnail","hentry","property_type-pis","property_country-espanya","property_state-mallorca-ca","property_city-soller-ca"],"property_meta":{"_wpml_word_count":["{\"total\":101,\"to_translate\":{\"ca\":101,\"en\":101,\"de\":101}}"],"fave_property_id":["30249"],"fave_property_map":["1"],"fave_property_location":["25.68654,-80.431345,15"],"houzez_geolocation_lat":["25.68654"],"houzez_geolocation_long":["-80.431345"],"fave_property_map_street_view":["hide"],"fave_agent_display_option":["author_info"],"fave_agents":["-1"],"fave_property_agency":["-1"],"fave_single_top_area":["global"],"fave_single_content_area":["global"],"rs_page_bg_color":[""],"houzez_manual_expire":["0"],"_houzez_expiration_date_status":["saved"],"_wpml_media_duplicate":["1"],"_wpml_media_featured":["1"],"_edit_lock":["1725267524:3"],"_last_translation_edit_mode":["native-editor"],"_edit_last":["3"],"fave_property_images":["13807","13815","13960","13964","13952","13968","13972"],"fave_property_price":["350000"],"fave_property_size":["95"],"fave_property_bedrooms":["3"],"fave_property_bathrooms":["2"],"fave_featured":["0"],"fave_loggedintoview":["0"],"fave_prop_homeslider":["no"],"houzez_total_property_views":["74"],"houzez_views_by_date":["a:61:{s:10:\"09-03-2024\";i:2;s:10:\"09-12-2024\";i:1;s:10:\"09-14-2024\";i:1;s:10:\"09-15-2024\";i:1;s:10:\"09-17-2024\";i:1;s:10:\"09-19-2024\";i:1;s:10:\"09-21-2024\";i:2;s:10:\"09-24-2024\";i:1;s:10:\"09-26-2024\";i:1;s:10:\"09-28-2024\";i:1;s:10:\"10-01-2024\";i:1;s:10:\"10-03-2024\";i:1;s:10:\"10-05-2024\";i:1;s:10:\"10-20-2024\";i:2;s:10:\"10-26-2024\";i:1;s:10:\"11-05-2024\";i:1;s:10:\"11-19-2024\";i:1;s:10:\"11-20-2024\";i:1;s:10:\"01-24-2025\";i:1;s:10:\"02-07-2025\";i:1;s:10:\"02-09-2025\";i:1;s:10:\"02-12-2025\";i:1;s:10:\"02-15-2025\";i:1;s:10:\"03-06-2025\";i:1;s:10:\"03-09-2025\";i:1;s:10:\"03-13-2025\";i:1;s:10:\"03-26-2025\";i:1;s:10:\"04-04-2025\";i:1;s:10:\"05-01-2025\";i:2;s:10:\"05-05-2025\";i:1;s:10:\"05-22-2025\";i:1;s:10:\"06-06-2025\";i:1;s:10:\"07-11-2025\";i:1;s:10:\"07-29-2025\";i:1;s:10:\"08-12-2025\";i:1;s:10:\"08-29-2025\";i:1;s:10:\"09-06-2025\";i:1;s:10:\"09-11-2025\";i:1;s:10:\"09-12-2025\";i:1;s:10:\"09-14-2025\";i:1;s:10:\"09-22-2025\";i:1;s:10:\"09-23-2025\";i:2;s:10:\"09-25-2025\";i:1;s:10:\"09-26-2025\";i:1;s:10:\"09-30-2025\";i:1;s:10:\"10-07-2025\";i:1;s:10:\"10-10-2025\";i:1;s:10:\"10-20-2025\";i:1;s:10:\"10-26-2025\";i:1;s:10:\"11-10-2025\";i:1;s:10:\"11-14-2025\";i:1;s:10:\"11-16-2025\";i:1;s:10:\"11-19-2025\";i:1;s:10:\"11-29-2025\";i:1;s:10:\"12-30-2025\";i:3;s:10:\"01-09-2026\";i:1;s:10:\"01-17-2026\";i:1;s:10:\"01-19-2026\";i:1;s:10:\"03-06-2026\";i:1;s:10:\"03-26-2026\";i:5;s:10:\"03-27-2026\";i:1;}"],"houzez_recently_viewed":["2026-03-27 20:01:08"],"_thumbnail_id":["13960"]},"_links":{"self":[{"href":"https:\/\/www.inmobiliariacoll.com\/ca\/wp-json\/wp\/v2\/properties\/13820","targetHints":{"allow":["GET"]}}],"collection":[{"href":"https:\/\/www.inmobiliariacoll.com\/ca\/wp-json\/wp\/v2\/properties"}],"about":[{"href":"https:\/\/www.inmobiliariacoll.com\/ca\/wp-json\/wp\/v2\/types\/property"}],"author":[{"embeddable":true,"href":"https:\/\/www.inmobiliariacoll.com\/ca\/wp-json\/wp\/v2\/users\/3"}],"version-history":[{"count":1,"href":"https:\/\/www.inmobiliariacoll.com\/ca\/wp-json\/wp\/v2\/properties\/13820\/revisions"}],"predecessor-version":[{"id":13824,"href":"https:\/\/www.inmobiliariacoll.com\/ca\/wp-json\/wp\/v2\/properties\/13820\/revisions\/13824"}],"wp:featuredmedia":[{"embeddable":true,"href":"https:\/\/www.inmobiliariacoll.com\/ca\/wp-json\/wp\/v2\/media\/13960"}],"wp:attachment":[{"href":"https:\/\/www.inmobiliariacoll.com\/ca\/wp-json\/wp\/v2\/media?parent=13820"}],"wp:term":[{"taxonomy":"property_type","embeddable":true,"href":"https:\/\/www.inmobiliariacoll.com\/ca\/wp-json\/wp\/v2\/property_type?post=13820"},{"taxonomy":"property_status","embeddable":true,"href":"https:\/\/www.inmobiliariacoll.com\/ca\/wp-json\/wp\/v2\/property_status?post=13820"},{"taxonomy":"property_feature","embeddable":true,"href":"https:\/\/www.inmobiliariacoll.com\/ca\/wp-json\/wp\/v2\/property_feature?post=13820"},{"taxonomy":"property_label","embeddable":true,"href":"https:\/\/www.inmobiliariacoll.com\/ca\/wp-json\/wp\/v2\/property_label?post=13820"},{"taxonomy":"property_country","embeddable":true,"href":"https:\/\/www.inmobiliariacoll.com\/ca\/wp-json\/wp\/v2\/property_country?post=13820"},{"taxonomy":"property_state","embeddable":true,"href":"https:\/\/www.inmobiliariacoll.com\/ca\/wp-json\/wp\/v2\/property_state?post=13820"},{"taxonomy":"property_city","embeddable":true,"href":"https:\/\/www.inmobiliariacoll.com\/ca\/wp-json\/wp\/v2\/property_city?post=13820"},{"taxonomy":"property_area","embeddable":true,"href":"https:\/\/www.inmobiliariacoll.com\/ca\/wp-json\/wp\/v2\/property_area?post=13820"}],"curies":[{"name":"wp","href":"https:\/\/api.w.org\/{rel}","templated":true}]}}

Primer pis de 3 habitacions a prop del centre de Sóller

<p>Aquest ampli i lluminós pis es distribueix en saló menjador amb accés a un balcó, una àmplia cuina amb rebost i zona de bugaderia i lavabo, un ampli distribuïdor amb armari, un gran bany i 3 habitacions amb armaris de paret, la propietat compta amb aire condicionat , es troba en bon estat d&#8217;ús i està situada en una bona zona de serveis no gaire lluny del centre</p>

<p>Aquest ampli i lluminós pis es distribueix en saló menjador amb accés a un balcó, una àmplia cuina amb rebost i zona de bugaderia i lavabo, un ampli distribuïdor amb armari, un gran bany i 3 habitacions amb armaris de paret, la propietat compta amb aire condicionat , es troba en bon estat d&#8217;ús i [&hellip;]</p>
