{"id":13412,"date":"2024-04-04T12:09:15","date_gmt":"2024-04-04T12:09:15","guid":{"rendered":"https:\/\/www.inmobiliariacoll.com\/property\/comodo-apartamento-con-terraza-ascensor-y-vistas-al-mar-2\/"},"modified":"2024-04-04T12:11:11","modified_gmt":"2024-04-04T12:11:11","slug":"comodo-apartamento-con-terraza-ascensor-y-vistas-al-mar-2","status":"publish","type":"property","link":"https:\/\/www.inmobiliariacoll.com\/ca\/property\/comodo-apartamento-con-terraza-ascensor-y-vistas-al-mar-2\/","title":{"rendered":"C\u00f2mode apartament amb terrassa, ascensor i vistes al mar"},"content":{"rendered":"\n<p>Aquest acollidor apartament se situa al Port de S\u00f3ller i es distribueix en un ampli sal\u00f3-menjador amb acc\u00e9s a una agradable i \u00e0mplia terrassa amb precioses vistes, una cuina equipada amb barra americana, 2 habitacions dobles i 2 banys (un en suite). La propietat se situa a la primera planta de l\u00b4edifici i disposa d\u00b4ascensor i f\u00e0cil aparcament. Una bona oportunitat per viure a prop del mar en una propietat c\u00f2moda, tranquil\u00b7la i de f\u00e0cil manteniment<\/p>\n","protected":false},"excerpt":{"rendered":"<p>Aquest acollidor apartament se situa al Port de S\u00f3ller i es distribueix en un ampli sal\u00f3-menjador amb acc\u00e9s a una agradable i \u00e0mplia terrassa amb precioses vistes, una cuina equipada amb barra americana, 2 habitacions dobles i 2 banys (un en suite). La propietat se situa a la primera planta de l\u00b4edifici i disposa d\u00b4ascensor [&hellip;]<\/p>\n","protected":false},"author":3,"featured_media":13367,"parent":0,"menu_order":0,"template":"","property_type":[131],"property_status":[150],"property_feature":[],"property_label":[],"property_country":[],"property_state":[],"property_city":[127],"property_area":[],"class_list":["post-13412","property","type-property","status-publish","has-post-thumbnail","hentry","property_type-pis","property_status-venda","property_city-port-de-soller"],"property_meta":{"_wpml_word_count":["{\"total\":111,\"to_translate\":{\"ca\":111,\"en\":111,\"de\":111}}"],"fave_property_id":["62038"],"fave_property_map":["1"],"fave_property_location":["25.68654,-80.431345,15"],"houzez_geolocation_lat":["25.68654"],"houzez_geolocation_long":["-80.431345"],"fave_property_map_street_view":["hide"],"fave_agent_display_option":["author_info"],"fave_agents":["-1"],"fave_property_agency":["-1"],"fave_single_top_area":["global"],"fave_single_content_area":["global"],"rs_page_bg_color":[""],"houzez_manual_expire":["0"],"_houzez_expiration_date_status":["saved"],"_wpml_media_duplicate":["1"],"_wpml_media_featured":["1"],"_edit_lock":["1712232674:3"],"_last_translation_edit_mode":["native-editor"],"_edit_last":["3"],"fave_property_images":["13367","13399","13371","13391","13375","13379","13383","13387","13403","13407","13395"],"_thumbnail_id":["13367"],"fave_property_size":["72"],"fave_property_land":["15"],"fave_property_bedrooms":["2"],"fave_property_bathrooms":["2"],"fave_featured":["0"],"fave_loggedintoview":["0"],"fave_prop_homeslider":["no"],"houzez_total_property_views":["86"],"houzez_views_by_date":["a:61:{s:10:\"05-31-2024\";i:1;s:10:\"06-03-2024\";i:1;s:10:\"06-04-2024\";i:1;s:10:\"06-05-2024\";i:1;s:10:\"06-08-2024\";i:1;s:10:\"06-24-2024\";i:1;s:10:\"06-25-2024\";i:1;s:10:\"06-27-2024\";i:1;s:10:\"08-07-2024\";i:1;s:10:\"08-08-2024\";i:1;s:10:\"08-12-2024\";i:1;s:10:\"08-18-2024\";i:1;s:10:\"09-05-2024\";i:1;s:10:\"09-13-2024\";i:1;s:10:\"09-18-2024\";i:1;s:10:\"10-20-2024\";i:1;s:10:\"11-05-2024\";i:1;s:10:\"11-09-2024\";i:1;s:10:\"11-20-2024\";i:2;s:10:\"12-25-2024\";i:1;s:10:\"01-03-2025\";i:1;s:10:\"01-12-2025\";i:1;s:10:\"01-15-2025\";i:1;s:10:\"02-07-2025\";i:1;s:10:\"02-08-2025\";i:1;s:10:\"02-11-2025\";i:1;s:10:\"03-06-2025\";i:1;s:10:\"03-09-2025\";i:1;s:10:\"03-27-2025\";i:1;s:10:\"04-04-2025\";i:1;s:10:\"05-02-2025\";i:2;s:10:\"05-22-2025\";i:1;s:10:\"05-24-2025\";i:1;s:10:\"06-10-2025\";i:1;s:10:\"06-11-2025\";i:1;s:10:\"07-08-2025\";i:1;s:10:\"08-12-2025\";i:1;s:10:\"08-29-2025\";i:1;s:10:\"09-02-2025\";i:1;s:10:\"09-06-2025\";i:1;s:10:\"09-11-2025\";i:1;s:10:\"09-12-2025\";i:1;s:10:\"09-16-2025\";i:1;s:10:\"09-23-2025\";i:1;s:10:\"09-24-2025\";i:1;s:10:\"09-25-2025\";i:1;s:10:\"10-09-2025\";i:1;s:10:\"10-22-2025\";i:1;s:10:\"10-26-2025\";i:1;s:10:\"11-10-2025\";i:1;s:10:\"11-13-2025\";i:1;s:10:\"11-16-2025\";i:1;s:10:\"11-19-2025\";i:1;s:10:\"11-29-2025\";i:1;s:10:\"12-04-2025\";i:2;s:10:\"01-10-2026\";i:1;s:10:\"01-17-2026\";i:1;s:10:\"02-10-2026\";i:1;s:10:\"03-06-2026\";i:1;s:10:\"03-16-2026\";i:3;s:10:\"04-07-2026\";i:1;}"],"houzez_recently_viewed":["2026-04-07 20:19:57"],"fave_property_price":["625000"]},"_links":{"self":[{"href":"https:\/\/www.inmobiliariacoll.com\/ca\/wp-json\/wp\/v2\/properties\/13412","targetHints":{"allow":["GET"]}}],"collection":[{"href":"https:\/\/www.inmobiliariacoll.com\/ca\/wp-json\/wp\/v2\/properties"}],"about":[{"href":"https:\/\/www.inmobiliariacoll.com\/ca\/wp-json\/wp\/v2\/types\/property"}],"author":[{"embeddable":true,"href":"https:\/\/www.inmobiliariacoll.com\/ca\/wp-json\/wp\/v2\/users\/3"}],"version-history":[{"count":1,"href":"https:\/\/www.inmobiliariacoll.com\/ca\/wp-json\/wp\/v2\/properties\/13412\/revisions"}],"predecessor-version":[{"id":13416,"href":"https:\/\/www.inmobiliariacoll.com\/ca\/wp-json\/wp\/v2\/properties\/13412\/revisions\/13416"}],"wp:featuredmedia":[{"embeddable":true,"href":"https:\/\/www.inmobiliariacoll.com\/ca\/wp-json\/wp\/v2\/media\/13367"}],"wp:attachment":[{"href":"https:\/\/www.inmobiliariacoll.com\/ca\/wp-json\/wp\/v2\/media?parent=13412"}],"wp:term":[{"taxonomy":"property_type","embeddable":true,"href":"https:\/\/www.inmobiliariacoll.com\/ca\/wp-json\/wp\/v2\/property_type?post=13412"},{"taxonomy":"property_status","embeddable":true,"href":"https:\/\/www.inmobiliariacoll.com\/ca\/wp-json\/wp\/v2\/property_status?post=13412"},{"taxonomy":"property_feature","embeddable":true,"href":"https:\/\/www.inmobiliariacoll.com\/ca\/wp-json\/wp\/v2\/property_feature?post=13412"},{"taxonomy":"property_label","embeddable":true,"href":"https:\/\/www.inmobiliariacoll.com\/ca\/wp-json\/wp\/v2\/property_label?post=13412"},{"taxonomy":"property_country","embeddable":true,"href":"https:\/\/www.inmobiliariacoll.com\/ca\/wp-json\/wp\/v2\/property_country?post=13412"},{"taxonomy":"property_state","embeddable":true,"href":"https:\/\/www.inmobiliariacoll.com\/ca\/wp-json\/wp\/v2\/property_state?post=13412"},{"taxonomy":"property_city","embeddable":true,"href":"https:\/\/www.inmobiliariacoll.com\/ca\/wp-json\/wp\/v2\/property_city?post=13412"},{"taxonomy":"property_area","embeddable":true,"href":"https:\/\/www.inmobiliariacoll.com\/ca\/wp-json\/wp\/v2\/property_area?post=13412"}],"curies":[{"name":"wp","href":"https:\/\/api.w.org\/{rel}","templated":true}]}}

Còmode apartament amb terrassa, ascensor i vistes al mar

<p>Aquest acollidor apartament se situa al Port de Sóller i es distribueix en un ampli saló-menjador amb accés a una agradable i àmplia terrassa amb precioses vistes, una cuina equipada amb barra americana, 2 habitacions dobles i 2 banys (un en suite). La propietat se situa a la primera planta de l´edifici i disposa d´ascensor i fàcil aparcament. Una bona oportunitat per viure a prop del mar en una propietat còmoda, tranquil·la i de fàcil manteniment</p>

<p>Aquest acollidor apartament se situa al Port de Sóller i es distribueix en un ampli saló-menjador amb accés a una agradable i àmplia terrassa amb precioses vistes, una cuina equipada amb barra americana, 2 habitacions dobles i 2 banys (un en suite). La propietat se situa a la primera planta de l´edifici i disposa d´ascensor [&hellip;]</p>
