{"id":13300,"date":"2024-02-22T12:16:42","date_gmt":"2024-02-22T12:16:42","guid":{"rendered":"https:\/\/www.inmobiliariacoll.com\/property\/casa-de-piedra-con-patio-y-terrazas-en-el-centro-de-soller\/"},"modified":"2024-02-22T12:19:01","modified_gmt":"2024-02-22T12:19:01","slug":"casa-de-piedra-con-patio-y-terrazas-en-el-centro-de-soller","status":"publish","type":"property","link":"https:\/\/www.inmobiliariacoll.com\/ca\/property\/casa-de-piedra-con-patio-y-terrazas-en-el-centro-de-soller\/","title":{"rendered":"Casa de pedra amb pati i terrasses al centre de S\u00f3ller"},"content":{"rendered":"\n<p>T\u00edpica casa de pedra al centre de S\u00f3ller distribu\u00efda en \u00e0mplia entrada amb arc, sala d\u00b4estar, cuina, pati, botigues, 4 habitacions, saleta, bugaderia amb petita cuina d\u00b4estiu i 2 banys. La propietat est\u00e0 equipada amb calefacci\u00f3 central i disposa de golfes i dues terrasses, una d&#8217;elles amb fant\u00e0stiques vistes a les muntanyes. La casa es troba en molt bon estat, llesta per habitar!<\/p>\n","protected":false},"excerpt":{"rendered":"<p>T\u00edpica casa de pedra al centre de S\u00f3ller distribu\u00efda en \u00e0mplia entrada amb arc, sala d\u00b4estar, cuina, pati, botigues, 4 habitacions, saleta, bugaderia amb petita cuina d\u00b4estiu i 2 banys. La propietat est\u00e0 equipada amb calefacci\u00f3 central i disposa de golfes i dues terrasses, una d&#8217;elles amb fant\u00e0stiques vistes a les muntanyes. La casa es [&hellip;]<\/p>\n","protected":false},"author":3,"featured_media":13291,"parent":0,"menu_order":0,"template":"","property_type":[138],"property_status":[150],"property_feature":[],"property_label":[],"property_country":[158],"property_state":[160],"property_city":[175],"property_area":[],"class_list":["post-13300","property","type-property","status-publish","has-post-thumbnail","hentry","property_type-casa-ca","property_status-venda","property_country-espanya","property_state-mallorca-ca","property_city-soller-ca"],"property_meta":{"_wpml_word_count":["{\"total\":106,\"to_translate\":{\"ca\":106,\"en\":106,\"de\":106}}"],"fave_property_id":["20542"],"fave_property_map":["1"],"fave_property_location":["25.68654,-80.431345,15"],"houzez_geolocation_lat":["25.68654"],"houzez_geolocation_long":["-80.431345"],"fave_property_map_street_view":["hide"],"fave_agent_display_option":["author_info"],"fave_agents":["-1"],"fave_property_agency":["-1"],"fave_single_top_area":["global"],"fave_single_content_area":["global"],"rs_page_bg_color":[""],"houzez_manual_expire":["0"],"_houzez_expiration_date_status":["saved"],"_wpml_media_duplicate":["1"],"_wpml_media_featured":["1"],"_edit_lock":["1708604342:3"],"_last_translation_edit_mode":["native-editor"],"_edit_last":["3"],"fave_property_images":["13291","13255","13259","13263","13267","13271","13275","13279","13283","13287","13295"],"_thumbnail_id":["13291"],"fave_property_price":["625000"],"fave_property_size":["270"],"fave_property_bedrooms":["4"],"fave_property_bathrooms":["2"],"fave_featured":["0"],"fave_loggedintoview":["0"],"fave_prop_homeslider":["no"],"houzez_total_property_views":["110"],"houzez_views_by_date":["a:61:{s:10:\"02-20-2025\";i:1;s:10:\"02-22-2025\";i:1;s:10:\"02-25-2025\";i:1;s:10:\"02-27-2025\";i:1;s:10:\"03-01-2025\";i:1;s:10:\"03-04-2025\";i:1;s:10:\"03-06-2025\";i:2;s:10:\"03-09-2025\";i:1;s:10:\"03-10-2025\";i:1;s:10:\"03-11-2025\";i:1;s:10:\"03-14-2025\";i:1;s:10:\"03-17-2025\";i:1;s:10:\"03-19-2025\";i:1;s:10:\"03-22-2025\";i:1;s:10:\"03-24-2025\";i:1;s:10:\"03-27-2025\";i:2;s:10:\"03-29-2025\";i:1;s:10:\"03-31-2025\";i:1;s:10:\"04-03-2025\";i:1;s:10:\"04-05-2025\";i:2;s:10:\"04-12-2025\";i:1;s:10:\"04-20-2025\";i:1;s:10:\"04-27-2025\";i:1;s:10:\"05-01-2025\";i:1;s:10:\"05-02-2025\";i:2;s:10:\"05-04-2025\";i:1;s:10:\"05-07-2025\";i:1;s:10:\"05-22-2025\";i:1;s:10:\"06-04-2025\";i:1;s:10:\"06-15-2025\";i:1;s:10:\"06-19-2025\";i:1;s:10:\"06-27-2025\";i:1;s:10:\"06-29-2025\";i:1;s:10:\"07-03-2025\";i:1;s:10:\"07-07-2025\";i:1;s:10:\"07-11-2025\";i:1;s:10:\"07-29-2025\";i:1;s:10:\"08-16-2025\";i:1;s:10:\"09-02-2025\";i:1;s:10:\"09-03-2025\";i:1;s:10:\"09-11-2025\";i:1;s:10:\"09-12-2025\";i:1;s:10:\"09-20-2025\";i:1;s:10:\"09-21-2025\";i:1;s:10:\"09-23-2025\";i:1;s:10:\"09-24-2025\";i:1;s:10:\"09-25-2025\";i:1;s:10:\"10-11-2025\";i:1;s:10:\"10-20-2025\";i:1;s:10:\"10-23-2025\";i:1;s:10:\"10-26-2025\";i:1;s:10:\"11-10-2025\";i:1;s:10:\"11-11-2025\";i:1;s:10:\"11-13-2025\";i:1;s:10:\"11-18-2025\";i:1;s:10:\"11-29-2025\";i:1;s:10:\"01-11-2026\";i:1;s:10:\"01-18-2026\";i:1;s:10:\"03-22-2026\";i:1;s:10:\"03-25-2026\";i:1;s:10:\"04-04-2026\";i:1;}"],"houzez_recently_viewed":["2026-04-04 14:36:20"]},"_links":{"self":[{"href":"https:\/\/www.inmobiliariacoll.com\/ca\/wp-json\/wp\/v2\/properties\/13300","targetHints":{"allow":["GET"]}}],"collection":[{"href":"https:\/\/www.inmobiliariacoll.com\/ca\/wp-json\/wp\/v2\/properties"}],"about":[{"href":"https:\/\/www.inmobiliariacoll.com\/ca\/wp-json\/wp\/v2\/types\/property"}],"author":[{"embeddable":true,"href":"https:\/\/www.inmobiliariacoll.com\/ca\/wp-json\/wp\/v2\/users\/3"}],"version-history":[{"count":1,"href":"https:\/\/www.inmobiliariacoll.com\/ca\/wp-json\/wp\/v2\/properties\/13300\/revisions"}],"predecessor-version":[{"id":13304,"href":"https:\/\/www.inmobiliariacoll.com\/ca\/wp-json\/wp\/v2\/properties\/13300\/revisions\/13304"}],"wp:featuredmedia":[{"embeddable":true,"href":"https:\/\/www.inmobiliariacoll.com\/ca\/wp-json\/wp\/v2\/media\/13291"}],"wp:attachment":[{"href":"https:\/\/www.inmobiliariacoll.com\/ca\/wp-json\/wp\/v2\/media?parent=13300"}],"wp:term":[{"taxonomy":"property_type","embeddable":true,"href":"https:\/\/www.inmobiliariacoll.com\/ca\/wp-json\/wp\/v2\/property_type?post=13300"},{"taxonomy":"property_status","embeddable":true,"href":"https:\/\/www.inmobiliariacoll.com\/ca\/wp-json\/wp\/v2\/property_status?post=13300"},{"taxonomy":"property_feature","embeddable":true,"href":"https:\/\/www.inmobiliariacoll.com\/ca\/wp-json\/wp\/v2\/property_feature?post=13300"},{"taxonomy":"property_label","embeddable":true,"href":"https:\/\/www.inmobiliariacoll.com\/ca\/wp-json\/wp\/v2\/property_label?post=13300"},{"taxonomy":"property_country","embeddable":true,"href":"https:\/\/www.inmobiliariacoll.com\/ca\/wp-json\/wp\/v2\/property_country?post=13300"},{"taxonomy":"property_state","embeddable":true,"href":"https:\/\/www.inmobiliariacoll.com\/ca\/wp-json\/wp\/v2\/property_state?post=13300"},{"taxonomy":"property_city","embeddable":true,"href":"https:\/\/www.inmobiliariacoll.com\/ca\/wp-json\/wp\/v2\/property_city?post=13300"},{"taxonomy":"property_area","embeddable":true,"href":"https:\/\/www.inmobiliariacoll.com\/ca\/wp-json\/wp\/v2\/property_area?post=13300"}],"curies":[{"name":"wp","href":"https:\/\/api.w.org\/{rel}","templated":true}]}}

Casa de pedra amb pati i terrasses al centre de Sóller

<p>Típica casa de pedra al centre de Sóller distribuïda en àmplia entrada amb arc, sala d´estar, cuina, pati, botigues, 4 habitacions, saleta, bugaderia amb petita cuina d´estiu i 2 banys. La propietat està equipada amb calefacció central i disposa de golfes i dues terrasses, una d&#8217;elles amb fantàstiques vistes a les muntanyes. La casa es troba en molt bon estat, llesta per habitar!</p>

<p>Típica casa de pedra al centre de Sóller distribuïda en àmplia entrada amb arc, sala d´estar, cuina, pati, botigues, 4 habitacions, saleta, bugaderia amb petita cuina d´estiu i 2 banys. La propietat està equipada amb calefacció central i disposa de golfes i dues terrasses, una d&#8217;elles amb fantàstiques vistes a les muntanyes. La casa es [&hellip;]</p>
