{"id":12528,"date":"2023-09-11T16:07:55","date_gmt":"2023-09-11T16:07:55","guid":{"rendered":"https:\/\/www.inmobiliariacoll.com\/property\/tradicional-casa-de-piedra-con-patio-en-el-centro-de-soller\/"},"modified":"2023-09-11T17:10:57","modified_gmt":"2023-09-11T17:10:57","slug":"tradicional-casa-de-piedra-con-patio-en-el-centro-de-soller","status":"publish","type":"property","link":"https:\/\/www.inmobiliariacoll.com\/ca\/property\/tradicional-casa-de-piedra-con-patio-en-el-centro-de-soller\/","title":{"rendered":"Tradicional casa de pedra amb pati al centre de S\u00f3ller"},"content":{"rendered":"\n<p>Aquesta bonica casa de pedra, totalment renovada en estil r\u00fastic es divideix en 3 plantes i consta d\u00b4una bonica entrada de pedra amb acc\u00e9s a un lavabo, a la bugaderia i al pati del darrere d\u00b4aprox. 40m2 on hi ha una petita piscina per refrescar-se. Uns esglaons m\u00e9s amunt trobem una \u00e0mplia sala d\u00b4estar amb estufa de llenya, cuina oberta i acc\u00e9s directe al\u00b4exterior. La primera planta disposa de 2 dormitoris, un bany en suite i un ampli distribu\u00efdor. La planta superior \u00e9s una bonica golfa amb sala d&#8217;estar gran, una habitaci\u00f3 i una zona d&#8217;estudi. En estar situada en un carrer c\u00e8ntric i tenir dues vies d&#8217;acc\u00e9s independents, hi ha la possibilitat d&#8217;usar la planta baixa com a negoci<\/p>\n","protected":false},"excerpt":{"rendered":"<p>Aquesta bonica casa de pedra, totalment renovada en estil r\u00fastic es divideix en 3 plantes i consta d\u00b4una bonica entrada de pedra amb acc\u00e9s a un lavabo, a la bugaderia i al pati del darrere d\u00b4aprox. 40m2 on hi ha una petita piscina per refrescar-se. Uns esglaons m\u00e9s amunt trobem una \u00e0mplia sala d\u00b4estar amb [&hellip;]<\/p>\n","protected":false},"author":3,"featured_media":12519,"parent":0,"menu_order":0,"template":"","property_type":[138],"property_status":[150],"property_feature":[],"property_label":[],"property_country":[],"property_state":[],"property_city":[175],"property_area":[],"class_list":["post-12528","property","type-property","status-publish","has-post-thumbnail","hentry","property_type-casa-ca","property_status-venda","property_city-soller-ca"],"property_meta":{"_wpml_word_count":["{\"total\":160,\"to_translate\":{\"ca\":160,\"en\":160,\"de\":160}}"],"fave_property_id":["20539"],"fave_property_map":["1"],"fave_property_location":["25.68654,-80.431345,15"],"houzez_geolocation_lat":["25.68654"],"houzez_geolocation_long":["-80.431345"],"fave_property_map_street_view":["hide"],"fave_agent_display_option":["author_info"],"fave_agents":["-1"],"fave_property_agency":["-1"],"fave_single_top_area":["global"],"fave_single_content_area":["global"],"rs_page_bg_color":[""],"houzez_manual_expire":["0"],"_houzez_expiration_date_status":["saved"],"_wpml_media_duplicate":["1"],"_wpml_media_featured":["1"],"_edit_lock":["1694691432:3"],"_last_translation_edit_mode":["native-editor"],"_edit_last":["3"],"fave_property_images":["12519","12463","12467","12471","12475","12479","12487","12491","12495","12499","12503","12507","12511","12515","12523"],"fave_property_price":["800000"],"fave_property_size":["225"],"fave_property_land":["40"],"fave_property_bedrooms":["3"],"fave_property_bathrooms":["2"],"fave_featured":["0"],"fave_loggedintoview":["0"],"fave_prop_homeslider":["no"],"_thumbnail_id":["12519"],"houzez_total_property_views":["96"],"houzez_views_by_date":["a:61:{s:10:\"05-16-2024\";i:1;s:10:\"05-21-2024\";i:1;s:10:\"05-23-2024\";i:1;s:10:\"05-24-2024\";i:1;s:10:\"05-27-2024\";i:1;s:10:\"05-29-2024\";i:1;s:10:\"05-31-2024\";i:1;s:10:\"06-05-2024\";i:2;s:10:\"06-10-2024\";i:1;s:10:\"06-24-2024\";i:1;s:10:\"06-25-2024\";i:1;s:10:\"06-27-2024\";i:1;s:10:\"07-05-2024\";i:1;s:10:\"08-02-2024\";i:1;s:10:\"08-19-2024\";i:1;s:10:\"09-06-2024\";i:1;s:10:\"09-13-2024\";i:1;s:10:\"11-05-2024\";i:1;s:10:\"11-15-2024\";i:1;s:10:\"11-20-2024\";i:1;s:10:\"01-10-2025\";i:1;s:10:\"01-12-2025\";i:1;s:10:\"01-17-2025\";i:1;s:10:\"01-21-2025\";i:1;s:10:\"02-07-2025\";i:1;s:10:\"02-11-2025\";i:1;s:10:\"03-06-2025\";i:1;s:10:\"03-26-2025\";i:1;s:10:\"03-27-2025\";i:1;s:10:\"04-05-2025\";i:1;s:10:\"04-29-2025\";i:1;s:10:\"05-01-2025\";i:1;s:10:\"05-03-2025\";i:1;s:10:\"05-22-2025\";i:1;s:10:\"06-04-2025\";i:1;s:10:\"07-11-2025\";i:1;s:10:\"07-29-2025\";i:1;s:10:\"08-12-2025\";i:1;s:10:\"08-26-2025\";i:1;s:10:\"08-28-2025\";i:1;s:10:\"09-02-2025\";i:1;s:10:\"09-06-2025\";i:1;s:10:\"09-11-2025\";i:1;s:10:\"09-12-2025\";i:1;s:10:\"09-14-2025\";i:2;s:10:\"09-23-2025\";i:1;s:10:\"09-25-2025\";i:1;s:10:\"09-27-2025\";i:1;s:10:\"10-04-2025\";i:1;s:10:\"10-05-2025\";i:1;s:10:\"10-10-2025\";i:1;s:10:\"10-20-2025\";i:1;s:10:\"11-09-2025\";i:1;s:10:\"11-13-2025\";i:1;s:10:\"11-17-2025\";i:1;s:10:\"11-20-2025\";i:1;s:10:\"12-15-2025\";i:1;s:10:\"12-30-2025\";i:3;s:10:\"01-11-2026\";i:1;s:10:\"01-19-2026\";i:1;s:10:\"03-11-2026\";i:1;}"],"houzez_recently_viewed":["2026-03-11 09:08:48"]},"_links":{"self":[{"href":"https:\/\/www.inmobiliariacoll.com\/ca\/wp-json\/wp\/v2\/properties\/12528","targetHints":{"allow":["GET"]}}],"collection":[{"href":"https:\/\/www.inmobiliariacoll.com\/ca\/wp-json\/wp\/v2\/properties"}],"about":[{"href":"https:\/\/www.inmobiliariacoll.com\/ca\/wp-json\/wp\/v2\/types\/property"}],"author":[{"embeddable":true,"href":"https:\/\/www.inmobiliariacoll.com\/ca\/wp-json\/wp\/v2\/users\/3"}],"version-history":[{"count":1,"href":"https:\/\/www.inmobiliariacoll.com\/ca\/wp-json\/wp\/v2\/properties\/12528\/revisions"}],"predecessor-version":[{"id":12532,"href":"https:\/\/www.inmobiliariacoll.com\/ca\/wp-json\/wp\/v2\/properties\/12528\/revisions\/12532"}],"wp:featuredmedia":[{"embeddable":true,"href":"https:\/\/www.inmobiliariacoll.com\/ca\/wp-json\/wp\/v2\/media\/12519"}],"wp:attachment":[{"href":"https:\/\/www.inmobiliariacoll.com\/ca\/wp-json\/wp\/v2\/media?parent=12528"}],"wp:term":[{"taxonomy":"property_type","embeddable":true,"href":"https:\/\/www.inmobiliariacoll.com\/ca\/wp-json\/wp\/v2\/property_type?post=12528"},{"taxonomy":"property_status","embeddable":true,"href":"https:\/\/www.inmobiliariacoll.com\/ca\/wp-json\/wp\/v2\/property_status?post=12528"},{"taxonomy":"property_feature","embeddable":true,"href":"https:\/\/www.inmobiliariacoll.com\/ca\/wp-json\/wp\/v2\/property_feature?post=12528"},{"taxonomy":"property_label","embeddable":true,"href":"https:\/\/www.inmobiliariacoll.com\/ca\/wp-json\/wp\/v2\/property_label?post=12528"},{"taxonomy":"property_country","embeddable":true,"href":"https:\/\/www.inmobiliariacoll.com\/ca\/wp-json\/wp\/v2\/property_country?post=12528"},{"taxonomy":"property_state","embeddable":true,"href":"https:\/\/www.inmobiliariacoll.com\/ca\/wp-json\/wp\/v2\/property_state?post=12528"},{"taxonomy":"property_city","embeddable":true,"href":"https:\/\/www.inmobiliariacoll.com\/ca\/wp-json\/wp\/v2\/property_city?post=12528"},{"taxonomy":"property_area","embeddable":true,"href":"https:\/\/www.inmobiliariacoll.com\/ca\/wp-json\/wp\/v2\/property_area?post=12528"}],"curies":[{"name":"wp","href":"https:\/\/api.w.org\/{rel}","templated":true}]}}

Tradicional casa de pedra amb pati al centre de Sóller

<p>Aquesta bonica casa de pedra, totalment renovada en estil rústic es divideix en 3 plantes i consta d´una bonica entrada de pedra amb accés a un lavabo, a la bugaderia i al pati del darrere d´aprox. 40m2 on hi ha una petita piscina per refrescar-se. Uns esglaons més amunt trobem una àmplia sala d´estar amb estufa de llenya, cuina oberta i accés directe al´exterior. La primera planta disposa de 2 dormitoris, un bany en suite i un ampli distribuïdor. La planta superior és una bonica golfa amb sala d&#8217;estar gran, una habitació i una zona d&#8217;estudi. En estar situada en un carrer cèntric i tenir dues vies d&#8217;accés independents, hi ha la possibilitat d&#8217;usar la planta baixa com a negoci</p>

<p>Aquesta bonica casa de pedra, totalment renovada en estil rústic es divideix en 3 plantes i consta d´una bonica entrada de pedra amb accés a un lavabo, a la bugaderia i al pati del darrere d´aprox. 40m2 on hi ha una petita piscina per refrescar-se. Uns esglaons més amunt trobem una àmplia sala d´estar amb [&hellip;]</p>
