{"id":12454,"date":"2023-09-11T11:35:31","date_gmt":"2023-09-11T11:35:31","guid":{"rendered":"https:\/\/www.inmobiliariacoll.com\/property\/casa-de-piedra-a-reformar-cerca-del-centro-de-soller\/"},"modified":"2023-09-11T11:51:29","modified_gmt":"2023-09-11T11:51:29","slug":"casa-de-piedra-a-reformar-cerca-del-centro-de-soller","status":"publish","type":"property","link":"https:\/\/www.inmobiliariacoll.com\/ca\/property\/casa-de-piedra-a-reformar-cerca-del-centro-de-soller\/","title":{"rendered":"Casa de pedra a reformar a prop del centre de S\u00f3ller"},"content":{"rendered":"\n<p>Aquesta casa amb \u00e0mplia fa\u00e7ana de pedra es troba a una zona tranquil\u00b7la de S\u00f3ller a poca dist\u00e0ncia del centre i requereix una renovaci\u00f3 total. Els seus aprox 280m2 es distribueixen en diverses plantes amb habitacions \u00e0mplies i unes grans golfes. Destaca la seva \u00e0mplia entrada amb sostres alts, terres de fang, bigues de fusta i acc\u00e9s a un petit pati. Per als que busquen un projecte de reforma amb gran potencial<\/p>\n","protected":false},"excerpt":{"rendered":"<p>Aquesta casa amb \u00e0mplia fa\u00e7ana de pedra es troba a una zona tranquil\u00b7la de S\u00f3ller a poca dist\u00e0ncia del centre i requereix una renovaci\u00f3 total. Els seus aprox 280m2 es distribueixen en diverses plantes amb habitacions \u00e0mplies i unes grans golfes. Destaca la seva \u00e0mplia entrada amb sostres alts, terres de fang, bigues de fusta [&hellip;]<\/p>\n","protected":false},"author":3,"featured_media":12449,"parent":0,"menu_order":0,"template":"","property_type":[138],"property_status":[150],"property_feature":[],"property_label":[],"property_country":[158],"property_state":[160],"property_city":[175],"property_area":[],"class_list":["post-12454","property","type-property","status-publish","has-post-thumbnail","hentry","property_type-casa-ca","property_status-venda","property_country-espanya","property_state-mallorca-ca","property_city-soller-ca"],"property_meta":{"_wpml_word_count":["{\"total\":103,\"to_translate\":{\"ca\":103,\"en\":103,\"de\":103}}"],"fave_property_id":["20538"],"fave_property_map":["1"],"fave_property_location":["25.68654,-80.431345,15"],"houzez_geolocation_lat":["25.68654"],"houzez_geolocation_long":["-80.431345"],"fave_property_map_street_view":["hide"],"fave_agent_display_option":["author_info"],"fave_agents":["-1"],"fave_property_agency":["-1"],"fave_single_top_area":["global"],"fave_single_content_area":["global"],"rs_page_bg_color":[""],"houzez_manual_expire":["0"],"_houzez_expiration_date_status":["saved"],"_wpml_media_duplicate":["1"],"_wpml_media_featured":["1"],"_wpml_location_migration_done":["1"],"_edit_lock":["1694433162:3"],"_last_translation_edit_mode":["native-editor"],"_edit_last":["3"],"fave_property_images":["12449","12441","12405","12409","12413","12417","12421","12425","12429","12437","12445","12433"],"fave_property_price":["450000"],"fave_property_size":["280"],"fave_property_bedrooms":["4"],"fave_property_bathrooms":["1"],"fave_featured":["0"],"fave_loggedintoview":["0"],"fave_prop_homeslider":["no"],"houzez_total_property_views":["116"],"houzez_views_by_date":["a:61:{s:10:\"02-16-2025\";i:2;s:10:\"02-18-2025\";i:1;s:10:\"02-21-2025\";i:1;s:10:\"02-23-2025\";i:1;s:10:\"02-25-2025\";i:1;s:10:\"02-28-2025\";i:1;s:10:\"03-02-2025\";i:1;s:10:\"03-04-2025\";i:1;s:10:\"03-06-2025\";i:1;s:10:\"03-07-2025\";i:1;s:10:\"03-09-2025\";i:1;s:10:\"03-11-2025\";i:1;s:10:\"03-14-2025\";i:1;s:10:\"03-17-2025\";i:1;s:10:\"03-19-2025\";i:1;s:10:\"03-22-2025\";i:1;s:10:\"03-24-2025\";i:1;s:10:\"03-27-2025\";i:1;s:10:\"03-29-2025\";i:2;s:10:\"04-01-2025\";i:1;s:10:\"04-03-2025\";i:1;s:10:\"04-07-2025\";i:1;s:10:\"04-10-2025\";i:1;s:10:\"04-12-2025\";i:1;s:10:\"04-17-2025\";i:1;s:10:\"04-29-2025\";i:1;s:10:\"05-01-2025\";i:1;s:10:\"05-02-2025\";i:1;s:10:\"05-04-2025\";i:1;s:10:\"05-07-2025\";i:1;s:10:\"05-21-2025\";i:1;s:10:\"05-22-2025\";i:1;s:10:\"05-26-2025\";i:1;s:10:\"05-27-2025\";i:1;s:10:\"06-09-2025\";i:1;s:10:\"06-27-2025\";i:1;s:10:\"06-29-2025\";i:1;s:10:\"07-03-2025\";i:1;s:10:\"07-07-2025\";i:1;s:10:\"07-11-2025\";i:1;s:10:\"07-29-2025\";i:1;s:10:\"08-12-2025\";i:1;s:10:\"08-20-2025\";i:1;s:10:\"09-02-2025\";i:1;s:10:\"09-06-2025\";i:1;s:10:\"09-11-2025\";i:1;s:10:\"09-12-2025\";i:1;s:10:\"09-14-2025\";i:1;s:10:\"09-23-2025\";i:1;s:10:\"09-25-2025\";i:2;s:10:\"10-09-2025\";i:1;s:10:\"11-10-2025\";i:3;s:10:\"11-13-2025\";i:1;s:10:\"11-20-2025\";i:1;s:10:\"12-30-2025\";i:1;s:10:\"01-10-2026\";i:1;s:10:\"01-19-2026\";i:1;s:10:\"03-02-2026\";i:1;s:10:\"03-07-2026\";i:1;s:10:\"03-13-2026\";i:1;s:10:\"03-17-2026\";i:1;}"],"houzez_recently_viewed":["2026-03-17 03:28:44"],"_thumbnail_id":["12449"]},"_links":{"self":[{"href":"https:\/\/www.inmobiliariacoll.com\/ca\/wp-json\/wp\/v2\/properties\/12454","targetHints":{"allow":["GET"]}}],"collection":[{"href":"https:\/\/www.inmobiliariacoll.com\/ca\/wp-json\/wp\/v2\/properties"}],"about":[{"href":"https:\/\/www.inmobiliariacoll.com\/ca\/wp-json\/wp\/v2\/types\/property"}],"author":[{"embeddable":true,"href":"https:\/\/www.inmobiliariacoll.com\/ca\/wp-json\/wp\/v2\/users\/3"}],"version-history":[{"count":1,"href":"https:\/\/www.inmobiliariacoll.com\/ca\/wp-json\/wp\/v2\/properties\/12454\/revisions"}],"predecessor-version":[{"id":12458,"href":"https:\/\/www.inmobiliariacoll.com\/ca\/wp-json\/wp\/v2\/properties\/12454\/revisions\/12458"}],"wp:featuredmedia":[{"embeddable":true,"href":"https:\/\/www.inmobiliariacoll.com\/ca\/wp-json\/wp\/v2\/media\/12449"}],"wp:attachment":[{"href":"https:\/\/www.inmobiliariacoll.com\/ca\/wp-json\/wp\/v2\/media?parent=12454"}],"wp:term":[{"taxonomy":"property_type","embeddable":true,"href":"https:\/\/www.inmobiliariacoll.com\/ca\/wp-json\/wp\/v2\/property_type?post=12454"},{"taxonomy":"property_status","embeddable":true,"href":"https:\/\/www.inmobiliariacoll.com\/ca\/wp-json\/wp\/v2\/property_status?post=12454"},{"taxonomy":"property_feature","embeddable":true,"href":"https:\/\/www.inmobiliariacoll.com\/ca\/wp-json\/wp\/v2\/property_feature?post=12454"},{"taxonomy":"property_label","embeddable":true,"href":"https:\/\/www.inmobiliariacoll.com\/ca\/wp-json\/wp\/v2\/property_label?post=12454"},{"taxonomy":"property_country","embeddable":true,"href":"https:\/\/www.inmobiliariacoll.com\/ca\/wp-json\/wp\/v2\/property_country?post=12454"},{"taxonomy":"property_state","embeddable":true,"href":"https:\/\/www.inmobiliariacoll.com\/ca\/wp-json\/wp\/v2\/property_state?post=12454"},{"taxonomy":"property_city","embeddable":true,"href":"https:\/\/www.inmobiliariacoll.com\/ca\/wp-json\/wp\/v2\/property_city?post=12454"},{"taxonomy":"property_area","embeddable":true,"href":"https:\/\/www.inmobiliariacoll.com\/ca\/wp-json\/wp\/v2\/property_area?post=12454"}],"curies":[{"name":"wp","href":"https:\/\/api.w.org\/{rel}","templated":true}]}}

Casa de pedra a reformar a prop del centre de Sóller

<p>Aquesta casa amb àmplia façana de pedra es troba a una zona tranquil·la de Sóller a poca distància del centre i requereix una renovació total. Els seus aprox 280m2 es distribueixen en diverses plantes amb habitacions àmplies i unes grans golfes. Destaca la seva àmplia entrada amb sostres alts, terres de fang, bigues de fusta i accés a un petit pati. Per als que busquen un projecte de reforma amb gran potencial</p>

<p>Aquesta casa amb àmplia façana de pedra es troba a una zona tranquil·la de Sóller a poca distància del centre i requereix una renovació total. Els seus aprox 280m2 es distribueixen en diverses plantes amb habitacions àmplies i unes grans golfes. Destaca la seva àmplia entrada amb sostres alts, terres de fang, bigues de fusta [&hellip;]</p>
