{"id":12160,"date":"2023-08-02T11:46:03","date_gmt":"2023-08-02T11:46:03","guid":{"rendered":"https:\/\/www.inmobiliariacoll.com\/property\/apartamento-con-vistas-al-mar-y-licencia-vacacional-en-puerto-de-soller\/"},"modified":"2023-08-02T11:51:19","modified_gmt":"2023-08-02T11:51:19","slug":"apartamento-con-vistas-al-mar-y-licencia-vacacional-en-puerto-de-soller","status":"publish","type":"property","link":"https:\/\/www.inmobiliariacoll.com\/ca\/property\/apartamento-con-vistas-al-mar-y-licencia-vacacional-en-puerto-de-soller\/","title":{"rendered":"Apartament amb vistes al mar i llic\u00e8ncia de lloguer vacacional al Port de S\u00f3ller"},"content":{"rendered":"\n<p>Aquest acollidor apartament destaca per la comoditat i les boniques vistes sobre la badia del Port de S\u00f3ller. Els seus aprox. 65m2 es distribueixen en una cuina oberta a un llumin\u00f3s sal\u00f3-menjador, una habitaci\u00f3 i un bany. Situat a poca dist\u00e0ncia a peu del port i la platja i disposa d&#8217;aire condicionat i llic\u00e8ncia de lloguer vacacional en vigor. Sens dubte una bonica propietat, f\u00e0cil de mantenir i llesta per habitar o llogar!<\/p>\n","protected":false},"excerpt":{"rendered":"<p>Aquest acollidor apartament destaca per la comoditat i les boniques vistes sobre la badia del Port de S\u00f3ller. Els seus aprox. 65m2 es distribueixen en una cuina oberta a un llumin\u00f3s sal\u00f3-menjador, una habitaci\u00f3 i un bany. Situat a poca dist\u00e0ncia a peu del port i la platja i disposa d&#8217;aire condicionat i llic\u00e8ncia de [&hellip;]<\/p>\n","protected":false},"author":3,"featured_media":12147,"parent":0,"menu_order":0,"template":"","property_type":[131],"property_status":[150],"property_feature":[],"property_label":[],"property_country":[158],"property_state":[160],"property_city":[127],"property_area":[],"class_list":["post-12160","property","type-property","status-publish","has-post-thumbnail","hentry","property_type-pis","property_status-venda","property_country-espanya","property_state-mallorca-ca","property_city-port-de-soller"],"property_meta":{"_wpml_word_count":["{\"total\":112,\"to_translate\":{\"ca\":112,\"en\":112,\"de\":112}}"],"fave_property_id":["62034"],"fave_property_map":["1"],"fave_property_location":["25.68654,-80.431345,15"],"houzez_geolocation_lat":["25.68654"],"houzez_geolocation_long":["-80.431345"],"fave_property_map_street_view":["hide"],"fave_agent_display_option":["author_info"],"fave_agents":["-1"],"fave_property_agency":["-1"],"fave_single_top_area":["global"],"fave_single_content_area":["global"],"rs_page_bg_color":[""],"houzez_manual_expire":["0"],"_houzez_expiration_date_status":["saved"],"_wpml_media_duplicate":["1"],"_wpml_media_featured":["1"],"_wpml_location_migration_done":["1"],"_edit_lock":["1690977081:3"],"_last_translation_edit_mode":["native-editor"],"_edit_last":["3"],"fave_property_images":["12147","12151","12135","12127","12131","12139","12143","12155","12123"],"_thumbnail_id":["12147"],"fave_property_price":["575000"],"fave_property_size":["65"],"fave_property_bedrooms":["1"],"fave_property_bathrooms":["1"],"fave_featured":["0"],"fave_loggedintoview":["0"],"fave_prop_homeslider":["no"],"houzez_total_property_views":["128"],"houzez_views_by_date":["a:61:{s:10:\"03-01-2025\";i:1;s:10:\"03-02-2025\";i:1;s:10:\"03-04-2025\";i:1;s:10:\"03-06-2025\";i:1;s:10:\"03-07-2025\";i:1;s:10:\"03-09-2025\";i:1;s:10:\"03-11-2025\";i:1;s:10:\"03-14-2025\";i:1;s:10:\"03-16-2025\";i:1;s:10:\"03-19-2025\";i:1;s:10:\"03-21-2025\";i:1;s:10:\"03-24-2025\";i:1;s:10:\"03-26-2025\";i:1;s:10:\"03-28-2025\";i:1;s:10:\"03-30-2025\";i:1;s:10:\"03-31-2025\";i:1;s:10:\"04-02-2025\";i:1;s:10:\"04-04-2025\";i:1;s:10:\"04-05-2025\";i:1;s:10:\"04-07-2025\";i:1;s:10:\"04-12-2025\";i:1;s:10:\"04-17-2025\";i:1;s:10:\"04-21-2025\";i:1;s:10:\"04-28-2025\";i:1;s:10:\"04-30-2025\";i:1;s:10:\"05-02-2025\";i:1;s:10:\"05-04-2025\";i:1;s:10:\"05-07-2025\";i:1;s:10:\"05-22-2025\";i:2;s:10:\"06-01-2025\";i:1;s:10:\"06-04-2025\";i:1;s:10:\"06-09-2025\";i:1;s:10:\"06-27-2025\";i:1;s:10:\"06-29-2025\";i:1;s:10:\"07-02-2025\";i:1;s:10:\"07-07-2025\";i:1;s:10:\"08-12-2025\";i:1;s:10:\"08-15-2025\";i:1;s:10:\"09-01-2025\";i:1;s:10:\"09-02-2025\";i:1;s:10:\"09-06-2025\";i:1;s:10:\"09-11-2025\";i:1;s:10:\"09-12-2025\";i:1;s:10:\"09-14-2025\";i:3;s:10:\"09-23-2025\";i:1;s:10:\"09-25-2025\";i:2;s:10:\"10-09-2025\";i:1;s:10:\"10-20-2025\";i:1;s:10:\"10-26-2025\";i:1;s:10:\"11-09-2025\";i:2;s:10:\"11-10-2025\";i:1;s:10:\"11-13-2025\";i:1;s:10:\"11-19-2025\";i:1;s:10:\"11-29-2025\";i:1;s:10:\"12-30-2025\";i:1;s:10:\"01-10-2026\";i:1;s:10:\"01-18-2026\";i:1;s:10:\"02-10-2026\";i:1;s:10:\"03-02-2026\";i:1;s:10:\"03-06-2026\";i:1;s:10:\"03-13-2026\";i:1;}"],"houzez_recently_viewed":["2026-03-13 07:08:47"]},"_links":{"self":[{"href":"https:\/\/www.inmobiliariacoll.com\/ca\/wp-json\/wp\/v2\/properties\/12160","targetHints":{"allow":["GET"]}}],"collection":[{"href":"https:\/\/www.inmobiliariacoll.com\/ca\/wp-json\/wp\/v2\/properties"}],"about":[{"href":"https:\/\/www.inmobiliariacoll.com\/ca\/wp-json\/wp\/v2\/types\/property"}],"author":[{"embeddable":true,"href":"https:\/\/www.inmobiliariacoll.com\/ca\/wp-json\/wp\/v2\/users\/3"}],"version-history":[{"count":1,"href":"https:\/\/www.inmobiliariacoll.com\/ca\/wp-json\/wp\/v2\/properties\/12160\/revisions"}],"predecessor-version":[{"id":12164,"href":"https:\/\/www.inmobiliariacoll.com\/ca\/wp-json\/wp\/v2\/properties\/12160\/revisions\/12164"}],"wp:featuredmedia":[{"embeddable":true,"href":"https:\/\/www.inmobiliariacoll.com\/ca\/wp-json\/wp\/v2\/media\/12147"}],"wp:attachment":[{"href":"https:\/\/www.inmobiliariacoll.com\/ca\/wp-json\/wp\/v2\/media?parent=12160"}],"wp:term":[{"taxonomy":"property_type","embeddable":true,"href":"https:\/\/www.inmobiliariacoll.com\/ca\/wp-json\/wp\/v2\/property_type?post=12160"},{"taxonomy":"property_status","embeddable":true,"href":"https:\/\/www.inmobiliariacoll.com\/ca\/wp-json\/wp\/v2\/property_status?post=12160"},{"taxonomy":"property_feature","embeddable":true,"href":"https:\/\/www.inmobiliariacoll.com\/ca\/wp-json\/wp\/v2\/property_feature?post=12160"},{"taxonomy":"property_label","embeddable":true,"href":"https:\/\/www.inmobiliariacoll.com\/ca\/wp-json\/wp\/v2\/property_label?post=12160"},{"taxonomy":"property_country","embeddable":true,"href":"https:\/\/www.inmobiliariacoll.com\/ca\/wp-json\/wp\/v2\/property_country?post=12160"},{"taxonomy":"property_state","embeddable":true,"href":"https:\/\/www.inmobiliariacoll.com\/ca\/wp-json\/wp\/v2\/property_state?post=12160"},{"taxonomy":"property_city","embeddable":true,"href":"https:\/\/www.inmobiliariacoll.com\/ca\/wp-json\/wp\/v2\/property_city?post=12160"},{"taxonomy":"property_area","embeddable":true,"href":"https:\/\/www.inmobiliariacoll.com\/ca\/wp-json\/wp\/v2\/property_area?post=12160"}],"curies":[{"name":"wp","href":"https:\/\/api.w.org\/{rel}","templated":true}]}}

Apartament amb vistes al mar i llicència de lloguer vacacional al Port de Sóller

<p>Aquest acollidor apartament destaca per la comoditat i les boniques vistes sobre la badia del Port de Sóller. Els seus aprox. 65m2 es distribueixen en una cuina oberta a un lluminós saló-menjador, una habitació i un bany. Situat a poca distància a peu del port i la platja i disposa d&#8217;aire condicionat i llicència de lloguer vacacional en vigor. Sens dubte una bonica propietat, fàcil de mantenir i llesta per habitar o llogar!</p>

<p>Aquest acollidor apartament destaca per la comoditat i les boniques vistes sobre la badia del Port de Sóller. Els seus aprox. 65m2 es distribueixen en una cuina oberta a un lluminós saló-menjador, una habitació i un bany. Situat a poca distància a peu del port i la platja i disposa d&#8217;aire condicionat i llicència de [&hellip;]</p>
