{"id":11760,"date":"2023-06-07T15:02:49","date_gmt":"2023-06-07T15:02:49","guid":{"rendered":"https:\/\/www.inmobiliariacoll.com\/property\/amplio-piso-con-ascensor-en-el-centro-de-soller\/"},"modified":"2023-06-07T15:06:53","modified_gmt":"2023-06-07T15:06:53","slug":"amplio-piso-con-ascensor-en-el-centro-de-soller","status":"publish","type":"property","link":"https:\/\/www.inmobiliariacoll.com\/ca\/property\/amplio-piso-con-ascensor-en-el-centro-de-soller\/","title":{"rendered":"Ampli pis amb ascensor al centre de S\u00f3ller"},"content":{"rendered":"\n<p>Aquest bonic i espai\u00f3s pis d\u00b4aprox 125m2 es distribueix en rebedor, llumin\u00f3s sal\u00f3-menjador amb estufa de llenya, cuina, bugaderia, 4 habitacions, ampli traster i balc\u00f3. A m\u00e9s, el pis disposa d&#8217;ascensor i est\u00e0 situat just al centre del poble. La propietat es troba en bon estat, llesta per habitar!<\/p>\n","protected":false},"excerpt":{"rendered":"<p>Aquest bonic i espai\u00f3s pis d\u00b4aprox 125m2 es distribueix en rebedor, llumin\u00f3s sal\u00f3-menjador amb estufa de llenya, cuina, bugaderia, 4 habitacions, ampli traster i balc\u00f3. A m\u00e9s, el pis disposa d&#8217;ascensor i est\u00e0 situat just al centre del poble. La propietat es troba en bon estat, llesta per habitar!<\/p>\n","protected":false},"author":3,"featured_media":11738,"parent":0,"menu_order":0,"template":"","property_type":[131],"property_status":[150],"property_feature":[],"property_label":[],"property_country":[158],"property_state":[160],"property_city":[175],"property_area":[],"class_list":["post-11760","property","type-property","status-publish","has-post-thumbnail","hentry","property_type-pis","property_status-venda","property_country-espanya","property_state-mallorca-ca","property_city-soller-ca"],"property_meta":{"_wpml_word_count":["{\"total\":84,\"to_translate\":{\"ca\":84,\"en\":84,\"de\":84}}"],"fave_property_id":["30243"],"fave_property_map":["1"],"fave_property_location":["25.68654,-80.431345,15"],"houzez_geolocation_lat":["25.68654"],"houzez_geolocation_long":["-80.431345"],"fave_property_map_street_view":["hide"],"fave_agent_display_option":["author_info"],"fave_agents":["-1"],"fave_property_agency":["-1"],"fave_single_top_area":["global"],"fave_single_content_area":["global"],"rs_page_bg_color":[""],"houzez_manual_expire":["0"],"_houzez_expiration_date_status":["saved"],"_wpml_media_duplicate":["1"],"_wpml_media_featured":["1"],"_wpml_location_migration_done":["1"],"_edit_lock":["1686150414:3"],"_last_translation_edit_mode":["native-editor"],"_edit_last":["3"],"fave_property_images":["11738","11734","11730","11742","11746","11750","11754"],"_thumbnail_id":["11738"],"fave_property_price":["470000"],"fave_property_size":["125"],"fave_property_bedrooms":["4"],"fave_property_bathrooms":["2"],"fave_featured":["0"],"fave_loggedintoview":["0"],"fave_prop_homeslider":["no"],"houzez_total_property_views":["115"],"houzez_views_by_date":["a:61:{s:10:\"08-18-2024\";i:1;s:10:\"09-03-2024\";i:1;s:10:\"09-13-2024\";i:1;s:10:\"09-27-2024\";i:1;s:10:\"10-03-2024\";i:1;s:10:\"10-05-2024\";i:1;s:10:\"10-08-2024\";i:1;s:10:\"10-16-2024\";i:1;s:10:\"10-19-2024\";i:1;s:10:\"11-05-2024\";i:1;s:10:\"11-21-2024\";i:1;s:10:\"11-28-2024\";i:1;s:10:\"12-06-2024\";i:1;s:10:\"02-03-2025\";i:1;s:10:\"02-07-2025\";i:1;s:10:\"02-11-2025\";i:1;s:10:\"03-06-2025\";i:1;s:10:\"03-10-2025\";i:1;s:10:\"03-27-2025\";i:1;s:10:\"04-11-2025\";i:1;s:10:\"04-22-2025\";i:1;s:10:\"05-01-2025\";i:1;s:10:\"05-02-2025\";i:1;s:10:\"05-16-2025\";i:1;s:10:\"05-22-2025\";i:1;s:10:\"06-10-2025\";i:1;s:10:\"06-27-2025\";i:1;s:10:\"07-04-2025\";i:1;s:10:\"07-29-2025\";i:1;s:10:\"08-12-2025\";i:1;s:10:\"08-19-2025\";i:1;s:10:\"08-20-2025\";i:1;s:10:\"08-21-2025\";i:1;s:10:\"08-23-2025\";i:1;s:10:\"09-02-2025\";i:1;s:10:\"09-03-2025\";i:1;s:10:\"09-10-2025\";i:2;s:10:\"09-11-2025\";i:1;s:10:\"09-12-2025\";i:1;s:10:\"09-22-2025\";i:1;s:10:\"09-23-2025\";i:1;s:10:\"09-24-2025\";i:1;s:10:\"09-25-2025\";i:1;s:10:\"10-08-2025\";i:1;s:10:\"10-20-2025\";i:1;s:10:\"11-05-2025\";i:1;s:10:\"11-06-2025\";i:1;s:10:\"11-10-2025\";i:1;s:10:\"11-13-2025\";i:1;s:10:\"11-20-2025\";i:1;s:10:\"11-29-2025\";i:1;s:10:\"12-05-2025\";i:2;s:10:\"12-15-2025\";i:1;s:10:\"12-23-2025\";i:1;s:10:\"12-24-2025\";i:1;s:10:\"12-30-2025\";i:1;s:10:\"01-10-2026\";i:1;s:10:\"01-18-2026\";i:1;s:10:\"03-02-2026\";i:1;s:10:\"03-08-2026\";i:1;s:10:\"03-17-2026\";i:1;}"],"houzez_recently_viewed":["2026-03-17 07:14:31"]},"_links":{"self":[{"href":"https:\/\/www.inmobiliariacoll.com\/ca\/wp-json\/wp\/v2\/properties\/11760","targetHints":{"allow":["GET"]}}],"collection":[{"href":"https:\/\/www.inmobiliariacoll.com\/ca\/wp-json\/wp\/v2\/properties"}],"about":[{"href":"https:\/\/www.inmobiliariacoll.com\/ca\/wp-json\/wp\/v2\/types\/property"}],"author":[{"embeddable":true,"href":"https:\/\/www.inmobiliariacoll.com\/ca\/wp-json\/wp\/v2\/users\/3"}],"version-history":[{"count":1,"href":"https:\/\/www.inmobiliariacoll.com\/ca\/wp-json\/wp\/v2\/properties\/11760\/revisions"}],"predecessor-version":[{"id":11764,"href":"https:\/\/www.inmobiliariacoll.com\/ca\/wp-json\/wp\/v2\/properties\/11760\/revisions\/11764"}],"wp:featuredmedia":[{"embeddable":true,"href":"https:\/\/www.inmobiliariacoll.com\/ca\/wp-json\/wp\/v2\/media\/11738"}],"wp:attachment":[{"href":"https:\/\/www.inmobiliariacoll.com\/ca\/wp-json\/wp\/v2\/media?parent=11760"}],"wp:term":[{"taxonomy":"property_type","embeddable":true,"href":"https:\/\/www.inmobiliariacoll.com\/ca\/wp-json\/wp\/v2\/property_type?post=11760"},{"taxonomy":"property_status","embeddable":true,"href":"https:\/\/www.inmobiliariacoll.com\/ca\/wp-json\/wp\/v2\/property_status?post=11760"},{"taxonomy":"property_feature","embeddable":true,"href":"https:\/\/www.inmobiliariacoll.com\/ca\/wp-json\/wp\/v2\/property_feature?post=11760"},{"taxonomy":"property_label","embeddable":true,"href":"https:\/\/www.inmobiliariacoll.com\/ca\/wp-json\/wp\/v2\/property_label?post=11760"},{"taxonomy":"property_country","embeddable":true,"href":"https:\/\/www.inmobiliariacoll.com\/ca\/wp-json\/wp\/v2\/property_country?post=11760"},{"taxonomy":"property_state","embeddable":true,"href":"https:\/\/www.inmobiliariacoll.com\/ca\/wp-json\/wp\/v2\/property_state?post=11760"},{"taxonomy":"property_city","embeddable":true,"href":"https:\/\/www.inmobiliariacoll.com\/ca\/wp-json\/wp\/v2\/property_city?post=11760"},{"taxonomy":"property_area","embeddable":true,"href":"https:\/\/www.inmobiliariacoll.com\/ca\/wp-json\/wp\/v2\/property_area?post=11760"}],"curies":[{"name":"wp","href":"https:\/\/api.w.org\/{rel}","templated":true}]}}

Ampli pis amb ascensor al centre de Sóller

<p>Aquest bonic i espaiós pis d´aprox 125m2 es distribueix en rebedor, lluminós saló-menjador amb estufa de llenya, cuina, bugaderia, 4 habitacions, ampli traster i balcó. A més, el pis disposa d&#8217;ascensor i està situat just al centre del poble. La propietat es troba en bon estat, llesta per habitar!</p>
