{"id":10527,"date":"2022-12-15T12:12:53","date_gmt":"2022-12-15T12:12:53","guid":{"rendered":"https:\/\/www.inmobiliariacoll.com\/property\/bonito-duplex-de-3-habitaciones-listo-para-habitar\/"},"modified":"2022-12-15T12:38:10","modified_gmt":"2022-12-15T12:38:10","slug":"bonito-duplex-de-3-habitaciones-listo-para-habitar","status":"publish","type":"property","link":"https:\/\/www.inmobiliariacoll.com\/ca\/property\/bonito-duplex-de-3-habitaciones-listo-para-habitar\/","title":{"rendered":"Bonic d\u00faplex de 3 habitacions a punt per habitar"},"content":{"rendered":"\n<p>Aquest bonic d\u00faplex es distribueix en sal\u00f3-menjador amb acc\u00e9s al balc\u00f3, cuina equipada amb zona de bugaderia i lavabo a planta baixa. La planta superior disposa de 3 habitacions amb armaris empotrats i dos banys (un d&#8217;ells en suite). La propietat disposa a m\u00e9s de calefacci\u00f3 central, una pla\u00e7a d&#8217;aparcament i un jard\u00ed amb piscina comunitaris. A prop del centre de S\u00f3ller i en una bona zona de serveis.<\/p>\n","protected":false},"excerpt":{"rendered":"<p>Aquest bonic d\u00faplex es distribueix en sal\u00f3-menjador amb acc\u00e9s al balc\u00f3, cuina equipada amb zona de bugaderia i lavabo a planta baixa. La planta superior disposa de 3 habitacions amb armaris empotrats i dos banys (un d&#8217;ells en suite). La propietat disposa a m\u00e9s de calefacci\u00f3 central, una pla\u00e7a d&#8217;aparcament i un jard\u00ed amb piscina [&hellip;]<\/p>\n","protected":false},"author":3,"featured_media":10494,"parent":0,"menu_order":0,"template":"","property_type":[131],"property_status":[],"property_feature":[79],"property_label":[198],"property_country":[158],"property_state":[160],"property_city":[175],"property_area":[],"class_list":["post-10527","property","type-property","status-publish","has-post-thumbnail","hentry","property_type-pis","property_feature-air-conditioning-ca","property_label-exclusiu","property_country-espanya","property_state-mallorca-ca","property_city-soller-ca"],"property_meta":{"_wpml_word_count":["{\"total\":101,\"to_translate\":{\"ca\":101,\"en\":101,\"de\":101}}"],"fave_property_id":["30253"],"fave_property_map":["1"],"fave_property_location":["25.68654,-80.431345,15"],"houzez_geolocation_lat":["25.68654"],"houzez_geolocation_long":["-80.431345"],"fave_property_map_street_view":["hide"],"fave_agent_display_option":["author_info"],"fave_agents":["-1"],"fave_property_agency":["-1"],"fave_single_top_area":["global"],"fave_single_content_area":["global"],"rs_page_bg_color":[""],"houzez_manual_expire":["0"],"_houzez_expiration_date_status":["saved"],"_wpml_media_duplicate":["1"],"_wpml_media_featured":["1"],"_edit_lock":["1677062652:3"],"_last_translation_edit_mode":["native-editor"],"_edit_last":["3"],"_thumbnail_id":["10494"],"fave_property_images":["10494","10474","10482","10486","10498","10470","10490","10502","10506","10510","10514","10518","10522"],"fave_property_price":["350000"],"fave_property_size":["120"],"fave_property_bedrooms":["3"],"fave_property_bathrooms":["3"],"fave_property_garage_size":["Si"],"fave_featured":["0"],"fave_loggedintoview":["0"],"fave_prop_homeslider":["no"],"houzez_total_property_views":["192"],"houzez_views_by_date":["a:61:{s:10:\"02-16-2025\";i:1;s:10:\"02-18-2025\";i:1;s:10:\"02-20-2025\";i:1;s:10:\"02-22-2025\";i:1;s:10:\"02-24-2025\";i:1;s:10:\"02-27-2025\";i:1;s:10:\"03-01-2025\";i:1;s:10:\"03-03-2025\";i:2;s:10:\"03-06-2025\";i:2;s:10:\"03-08-2025\";i:1;s:10:\"03-09-2025\";i:1;s:10:\"03-10-2025\";i:1;s:10:\"03-11-2025\";i:1;s:10:\"03-13-2025\";i:1;s:10:\"03-17-2025\";i:1;s:10:\"03-18-2025\";i:1;s:10:\"03-20-2025\";i:1;s:10:\"03-23-2025\";i:1;s:10:\"03-25-2025\";i:1;s:10:\"03-26-2025\";i:1;s:10:\"03-28-2025\";i:1;s:10:\"03-30-2025\";i:1;s:10:\"03-31-2025\";i:1;s:10:\"04-03-2025\";i:1;s:10:\"04-04-2025\";i:1;s:10:\"04-05-2025\";i:1;s:10:\"04-17-2025\";i:1;s:10:\"04-29-2025\";i:1;s:10:\"04-30-2025\";i:1;s:10:\"05-02-2025\";i:1;s:10:\"05-04-2025\";i:1;s:10:\"05-05-2025\";i:1;s:10:\"05-22-2025\";i:1;s:10:\"06-05-2025\";i:1;s:10:\"06-27-2025\";i:1;s:10:\"06-29-2025\";i:1;s:10:\"07-03-2025\";i:1;s:10:\"07-11-2025\";i:2;s:10:\"07-29-2025\";i:1;s:10:\"08-12-2025\";i:2;s:10:\"09-04-2025\";i:1;s:10:\"09-11-2025\";i:3;s:10:\"09-23-2025\";i:1;s:10:\"09-24-2025\";i:1;s:10:\"09-25-2025\";i:1;s:10:\"10-10-2025\";i:1;s:10:\"10-20-2025\";i:1;s:10:\"10-24-2025\";i:1;s:10:\"10-26-2025\";i:1;s:10:\"10-29-2025\";i:1;s:10:\"11-10-2025\";i:1;s:10:\"11-13-2025\";i:1;s:10:\"11-19-2025\";i:1;s:10:\"11-29-2025\";i:1;s:10:\"12-05-2025\";i:1;s:10:\"12-15-2025\";i:1;s:10:\"01-09-2026\";i:1;s:10:\"01-18-2026\";i:1;s:10:\"01-19-2026\";i:1;s:10:\"03-02-2026\";i:1;s:10:\"04-18-2026\";i:2;}"],"houzez_recently_viewed":["2026-04-18 00:30:38"]},"_links":{"self":[{"href":"https:\/\/www.inmobiliariacoll.com\/ca\/wp-json\/wp\/v2\/properties\/10527","targetHints":{"allow":["GET"]}}],"collection":[{"href":"https:\/\/www.inmobiliariacoll.com\/ca\/wp-json\/wp\/v2\/properties"}],"about":[{"href":"https:\/\/www.inmobiliariacoll.com\/ca\/wp-json\/wp\/v2\/types\/property"}],"author":[{"embeddable":true,"href":"https:\/\/www.inmobiliariacoll.com\/ca\/wp-json\/wp\/v2\/users\/3"}],"version-history":[{"count":2,"href":"https:\/\/www.inmobiliariacoll.com\/ca\/wp-json\/wp\/v2\/properties\/10527\/revisions"}],"predecessor-version":[{"id":10533,"href":"https:\/\/www.inmobiliariacoll.com\/ca\/wp-json\/wp\/v2\/properties\/10527\/revisions\/10533"}],"wp:featuredmedia":[{"embeddable":true,"href":"https:\/\/www.inmobiliariacoll.com\/ca\/wp-json\/wp\/v2\/media\/10494"}],"wp:attachment":[{"href":"https:\/\/www.inmobiliariacoll.com\/ca\/wp-json\/wp\/v2\/media?parent=10527"}],"wp:term":[{"taxonomy":"property_type","embeddable":true,"href":"https:\/\/www.inmobiliariacoll.com\/ca\/wp-json\/wp\/v2\/property_type?post=10527"},{"taxonomy":"property_status","embeddable":true,"href":"https:\/\/www.inmobiliariacoll.com\/ca\/wp-json\/wp\/v2\/property_status?post=10527"},{"taxonomy":"property_feature","embeddable":true,"href":"https:\/\/www.inmobiliariacoll.com\/ca\/wp-json\/wp\/v2\/property_feature?post=10527"},{"taxonomy":"property_label","embeddable":true,"href":"https:\/\/www.inmobiliariacoll.com\/ca\/wp-json\/wp\/v2\/property_label?post=10527"},{"taxonomy":"property_country","embeddable":true,"href":"https:\/\/www.inmobiliariacoll.com\/ca\/wp-json\/wp\/v2\/property_country?post=10527"},{"taxonomy":"property_state","embeddable":true,"href":"https:\/\/www.inmobiliariacoll.com\/ca\/wp-json\/wp\/v2\/property_state?post=10527"},{"taxonomy":"property_city","embeddable":true,"href":"https:\/\/www.inmobiliariacoll.com\/ca\/wp-json\/wp\/v2\/property_city?post=10527"},{"taxonomy":"property_area","embeddable":true,"href":"https:\/\/www.inmobiliariacoll.com\/ca\/wp-json\/wp\/v2\/property_area?post=10527"}],"curies":[{"name":"wp","href":"https:\/\/api.w.org\/{rel}","templated":true}]}}

Bonic dúplex de 3 habitacions a punt per habitar

<p>Aquest bonic dúplex es distribueix en saló-menjador amb accés al balcó, cuina equipada amb zona de bugaderia i lavabo a planta baixa. La planta superior disposa de 3 habitacions amb armaris empotrats i dos banys (un d&#8217;ells en suite). La propietat disposa a més de calefacció central, una plaça d&#8217;aparcament i un jardí amb piscina comunitaris. A prop del centre de Sóller i en una bona zona de serveis.</p>

<p>Aquest bonic dúplex es distribueix en saló-menjador amb accés al balcó, cuina equipada amb zona de bugaderia i lavabo a planta baixa. La planta superior disposa de 3 habitacions amb armaris empotrats i dos banys (un d&#8217;ells en suite). La propietat disposa a més de calefacció central, una plaça d&#8217;aparcament i un jardí amb piscina [&hellip;]</p>
