{"id":10460,"date":"2022-12-07T12:32:05","date_gmt":"2022-12-07T12:32:05","guid":{"rendered":"https:\/\/www.inmobiliariacoll.com\/property\/duplex-a-reformar-en-el-casco-antiguo-de-soller\/"},"modified":"2022-12-07T12:38:24","modified_gmt":"2022-12-07T12:38:24","slug":"duplex-a-reformar-en-el-casco-antiguo-de-soller","status":"publish","type":"property","link":"https:\/\/www.inmobiliariacoll.com\/ca\/property\/duplex-a-reformar-en-el-casco-antiguo-de-soller\/","title":{"rendered":"D\u00faplex a reformar al casc antic de S\u00f3ller"},"content":{"rendered":"\n<p>D\u00faplex a reformar a casa antiga d\u00b4aprox. 150m2 distribu\u00eft en sala d\u00b4estar, cuina, bany i 3 habitacions. La propietat requereix una reforma integral per\u00f2 ofereix moltes possibilitats per convertir-se en un bonic d\u00faplex d&#8217;estil r\u00fastic conservant elements originals com ara rajoles hidr\u00e0uliques i bigues de fusta. Bona ubicaci\u00f3 a 2 minuts a peu de la pla\u00e7a i precioses vistes a les muntanyes<\/p>\n","protected":false},"excerpt":{"rendered":"<p>D\u00faplex a reformar a casa antiga d\u00b4aprox. 150m2 distribu\u00eft en sala d\u00b4estar, cuina, bany i 3 habitacions. La propietat requereix una reforma integral per\u00f2 ofereix moltes possibilitats per convertir-se en un bonic d\u00faplex d&#8217;estil r\u00fastic conservant elements originals com ara rajoles hidr\u00e0uliques i bigues de fusta. Bona ubicaci\u00f3 a 2 minuts a peu de la [&hellip;]<\/p>\n","protected":false},"author":3,"featured_media":10423,"parent":0,"menu_order":0,"template":"","property_type":[131],"property_status":[150],"property_feature":[],"property_label":[],"property_country":[158],"property_state":[160],"property_city":[175],"property_area":[],"class_list":["post-10460","property","type-property","status-publish","has-post-thumbnail","hentry","property_type-pis","property_status-venda","property_country-espanya","property_state-mallorca-ca","property_city-soller-ca"],"property_meta":{"_wpml_word_count":["{\"total\":98,\"to_translate\":{\"ca\":98,\"en\":98,\"de\":98}}"],"fave_property_id":["30252"],"fave_property_map":["1"],"fave_property_location":["25.68654,-80.431345,15"],"houzez_geolocation_lat":["25.68654"],"houzez_geolocation_long":["-80.431345"],"fave_property_map_street_view":["hide"],"fave_agent_display_option":["author_info"],"fave_agents":["-1"],"fave_property_agency":["-1"],"fave_single_top_area":["global"],"fave_single_content_area":["global"],"rs_page_bg_color":[""],"houzez_manual_expire":["0"],"_houzez_expiration_date_status":["saved"],"_wpml_media_duplicate":["1"],"_wpml_media_featured":["1"],"_edit_lock":["1673862104:3"],"_last_translation_edit_mode":["native-editor"],"_edit_last":["3"],"_thumbnail_id":["10423"],"fave_property_images":["10423","10419","10427","10455","10431","10439","10443","10451","10435","10447"],"fave_property_size":["150"],"fave_property_bedrooms":["3"],"fave_property_bathrooms":["1"],"fave_featured":["0"],"fave_loggedintoview":["0"],"fave_prop_homeslider":["no"],"houzez_total_property_views":["165"],"houzez_views_by_date":["a:61:{s:10:\"02-15-2025\";i:1;s:10:\"02-17-2025\";i:1;s:10:\"02-19-2025\";i:1;s:10:\"02-22-2025\";i:1;s:10:\"02-24-2025\";i:1;s:10:\"02-27-2025\";i:1;s:10:\"03-01-2025\";i:1;s:10:\"03-03-2025\";i:1;s:10:\"03-06-2025\";i:2;s:10:\"03-08-2025\";i:1;s:10:\"03-09-2025\";i:1;s:10:\"03-10-2025\";i:1;s:10:\"03-11-2025\";i:1;s:10:\"03-13-2025\";i:1;s:10:\"03-17-2025\";i:1;s:10:\"03-20-2025\";i:1;s:10:\"03-23-2025\";i:1;s:10:\"03-25-2025\";i:1;s:10:\"03-27-2025\";i:1;s:10:\"03-28-2025\";i:1;s:10:\"03-31-2025\";i:1;s:10:\"04-02-2025\";i:1;s:10:\"04-05-2025\";i:2;s:10:\"04-12-2025\";i:1;s:10:\"04-18-2025\";i:1;s:10:\"04-29-2025\";i:2;s:10:\"05-03-2025\";i:1;s:10:\"05-04-2025\";i:2;s:10:\"05-05-2025\";i:1;s:10:\"05-22-2025\";i:1;s:10:\"06-01-2025\";i:1;s:10:\"06-11-2025\";i:1;s:10:\"06-12-2025\";i:6;s:10:\"06-26-2025\";i:1;s:10:\"06-27-2025\";i:1;s:10:\"06-29-2025\";i:1;s:10:\"07-03-2025\";i:1;s:10:\"07-29-2025\";i:1;s:10:\"08-12-2025\";i:1;s:10:\"09-02-2025\";i:2;s:10:\"09-04-2025\";i:1;s:10:\"09-11-2025\";i:1;s:10:\"09-12-2025\";i:1;s:10:\"09-14-2025\";i:1;s:10:\"09-16-2025\";i:1;s:10:\"09-23-2025\";i:1;s:10:\"09-25-2025\";i:1;s:10:\"09-28-2025\";i:1;s:10:\"10-10-2025\";i:1;s:10:\"10-20-2025\";i:1;s:10:\"10-30-2025\";i:1;s:10:\"11-10-2025\";i:1;s:10:\"11-13-2025\";i:1;s:10:\"11-17-2025\";i:1;s:10:\"11-19-2025\";i:1;s:10:\"12-15-2025\";i:1;s:10:\"01-12-2026\";i:1;s:10:\"01-13-2026\";i:1;s:10:\"01-19-2026\";i:1;s:10:\"03-01-2026\";i:1;s:10:\"03-02-2026\";i:1;}"],"houzez_recently_viewed":["2026-03-02 14:15:28"],"fave_property_price":["350000"]},"_links":{"self":[{"href":"https:\/\/www.inmobiliariacoll.com\/ca\/wp-json\/wp\/v2\/properties\/10460","targetHints":{"allow":["GET"]}}],"collection":[{"href":"https:\/\/www.inmobiliariacoll.com\/ca\/wp-json\/wp\/v2\/properties"}],"about":[{"href":"https:\/\/www.inmobiliariacoll.com\/ca\/wp-json\/wp\/v2\/types\/property"}],"author":[{"embeddable":true,"href":"https:\/\/www.inmobiliariacoll.com\/ca\/wp-json\/wp\/v2\/users\/3"}],"version-history":[{"count":1,"href":"https:\/\/www.inmobiliariacoll.com\/ca\/wp-json\/wp\/v2\/properties\/10460\/revisions"}],"predecessor-version":[{"id":10464,"href":"https:\/\/www.inmobiliariacoll.com\/ca\/wp-json\/wp\/v2\/properties\/10460\/revisions\/10464"}],"wp:featuredmedia":[{"embeddable":true,"href":"https:\/\/www.inmobiliariacoll.com\/ca\/wp-json\/wp\/v2\/media\/10423"}],"wp:attachment":[{"href":"https:\/\/www.inmobiliariacoll.com\/ca\/wp-json\/wp\/v2\/media?parent=10460"}],"wp:term":[{"taxonomy":"property_type","embeddable":true,"href":"https:\/\/www.inmobiliariacoll.com\/ca\/wp-json\/wp\/v2\/property_type?post=10460"},{"taxonomy":"property_status","embeddable":true,"href":"https:\/\/www.inmobiliariacoll.com\/ca\/wp-json\/wp\/v2\/property_status?post=10460"},{"taxonomy":"property_feature","embeddable":true,"href":"https:\/\/www.inmobiliariacoll.com\/ca\/wp-json\/wp\/v2\/property_feature?post=10460"},{"taxonomy":"property_label","embeddable":true,"href":"https:\/\/www.inmobiliariacoll.com\/ca\/wp-json\/wp\/v2\/property_label?post=10460"},{"taxonomy":"property_country","embeddable":true,"href":"https:\/\/www.inmobiliariacoll.com\/ca\/wp-json\/wp\/v2\/property_country?post=10460"},{"taxonomy":"property_state","embeddable":true,"href":"https:\/\/www.inmobiliariacoll.com\/ca\/wp-json\/wp\/v2\/property_state?post=10460"},{"taxonomy":"property_city","embeddable":true,"href":"https:\/\/www.inmobiliariacoll.com\/ca\/wp-json\/wp\/v2\/property_city?post=10460"},{"taxonomy":"property_area","embeddable":true,"href":"https:\/\/www.inmobiliariacoll.com\/ca\/wp-json\/wp\/v2\/property_area?post=10460"}],"curies":[{"name":"wp","href":"https:\/\/api.w.org\/{rel}","templated":true}]}}

Dúplex a reformar al casc antic de Sóller

<p>Dúplex a reformar a casa antiga d´aprox. 150m2 distribuït en sala d´estar, cuina, bany i 3 habitacions. La propietat requereix una reforma integral però ofereix moltes possibilitats per convertir-se en un bonic dúplex d&#8217;estil rústic conservant elements originals com ara rajoles hidràuliques i bigues de fusta. Bona ubicació a 2 minuts a peu de la plaça i precioses vistes a les muntanyes</p>

<p>Dúplex a reformar a casa antiga d´aprox. 150m2 distribuït en sala d´estar, cuina, bany i 3 habitacions. La propietat requereix una reforma integral però ofereix moltes possibilitats per convertir-se en un bonic dúplex d&#8217;estil rústic conservant elements originals com ara rajoles hidràuliques i bigues de fusta. Bona ubicació a 2 minuts a peu de la [&hellip;]</p>
