{"id":3444,"date":"2016-10-03T18:15:47","date_gmt":"2016-10-03T18:15:47","guid":{"rendered":"https:\/\/www.inmobiliariacoll.com\/about-us\/"},"modified":"2026-06-19T07:10:02","modified_gmt":"2026-06-19T07:10:02","slug":"nosaltres","status":"publish","type":"page","link":"https:\/\/www.inmobiliariacoll.com\/ca\/nosaltres\/","title":{"rendered":"Nosaltres"},"content":{"rendered":"\t\t<div data-elementor-type=\"wp-post\" data-elementor-id=\"3444\" class=\"elementor elementor-3444 elementor-2106\">\n\t\t\t\t\t\t<section class=\"elementor-section elementor-top-section elementor-element elementor-element-cc284a1 elementor-section-full_width elementor-section-height-default elementor-section-height-default elementor-invisible\" data-id=\"cc284a1\" data-element_type=\"section\" data-e-type=\"section\" data-settings=\"{&quot;animation&quot;:&quot;fadeIn&quot;}\">\n\t\t\t\t\t\t<div class=\"elementor-container elementor-column-gap-no\">\n\t\t\t\t\t<div class=\"elementor-column elementor-col-50 elementor-top-column elementor-element elementor-element-00f0c9e\" data-id=\"00f0c9e\" data-element_type=\"column\" data-e-type=\"column\" data-settings=\"{&quot;background_background&quot;:&quot;slideshow&quot;,&quot;background_slideshow_gallery&quot;:[{&quot;id&quot;:3027,&quot;url&quot;:&quot;https:\\\/\\\/www.inmobiliariacoll.com\\\/wp-content\\\/uploads\\\/2021\\\/02\\\/soller02.jpg&quot;},{&quot;id&quot;:3039,&quot;url&quot;:&quot;https:\\\/\\\/www.inmobiliariacoll.com\\\/wp-content\\\/uploads\\\/2021\\\/02\\\/soller05.jpg&quot;},{&quot;id&quot;:3051,&quot;url&quot;:&quot;https:\\\/\\\/www.inmobiliariacoll.com\\\/wp-content\\\/uploads\\\/2021\\\/02\\\/soller08.jpg&quot;},{&quot;id&quot;:3055,&quot;url&quot;:&quot;https:\\\/\\\/www.inmobiliariacoll.com\\\/wp-content\\\/uploads\\\/2021\\\/02\\\/soller09.jpg&quot;}],&quot;background_slideshow_loop&quot;:&quot;yes&quot;,&quot;background_slideshow_slide_duration&quot;:5000,&quot;background_slideshow_slide_transition&quot;:&quot;fade&quot;,&quot;background_slideshow_transition_duration&quot;:500}\">\n\t\t\t<div class=\"elementor-widget-wrap\">\n\t\t\t\t\t\t\t<\/div>\n\t\t<\/div>\n\t\t\t\t<div class=\"elementor-column elementor-col-50 elementor-top-column elementor-element elementor-element-d44c65a\" data-id=\"d44c65a\" data-element_type=\"column\" data-e-type=\"column\">\n\t\t\t<div class=\"elementor-widget-wrap elementor-element-populated\">\n\t\t\t\t\t\t<div class=\"elementor-element elementor-element-a3a6308 elementor-widget elementor-widget-houzez_elementor_space\" data-id=\"a3a6308\" data-element_type=\"widget\" data-e-type=\"widget\" data-widget_type=\"houzez_elementor_space.default\">\n\t\t\t\t<div class=\"elementor-widget-container\">\n\t\t\t\t\t        <div class=\"houzez-spacer\">\n            <div class=\"houzez-spacer-inner\"><\/div>\n        <\/div>\n        \t\t\t\t<\/div>\n\t\t\t\t<\/div>\n\t\t\t\t<div class=\"elementor-element elementor-element-b8e78eb elementor-widget elementor-widget-heading\" data-id=\"b8e78eb\" data-element_type=\"widget\" data-e-type=\"widget\" data-widget_type=\"heading.default\">\n\t\t\t\t<div class=\"elementor-widget-container\">\n\t\t\t\t\t<h1 class=\"elementor-heading-title elementor-size-default\">Immobili\u00e0ria Coll, inmobili\u00e0ria des de 1997 ...<\/h1>\t\t\t\t<\/div>\n\t\t\t\t<\/div>\n\t\t\t\t<div class=\"elementor-element elementor-element-6064df6 elementor-widget elementor-widget-text-editor\" data-id=\"6064df6\" data-element_type=\"widget\" data-e-type=\"widget\" data-widget_type=\"text-editor.default\">\n\t\t\t\t<div class=\"elementor-widget-container\">\n\t\t\t\t\t\t\t\t\t<div class=\"text\"><p>Ens dediquem a la gesti\u00f3 immobili\u00e0ria de propietats: compra, venda, lloguer i\/o trasp\u00e0s.<\/p><p>Treballem a tota l&#8217;illa de Mallorca, especialment a la seva costa nord-oest, a la zona de la Serra de Tramuntana, on hi ha pobles tan pintorescos i coneguts com Fornalutx, Biniaraix, S\u00f3ller, el Port de S\u00f3ller i Dei\u00e0.<\/p><p>Aquest lloc web ha estat dissenyat per trobar f\u00e0cilment l&#8217;habitatge ideal per a vosaltres, gr\u00e0cies a la nostra \u00e0mplia gamma de propietats.<\/p><p>Si no trobeu el que busqueu, podeu enviar-nos un correu electr\u00f2nic amb una descripci\u00f3 del vostre habitatge ideal.<\/p><p>Si voleu vendre o llogar el vostre immoble, tamb\u00e9 podeu enviar-nos una descripci\u00f3 d&#8217;aquest i en breu ens posarem en contacte amb vosaltres.<\/p><\/div>\t\t\t\t\t\t\t\t<\/div>\n\t\t\t\t<\/div>\n\t\t\t\t<div class=\"elementor-element elementor-element-f45280e elementor-widget elementor-widget-button\" data-id=\"f45280e\" data-element_type=\"widget\" data-e-type=\"widget\" data-widget_type=\"button.default\">\n\t\t\t\t<div class=\"elementor-widget-container\">\n\t\t\t\t\t\t\t\t\t<div class=\"elementor-button-wrapper\">\n\t\t\t\t\t<a class=\"elementor-button elementor-button-link elementor-size-sm\" href=\"https:\/\/www.inmobiliariacoll.com\/ca\/contacte\/\">\n\t\t\t\t\t\t<span class=\"elementor-button-content-wrapper\">\n\t\t\t\t\t\t<span class=\"elementor-button-icon\">\n\t\t\t\t<i aria-hidden=\"true\" class=\"far fa-envelope\"><\/i>\t\t\t<\/span>\n\t\t\t\t\t\t\t\t\t<span class=\"elementor-button-text\">CONTACTE<\/span>\n\t\t\t\t\t<\/span>\n\t\t\t\t\t<\/a>\n\t\t\t\t<\/div>\n\t\t\t\t\t\t\t\t<\/div>\n\t\t\t\t<\/div>\n\t\t\t\t<div class=\"elementor-element elementor-element-0faff75 elementor-widget elementor-widget-houzez_elementor_space\" data-id=\"0faff75\" data-element_type=\"widget\" data-e-type=\"widget\" data-widget_type=\"houzez_elementor_space.default\">\n\t\t\t\t<div class=\"elementor-widget-container\">\n\t\t\t\t\t        <div class=\"houzez-spacer\">\n            <div class=\"houzez-spacer-inner\"><\/div>\n        <\/div>\n        \t\t\t\t<\/div>\n\t\t\t\t<\/div>\n\t\t\t\t\t<\/div>\n\t\t<\/div>\n\t\t\t\t\t<\/div>\n\t\t<\/section>\n\t\t\t\t<\/div>\n\t\t","protected":false},"excerpt":{"rendered":"<p>Immobili\u00e0ria Coll, inmobili\u00e0ria des de 1997 &#8230; Ens dediquem a la gesti\u00f3 immobili\u00e0ria de propietats: compra, venda, lloguer i\/o trasp\u00e0s. Treballem a tota l&#8217;illa de Mallorca, especialment a la seva costa nord-oest, a la zona de la Serra de Tramuntana, on hi ha pobles tan pintorescos i coneguts com Fornalutx, Biniaraix, S\u00f3ller, el Port de [&hellip;]<\/p>\n","protected":false},"author":1,"featured_media":0,"parent":0,"menu_order":0,"comment_status":"closed","ping_status":"closed","template":"elementor_header_footer","meta":{"footnotes":""},"class_list":["post-3444","page","type-page","status-publish","hentry"],"_links":{"self":[{"href":"https:\/\/www.inmobiliariacoll.com\/ca\/wp-json\/wp\/v2\/pages\/3444","targetHints":{"allow":["GET"]}}],"collection":[{"href":"https:\/\/www.inmobiliariacoll.com\/ca\/wp-json\/wp\/v2\/pages"}],"about":[{"href":"https:\/\/www.inmobiliariacoll.com\/ca\/wp-json\/wp\/v2\/types\/page"}],"author":[{"embeddable":true,"href":"https:\/\/www.inmobiliariacoll.com\/ca\/wp-json\/wp\/v2\/users\/1"}],"replies":[{"embeddable":true,"href":"https:\/\/www.inmobiliariacoll.com\/ca\/wp-json\/wp\/v2\/comments?post=3444"}],"version-history":[{"count":21,"href":"https:\/\/www.inmobiliariacoll.com\/ca\/wp-json\/wp\/v2\/pages\/3444\/revisions"}],"predecessor-version":[{"id":15404,"href":"https:\/\/www.inmobiliariacoll.com\/ca\/wp-json\/wp\/v2\/pages\/3444\/revisions\/15404"}],"wp:attachment":[{"href":"https:\/\/www.inmobiliariacoll.com\/ca\/wp-json\/wp\/v2\/media?parent=3444"}],"curies":[{"name":"wp","href":"https:\/\/api.w.org\/{rel}","templated":true}]}}

<div data-elementor-type="wp-post" data-elementor-id="3444" class="elementor elementor-3444 elementor-2106">
						<section class="elementor-section elementor-top-section elementor-element elementor-element-cc284a1 elementor-section-full_width elementor-section-height-default elementor-section-height-default elementor-invisible" data-id="cc284a1" data-element_type="section" data-e-type="section" data-settings="{&quot;animation&quot;:&quot;fadeIn&quot;}">
						<div class="elementor-container elementor-column-gap-no">
					<div class="elementor-column elementor-col-50 elementor-top-column elementor-element elementor-element-00f0c9e" data-id="00f0c9e" data-element_type="column" data-e-type="column" data-settings="{&quot;background_background&quot;:&quot;slideshow&quot;,&quot;background_slideshow_gallery&quot;:[{&quot;id&quot;:3027,&quot;url&quot;:&quot;https:\/\/www.inmobiliariacoll.com\/wp-content\/uploads\/2021\/02\/soller02.jpg&quot;},{&quot;id&quot;:3039,&quot;url&quot;:&quot;https:\/\/www.inmobiliariacoll.com\/wp-content\/uploads\/2021\/02\/soller05.jpg&quot;},{&quot;id&quot;:3051,&quot;url&quot;:&quot;https:\/\/www.inmobiliariacoll.com\/wp-content\/uploads\/2021\/02\/soller08.jpg&quot;},{&quot;id&quot;:3055,&quot;url&quot;:&quot;https:\/\/www.inmobiliariacoll.com\/wp-content\/uploads\/2021\/02\/soller09.jpg&quot;}],&quot;background_slideshow_loop&quot;:&quot;yes&quot;,&quot;background_slideshow_slide_duration&quot;:5000,&quot;background_slideshow_slide_transition&quot;:&quot;fade&quot;,&quot;background_slideshow_transition_duration&quot;:500}">
			<div class="elementor-widget-wrap">
							</div>
		</div>
				<div class="elementor-column elementor-col-50 elementor-top-column elementor-element elementor-element-d44c65a" data-id="d44c65a" data-element_type="column" data-e-type="column">
			<div class="elementor-widget-wrap elementor-element-populated">
						<div class="elementor-element elementor-element-a3a6308 elementor-widget elementor-widget-houzez_elementor_space" data-id="a3a6308" data-element_type="widget" data-e-type="widget" data-widget_type="houzez_elementor_space.default">
				<div class="elementor-widget-container">
					        <div class="houzez-spacer">
            <div class="houzez-spacer-inner"></div>
        </div>
        				</div>
				</div>
				<div class="elementor-element elementor-element-b8e78eb elementor-widget elementor-widget-heading" data-id="b8e78eb" data-element_type="widget" data-e-type="widget" data-widget_type="heading.default">
				<div class="elementor-widget-container">
					<h1 class="elementor-heading-title elementor-size-default">Immobiliària Coll, inmobiliària des de 1997 ...</h1>				</div>
				</div>
				<div class="elementor-element elementor-element-6064df6 elementor-widget elementor-widget-text-editor" data-id="6064df6" data-element_type="widget" data-e-type="widget" data-widget_type="text-editor.default">
				<div class="elementor-widget-container">
									<div class="text"><p>Ens dediquem a la gestió immobiliària de propietats: compra, venda, lloguer i/o traspàs.</p><p>Treballem a tota l&#8217;illa de Mallorca, especialment a la seva costa nord-oest, a la zona de la Serra de Tramuntana, on hi ha pobles tan pintorescos i coneguts com Fornalutx, Biniaraix, Sóller, el Port de Sóller i Deià.</p><p>Aquest lloc web ha estat dissenyat per trobar fàcilment l&#8217;habitatge ideal per a vosaltres, gràcies a la nostra àmplia gamma de propietats.</p><p>Si no trobeu el que busqueu, podeu enviar-nos un correu electrònic amb una descripció del vostre habitatge ideal.</p><p>Si voleu vendre o llogar el vostre immoble, també podeu enviar-nos una descripció d&#8217;aquest i en breu ens posarem en contacte amb vosaltres.</p></div>								</div>
				</div>
				<div class="elementor-element elementor-element-f45280e elementor-widget elementor-widget-button" data-id="f45280e" data-element_type="widget" data-e-type="widget" data-widget_type="button.default">
				<div class="elementor-widget-container">
									<div class="elementor-button-wrapper">
					<a class="elementor-button elementor-button-link elementor-size-sm" href="https://www.inmobiliariacoll.com/ca/contacte/">
						<span class="elementor-button-content-wrapper">
						<span class="elementor-button-icon">
				<i aria-hidden="true" class="far fa-envelope"></i>			</span>
									<span class="elementor-button-text">CONTACTE</span>
					</span>
					</a>
				</div>
								</div>
				</div>
				<div class="elementor-element elementor-element-0faff75 elementor-widget elementor-widget-houzez_elementor_space" data-id="0faff75" data-element_type="widget" data-e-type="widget" data-widget_type="houzez_elementor_space.default">
				<div class="elementor-widget-container">
					        <div class="houzez-spacer">
            <div class="houzez-spacer-inner"></div>
        </div>
        				</div>
				</div>
					</div>
		</div>
					</div>
		</section>
				</div>

<p>Immobiliària Coll, inmobiliària des de 1997 &#8230; Ens dediquem a la gestió immobiliària de propietats: compra, venda, lloguer i/o traspàs. Treballem a tota l&#8217;illa de Mallorca, especialment a la seva costa nord-oest, a la zona de la Serra de Tramuntana, on hi ha pobles tan pintorescos i coneguts com Fornalutx, Biniaraix, Sóller, el Port de [&hellip;]</p>
